690
CXUS53 KTOP 011836
CLACNK
CLIMATE REPORT
NATIONAL WEATHER SERVICE TOPEKA KS
1236 PM CST WED JAN 1 2020
...................................
...THE CONCORDIA KS CLIMATE SUMMARY FOR THE YEAR OF 2019...
CLIMATE NORMAL PERIOD 1981 TO 2010
CLIMATE RECORD PERIOD 1885 TO 2019
WEATHER OBSERVED NORMAL DEPART LAST YEAR`S
VALUE DATE(S) VALUE FROM VALUE DATE(S)
NORMAL
................................................................
TEMPERATURE (F)
RECORD
HIGH 116 08/12/1936
LOW -33 01/08/1886
HIGHEST 102 07/17 MM MM 101 06/14
06/10
LOWEST -5 03/04 MM MM -10 01/01
AVG. MAXIMUM 64.3 65.0 -0.7 64.7
AVG. MINIMUM 43.8 42.7 1.1 42.0
MEAN 54.1 53.9 0.2 53.4
DAYS MAX >= 90 49 45.6 3.4 50
DAYS MAX <= 32 35 28.5 6.5 30
DAYS MIN <= 32 129 118.8 10.2 141
DAYS MIN <= 0 3 4.9 -1.9 4
PRECIPITATION (INCHES)
RECORD
MAXIMUM 44.79 1993
MINIMUM 12.83 1956
TOTALS 34.80 27.89 6.91 33.84
DAILY AVG. 0.09 0.08 0.01 0.09
DAYS >= .01 102 90.4 11.6 99
DAYS >= .10 66 50.7 15.3 56
DAYS >= .50 23 18.4 4.6 19
DAYS >= 1.00 8 6.9 1.1 11
GREATEST
24 HR. TOTAL 1.78 08/12 TO 08/12
SNOWFALL (INCHES)
RECORDS
TOTAL 57.4 1960
24 HR TOTAL 13.2 02/10/1965 TO 02/11/1965
SNOW DEPTH 25 03/16/1960
TOTALS MM 20.2 MM 25.7
SINCE 7/1 2.5 6.5 -4.0 15.9
SNOWDEPTH AVG. 0 MM MM 0
DAYS >= TRACE 40 13.3 26.7 34
DAYS >= 1.0 10 6.3 3.7 9
GREATEST
SNOW DEPTH 10 03/03 8 11/26
24 HR TOTAL 8.6 02/23 TO 02/23
DEGREE_DAYS
HEATING TOTAL 5501 5408 93 5626
SINCE 7/1 MM 2177 MM MM
COOLING TOTAL 1657 1350 307 1530
SINCE 1/1 1657 1349 308 1530
.................................................................
WIND (MPH)
AVERAGE WIND SPEED 10.6
RESULTANT WIND SPEED/DIRECTION 2/187
HIGHEST WIND SPEED/DIRECTION 40/290 DATE 09/21
HIGHEST GUST SPEED/DIRECTION 61/280 DATE 09/21
SKY COVER
AVERAGE SKY COVER 0.30
AVERAGE RH (PERCENT) 67
- INDICATES NEGATIVE NUMBERS.
R INDICATES RECORD WAS SET OR TIED.
MM INDICATES DATA IS MISSING.
T INDICATES TRACE AMOUNT.
$$