000
CXUS56 KSGX 011045
CF6CNO
PRELIMINARY LOCAL CLIMATOLOGICAL DATA (WS FORM: F-6)
STATION: CHINO AIRPORT CA
MONTH: AUGUST
YEAR: 2022
LATITUDE: 33 58 N
LONGITUDE: 117 38 W
TEMPERATURE IN F: :PCPN: SNOW: WIND :SUNSHINE: SKY :PK WND
================================================================================
1 2 3 4 5 6A 6B 7 8 9 10 11 12 13 14 15 16 17 18
12Z AVG MX 2MIN
DY MAX MIN AVG DEP HDD CDD WTR SNW DPTH SPD SPD DIR MIN PSBL S-S WX SPD DR
================================================================================
1 100 70 85 6 0 20 T M M 8.1 21 260 M M 3 8 25 270
2 96 69 83 4 0 18 0.00 M M 6.8 21 240 M M 2 28 210
3 96 69 83 3 0 18 0.00 M M 6.0 17 270 M M 3 21 260
4 96 67 82 2 0 17 0.00 M M 6.8 17 260 M M 4 8 21 230
5 98 70 84 4 0 19 0.00 M M 6.3 18 250 M M 3 25 270
6 100 63 82 2 0 17 0.00 M M 6.0 20 260 M M 1 25 240
7 106 62 84 4 0 19 0.00 M M 5.7 20 250 M M 3 8 23 240
8 101 68 85 5 0 20 0.00 M M 6.5 18 260 M M 1 8 23 270
9 103 69 86 6 0 21 0.00 M M 6.1 20 240 M M 3 8 25 260
10 102 68 85 5 0 20 0.00 M M 5.4 17 240 M M 1 8 25 230
11 103 66 85 5 0 20 0.00 M M 5.8 18 250 M M 2 8 24 260
12 104 65 85 5 0 20 0.00 M M 6.3 18 230 M M 2 8 22 250
13 105 66 86 6 0 21 0.00 M M 6.2 21 250 M M 2 8 25 270
14 103 66 85 5 0 20 0.00 M M 5.6 20 270 M M 2 23 270
15 103 65 84 4 0 19 0.00 M M 5.8 18 280 M M 2 8 24 270
16 103 65 84 4 0 19 0.00 M M 6.6 18 280 M M 2 8 22 270
17 102 67 85 5 0 20 0.00 M M 6.1 20 240 M M 2 24 250
18 98 67 83 3 0 18 0.00 M M 6.0 17 250 M M 2 24 240
19 99 64 82 2 0 17 0.00 M M 5.9 18 260 M M 2 24 270
20 93 66 80 0 0 15 0.00 M M 6.9 20 250 M M 1 8 23 260
21 89 64 77 -3 0 12 0.00 M M 7.0 15 240 M M 2 18 20 250
22 95 65 80 0 0 15 0.00 M M 5.8 15 260 M M 1 18 20 260
23 99 65 82 2 0 17 0.00 M M 5.9 18 250 M M 1 18 23 270
24 97 65 81 1 0 16 0.00 M M 6.2 20 270 M M 2 18 25 270
25 98 68 83 3 0 18 0.00 M M 6.9 18 250 M M 2 8 22 250
26 99 65 82 2 0 17 0.00 M M 6.6 17 250 M M 1 18 22 240
27 92 64 78 -2 0 13 0.00 M M 7.5 17 230 M M 0 18 24 250
28 91 66 79 -1 0 14 0.00 M M 6.2 17 240 M M 3 8 22 270
29 94 65 80 0 0 15 0.00 M M 6.3 17 250 M M 1 8 21 260
30 104 66 85 5 0 20 0.00 M M 4.6 20 250 M M 0 8 24 250
31 112 66 89 9 0 24 0.00 M M 4.8 18 260 M M 1 8 25 260
================================================================================
SM 3081 2051 0 559 T M 192.7 M 57
================================================================================
AV 99.4 66.2 6.2 FASTST M M 2 MAX(MPH)
MISC ----> # 21 240 28 210
================================================================================
NOTES:
# LAST OF SEVERAL OCCURRENCES
COLUMN 17 PEAK WIND IN M.P.H.
PRELIMINARY LOCAL CLIMATOLOGICAL DATA (WS FORM: F-6) , PAGE 2
STATION: CHINO AIRPORT CA
MONTH: AUGUST
YEAR: 2022
LATITUDE: 33 58 N
LONGITUDE: 117 38 W
[TEMPERATURE DATA] [PRECIPITATION DATA] SYMBOLS USED IN COLUMN 16
AVERAGE MONTHLY: 82.8 TOTAL FOR MONTH: T 1 = FOG OR MIST
DPTR FM NORMAL: 3.0 DPTR FM NORMAL: -0.01 2 = FOG REDUCING VISIBILITY
HIGHEST: 112 ON 31 GRTST 24HR T ON 1- 1 TO 1/4 MILE OR LESS
LOWEST: 62 ON 7 3 = THUNDER
SNOW, ICE PELLETS, HAIL 4 = ICE PELLETS
TOTAL MONTH: M 5 = HAIL
GRTST 24HR M ON M 6 = FREEZING RAIN OR DRIZZLE
GRTST DEPTH: M ON M 7 = DUSTSTORM OR SANDSTORM:
VSBY 1/2 MILE OR LESS
8 = SMOKE OR HAZE
[NO. OF DAYS WITH] [WEATHER - DAYS WITH] 9 = BLOWING SNOW
X = TORNADO
MAX 32 OR BELOW: 0 0.01 INCH OR MORE: 0
MAX 90 OR ABOVE: 30 0.10 INCH OR MORE: 0
MIN 32 OR BELOW: 0 0.50 INCH OR MORE: 0
MIN 0 OR BELOW: 0 1.00 INCH OR MORE: 0
[HDD (BASE 65) ]
TOTAL THIS MO. 0 CLEAR (SCALE 0-3) 29
DPTR FM NORMAL 0 PTCLDY (SCALE 4-7) 2
TOTAL FM JUL 1 0 CLOUDY (SCALE 8-10) 0
DPTR FM NORMAL 0
[CDD (BASE 65) ]
TOTAL THIS MO. 559
DPTR FM NORMAL 102 [PRESSURE DATA]
TOTAL FM JAN 1 1621 HIGHEST SLP 30.06 ON 21
DPTR FM NORMAL 328 LOWEST SLP 29.70 ON 19
[REMARKS]
#FINAL-08-22#