000
CXUS55 KGJT 010910
CF6CNY
PRELIMINARY LOCAL CLIMATOLOGICAL DATA (WS FORM: F-6)
STATION: CANYONLANDS AIRPORT UT
MONTH: MARCH
YEAR: 2024
LATITUDE: 38 46 N
LONGITUDE: 109 45 W
TEMPERATURE IN F: :PCPN: SNOW: WIND :SUNSHINE: SKY :PK WND
================================================================================
1 2 3 4 5 6A 6B 7 8 9 10 11 12 13 14 15 16 17 18
12Z AVG MX 2MIN
DY MAX MIN AVG DEP HDD CDD WTR SNW DPTH SPD SPD DIR MIN PSBL S-S WX SPD DR
================================================================================
1 62 25 44 3 21 0 0.00 M M 9.9 25 190 M M 0 33 190
2 65 32 49 8 16 0 T M M 23.8 47 240 M M 3 18 62 240
3 53 26 40 -2 25 0 0.02 M M 12.7 31 230 M M 8 1 44 220
4 48 28 38 -4 27 0 T M M 6.4 16 300 M M 5 1 21 290
5 56 31 44 2 21 0 0.00 M M 3.7 14 270 M M 4 22 220
6 58 30 44 1 21 0 0.00 M M 2.5 13 310 M M 2 18 310
7 56 35 46 3 19 0 0.01 M M 6.0 17 100 M M 5 8 22 310
8 51 31 41 -3 24 0 T M M 7.7 18 40 M M 7 38 20
9 53 21 37 -7 28 0 0.00 M M 2.1 10 320 M M 0 13 40
10 59 23 41 -3 24 0 0.00 M M 3.6 10 340 M M 0 17 330
11 62 32 47 2 18 0 0.00 M M 7.9 22 190 M M 3 27 210
12 59 33 46 1 19 0 0.00 M M 6.5 24 220 M M 4 32 220
13 51 28 40 -5 25 0 T M M 9.4 25 270 M M 7 34 280
14 51 23 37 -9 28 0 T M M 8.2 23 50 M M 6 29 60
15 53 35 44 -2 21 0 T M M 13.9 35 60 M M 6 43 50
16 50 37 44 -2 21 0 0.42 M M 6.8 16 260 M M 10 1 20 270
17 54 36 45 -1 20 0 T M M 3.6 15 290 M M 6 13 21 290
18 59 32 46 -1 19 0 0.00 M M 3.9 10 280 M M 0 15 70
19 63 32 48 1 17 0 0.00 M M 2.9 14 240 M M 0 21 300
20 65 33 49 2 16 0 0.00 M M 3.4 16 270 M M 0 21 270
21 69 34 52 4 13 0 0.00 M M 4.2 18 260 M M 1 22 310
22 67 35 51 3 14 0 0.00 M M 4.6 14 270 M M 0 20 260
23 67 41 54 6 11 0 T M M 9.6 30 250 M M 3 38 250
24 53 38 46 -2 19 0 T M M 9.9 31 220 M M 8 40 220
25 51 32 42 -7 23 0 0.00 M M 5.6 23 40 M M 7 29 40
26 53 26 40 -9 25 0 0.00 M M 8.4 30 300 M M 3 39 300
27 54 27 41 -8 24 0 0.00 M M 6.0 17 250 M M 0 27 280
28 65 38 52 3 13 0 T M M 13.0 30 210 M M 1 42 210
29 57 42 50 0 15 0 T M M 8.9 24 300 M M 5 30 300
30 69 40 55 5 10 0 0.00 M M 8.2 29 220 M M 4 41 200
31 57 43 50 0 15 0 0.00 M M 18.3 38 190 M M 4 8 55 190
================================================================================
SM 1790 999 612 0 0.45 M 241.6 M 112
================================================================================
AV 57.7 32.2 7.8 FASTST M M 4 MAX(MPH)
MISC ----> 47 240 62 240
================================================================================
NOTES:
# LAST OF SEVERAL OCCURRENCES
COLUMN 17 PEAK WIND IN M.P.H.
PRELIMINARY LOCAL CLIMATOLOGICAL DATA (WS FORM: F-6) , PAGE 2
STATION: CANYONLANDS AIRPORT UT
MONTH: MARCH
YEAR: 2024
LATITUDE: 38 46 N
LONGITUDE: 109 45 W
[TEMPERATURE DATA] [PRECIPITATION DATA] SYMBOLS USED IN COLUMN 16
AVERAGE MONTHLY: 45.0 TOTAL FOR MONTH: 0.45 1 = FOG OR MIST
DPTR FM NORMAL: -0.9 DPTR FM NORMAL: -0.09 2 = FOG REDUCING VISIBILITY
HIGHEST: 69 ON 30,21 GRTST 24HR 0.42 ON 16-16 TO 1/4 MILE OR LESS
LOWEST: 21 ON 9 3 = THUNDER
SNOW, ICE PELLETS, HAIL 4 = ICE PELLETS
TOTAL MONTH: M 5 = HAIL
GRTST 24HR M ON M 6 = FREEZING RAIN OR DRIZZLE
GRTST DEPTH: M ON M 7 = DUSTSTORM OR SANDSTORM:
VSBY 1/2 MILE OR LESS
8 = SMOKE OR HAZE
[NO. OF DAYS WITH] [WEATHER - DAYS WITH] 9 = BLOWING SNOW
X = TORNADO
MAX 32 OR BELOW: 0 0.01 INCH OR MORE: 3
MAX 90 OR ABOVE: 0 0.10 INCH OR MORE: 1
MIN 32 OR BELOW: 17 0.50 INCH OR MORE: 0
MIN 0 OR BELOW: 0 1.00 INCH OR MORE: 0
[HDD (BASE 65) ]
TOTAL THIS MO. 612 CLEAR (SCALE 0-3) 14
DPTR FM NORMAL 20 PTCLDY (SCALE 4-7) 16
TOTAL FM JUL 1 4372 CLOUDY (SCALE 8-10) 1
DPTR FM NORMAL -493
[CDD (BASE 65) ]
TOTAL THIS MO. 0
DPTR FM NORMAL 0 [PRESSURE DATA]
TOTAL FM JAN 1 0 HIGHEST SLP M ON M
DPTR FM NORMAL 0 LOWEST SLP 29.28 ON 24
[REMARKS]
#FINAL-03-24#