000
CXUS55 KGJT 010910
CF6CNY
PRELIMINARY LOCAL CLIMATOLOGICAL DATA (WS FORM: F-6)
STATION: CANYONLANDS AIRPORT UT
MONTH: OCTOBER
YEAR: 2021
LATITUDE: 38 46 N
LONGITUDE: 109 45 W
TEMPERATURE IN F: :PCPN: SNOW: WIND :SUNSHINE: SKY :PK WND
================================================================================
1 2 3 4 5 6A 6B 7 8 9 10 11 12 13 14 15 16 17 18
12Z AVG MX 2MIN
DY MAX MIN AVG DEP HDD CDD WTR SNW DPTH SPD SPD DIR MIN PSBL S-S WX SPD DR
================================================================================
1 71 51 61 -1 4 0 0.00 M M 1.9 9 220 M M 5 13 160
2 76 48 62 1 3 0 0.00 M M 2.8 12 300 M M 0 12 300
3 78 45 62 1 3 0 0.00 M M 3.3 10 130 M M 0 13 320
4 80 49 65 5 0 0 0.00 M M 4.0 10 130 M M 0 14 100
5 74 53 64 4 1 0 0.08 M M 7.4 26 250 M M 4 1 32 250
6 72 51 62 3 3 0 0.05 M M 4.9 18 200 M M 5 1 24 200
7 74 46 60 1 5 0 0.00 M M 1.8 10 130 M M 1 16 120
8 65 51 58 0 7 0 0.31 M M 6.2 21 170 M M 7 1 26 160
9 64 44 54 -4 11 0 0.00 M M 7.8 20 280 M M 1 24 340
10 63 38 51 -6 14 0 0.00 M M 4.0 15 270 M M 0 19 280
11 68 42 55 -2 10 0 0.00 M M 8.6 25 240 M M 1 30 240
12 57 37 47 -9 18 0 0.46 M M 11.5 31 200 M M 8 1 43 200
13 53 41 47 -9 18 0 0.00 M M 5.2 14 230 M M 6 18 230
14 54 38 46 -9 19 0 0.01 M M 10.2 25 300 M M 5 32 290
15 53 30 42 -13 23 0 0.00 M M 2.5 13 310 M M 1 14 310
16 58 33 46 -8 19 0 0.00 M M 1.9 14 60 M M 0 18 60
17 64 33 49 -5 16 0 0.00 M M 2.3 8 320 M M 0 13 320
18 69 39 54 1 11 0 0.11 M M 10.8 35 270 M M 4 43 270
19 54 37 46 -7 19 0 0.00 M M 9.2 35 270 M M 3 43 270
20 59 35 47 -5 18 0 0.00 M M 3.6 10 140 M M 0 14 100
21 62 34 48 -4 17 0 0.00 M M 1.9 8 310 M M 0 10 300
22 67 37 52 1 13 0 0.00 M M 3.2 10 320 M M 0 14 120
23 60 35 48 -3 17 0 T M M 4.2 28 260 M M 4 8 38 250
24 68 38 53 3 12 0 0.00 M M 5.8 17 230 M M 1 23 230
25 75 52 64 14 1 0 0.00 M M 14.2 29 190 M M 0 45 200
26 67 35 51 2 14 0 0.44 M M 18.4 39 260 M M 5 13 49 250
27 57 31 44 -5 21 0 0.00 M M 4.7 18 280 M M 0 24 290
28 61 33 47 -1 18 0 0.00 M M 1.9 8 130 M M 0 14 130
29 62 35 49 1 16 0 0.00 M M 3.6 15 90 M M 0 20 80
30 65 36 51 4 14 0 0.00 M M 2.2 8 120 M M 0 11 120
31 65 42 54 7 11 0 0.00 M M 1.2 8 20 M M 1 11 20
================================================================================
SM 2015 1249 376 0 1.46 M 171.2 M 62
================================================================================
AV 65.0 40.3 5.5 FASTST M M 2 MAX(MPH)
MISC ----> 39 260 49 250
================================================================================
NOTES:
# LAST OF SEVERAL OCCURRENCES
COLUMN 17 PEAK WIND IN M.P.H.
PRELIMINARY LOCAL CLIMATOLOGICAL DATA (WS FORM: F-6) , PAGE 2
STATION: CANYONLANDS AIRPORT UT
MONTH: OCTOBER
YEAR: 2021
LATITUDE: 38 46 N
LONGITUDE: 109 45 W
[TEMPERATURE DATA] [PRECIPITATION DATA] SYMBOLS USED IN COLUMN 16
AVERAGE MONTHLY: 52.6 TOTAL FOR MONTH: 1.46 1 = FOG OR MIST
DPTR FM NORMAL: -1.6 DPTR FM NORMAL: 0.62 2 = FOG REDUCING VISIBILITY
HIGHEST: 80 ON 4 GRTST 24HR 0.46 ON 12-12 TO 1/4 MILE OR LESS
LOWEST: 30 ON 15 3 = THUNDER
SNOW, ICE PELLETS, HAIL 4 = ICE PELLETS
TOTAL MONTH: M 5 = HAIL
GRTST 24HR M ON M 6 = FREEZING RAIN OR DRIZZLE
GRTST DEPTH: M ON M 7 = DUSTSTORM OR SANDSTORM:
VSBY 1/2 MILE OR LESS
8 = SMOKE OR HAZE
[NO. OF DAYS WITH] [WEATHER - DAYS WITH] 9 = BLOWING SNOW
X = TORNADO
MAX 32 OR BELOW: 0 0.01 INCH OR MORE: 7
MAX 90 OR ABOVE: 0 0.10 INCH OR MORE: 4
MIN 32 OR BELOW: 2 0.50 INCH OR MORE: 0
MIN 0 OR BELOW: 0 1.00 INCH OR MORE: 0
[HDD (BASE 65) ]
TOTAL THIS MO. 376 CLEAR (SCALE 0-3) 21
DPTR FM NORMAL 32 PTCLDY (SCALE 4-7) 9
TOTAL FM JUL 1 413 CLOUDY (SCALE 8-10) 1
DPTR FM NORMAL 23
[CDD (BASE 65) ]
TOTAL THIS MO. 0
DPTR FM NORMAL -7 [PRESSURE DATA]
TOTAL FM JAN 1 1689 HIGHEST SLP M ON M
DPTR FM NORMAL 275 LOWEST SLP 29.33 ON 12
[REMARKS]
#FINAL-10-21#