000
CXUS55 KGJT 010910
CF6CNY
PRELIMINARY LOCAL CLIMATOLOGICAL DATA (WS FORM: F-6)
STATION: CANYONLANDS AIRPORT UT
MONTH: SEPTEMBER
YEAR: 2023
LATITUDE: 38 46 N
LONGITUDE: 109 45 W
TEMPERATURE IN F: :PCPN: SNOW: WIND :SUNSHINE: SKY :PK WND
================================================================================
1 2 3 4 5 6A 6B 7 8 9 10 11 12 13 14 15 16 17 18
12Z AVG MX 2MIN
DY MAX MIN AVG DEP HDD CDD WTR SNW DPTH SPD SPD DIR MIN PSBL S-S WX SPD DR
================================================================================
1 87 65 76 2 0 11 0.02 M M 10.3 36 260 M M 2 3 43 270
2 86 63 75 2 0 10 0.02 M M 4.1 14 230 M M 3 19 310
3 88 63 76 3 0 11 0.08 M M 7.4 23 240 M M 4 13 29 240
4 82 62 72 -1 0 7 0.00 M M 13.4 25 320 M M 3 36 310
5 86 53 70 -2 0 5 0.00 M M 4.4 12 330 M M 0 16 350
6 91 54 73 1 0 8 0.00 M M 7.9 22 230 M M 0 28 190
7 91 52 72 0 0 7 0.00 M M 3.7 15 300 M M 0 21 220
8 93 50 72 1 0 7 0.00 M M 3.8 15 290 M M 0 22 300
9 93 53 73 2 0 8 0.00 M M 6.0 25 300 M M 0 31 300
10 85 58 72 1 0 7 T M M 7.1 37 290 M M 2 46 290
11 87 54 71 1 0 6 0.00 M M 4.5 13 50 M M 1 17 70
12 86 63 75 5 0 10 0.00 M M 7.5 23 180 M M 2 32 190
13 80 61 71 1 0 6 T M M 6.6 29 320 M M 5 35 310
14 78 51 65 -4 0 0 0.15 M M 4.5 20 160 M M 3 3 25 170
15 79 50 65 -4 0 0 0.00 M M 4.9 13 80 M M 1 18 330
16 82 56 69 1 0 4 0.00 M M 5.3 21 60 M M 0 26 60
17 86 49 68 0 0 3 0.00 M M 4.6 18 270 M M 1 23 280
18 81 54 68 0 0 3 T M M 6.7 20 70 M M 1 3 26 70
19 85 51 68 1 0 3 T M M 5.5 23 80 M M 1 3 30 80
20 86 56 71 4 0 6 0.00 M M 8.8 24 210 M M 0 35 240
21 83 59 71 5 0 6 0.00 M M 11.6 29 220 M M 0 37 220
22 81 48 65 -1 0 0 0.00 M M 12.0 25 200 M M 0 34 230
23 76 48 62 -3 3 0 0.00 M M 3.4 13 270 M M 0 16 270
24 80 46 63 -2 2 0 0.00 M M 2.7 12 260 M M 0 17 260
25 84 46 65 1 0 0 0.00 M M 3.7 12 80 M M 0 16 70
26 86 47 67 3 0 2 0.00 M M 4.6 17 320 M M 0 22 320
27 88 46 67 3 0 2 0.00 M M 4.6 12 300 M M 0 17 280
28 87 48 68 5 0 3 0.00 M M 7.1 21 250 M M 0 30 210
29 88 47 68 5 0 3 0.00 M M 5.7 25 220 M M 0 41 230
30 86 57 72 10 0 7 T M M 11.2 33 160 M M 0 45 150
================================================================================
SM 2551 1610 5 145 0.27 M 193.6 M 29
================================================================================
AV 85.0 53.7 6.5 FASTST M M 1 MAX(MPH)
MISC ----> 37 290 46 290
================================================================================
NOTES:
# LAST OF SEVERAL OCCURRENCES
COLUMN 17 PEAK WIND IN M.P.H.
PRELIMINARY LOCAL CLIMATOLOGICAL DATA (WS FORM: F-6) , PAGE 2
STATION: CANYONLANDS AIRPORT UT
MONTH: SEPTEMBER
YEAR: 2023
LATITUDE: 38 46 N
LONGITUDE: 109 45 W
[TEMPERATURE DATA] [PRECIPITATION DATA] SYMBOLS USED IN COLUMN 16
AVERAGE MONTHLY: 69.4 TOTAL FOR MONTH: 0.27 1 = FOG OR MIST
DPTR FM NORMAL: 1.0 DPTR FM NORMAL: -0.62 2 = FOG REDUCING VISIBILITY
HIGHEST: 93 ON 9, 8 GRTST 24HR 0.15 ON 14-14 TO 1/4 MILE OR LESS
LOWEST: 46 ON 27,25 3 = THUNDER
SNOW, ICE PELLETS, HAIL 4 = ICE PELLETS
TOTAL MONTH: M 5 = HAIL
GRTST 24HR M ON M 6 = FREEZING RAIN OR DRIZZLE
GRTST DEPTH: M ON M 7 = DUSTSTORM OR SANDSTORM:
VSBY 1/2 MILE OR LESS
8 = SMOKE OR HAZE
[NO. OF DAYS WITH] [WEATHER - DAYS WITH] 9 = BLOWING SNOW
X = TORNADO
MAX 32 OR BELOW: 0 0.01 INCH OR MORE: 4
MAX 90 OR ABOVE: 4 0.10 INCH OR MORE: 1
MIN 32 OR BELOW: 0 0.50 INCH OR MORE: 0
MIN 0 OR BELOW: 0 1.00 INCH OR MORE: 0
[HDD (BASE 65) ]
TOTAL THIS MO. 5 CLEAR (SCALE 0-3) 26
DPTR FM NORMAL -40 PTCLDY (SCALE 4-7) 4
TOTAL FM JUL 1 5 CLOUDY (SCALE 8-10) 0
DPTR FM NORMAL -39
[CDD (BASE 65) ]
TOTAL THIS MO. 145
DPTR FM NORMAL 0 [PRESSURE DATA]
TOTAL FM JAN 1 1436 HIGHEST SLP M ON M
DPTR FM NORMAL 29 LOWEST SLP 29.50 ON 30
[REMARKS]
#FINAL-09-23#