000
CXUS55 KPUB 031515
CF6COS
PRELIMINARY LOCAL CLIMATOLOGICAL DATA (WS FORM: F-6)
STATION: COLORADO SPRINGS CO
MONTH: MARCH
YEAR: 2023
LATITUDE: 38 49 N
LONGITUDE: 104 43 W
TEMPERATURE IN F: :PCPN: SNOW: WIND :SUNSHINE: SKY :PK WND
================================================================================
1 2 3 4 5 6A 6B 7 8 9 10 11 12 13 14 15 16 17 18
12Z AVG MX 2MIN
DY MAX MIN AVG DEP HDD CDD WTR SNW DPTH SPD SPD DIR MIN PSBL S-S WX SPD DR
================================================================================
1 43 20 32 -5 33 0 T T 0 9.1 24 130 M M 6 32 140
2 48 18 33 -4 32 0 0.00 0.0 0 6.7 18 160 M M 5 25 60
3 52 22 37 0 28 0 T 0.0 0 9.9 25 160 M M 6 32 160
4 44 25 35 -3 30 0 T T 0 9.9 26 180 M M 6 12 33 190
5 61 25 43 5 22 0 0.00 0.0 0 11.9 31 210 M M 2 41 210
6 49 24 37 -1 28 0 0.00 0.0 0 11.1 25 150 M M 2 34 170
7 31 25 28 -11 37 0 T T 0 5.1 17 130 M M 9 1268 20 130
8 36 28 32 -7 33 0 T T 0 10.8 20 150 M M 10 1 26 140
9 55 25 40 1 25 0 T T 0 9.2 24 160 M M 6 1268 33 330
10 67 22 45 5 20 0 0.00 0.0 0 8.9 36 240 M M 6 48 250
11 58 31 45 5 20 0 0.02 0.0 0 11.0 28 250 M M 6 36 270
12 43 28 36 -4 29 0 0.00 0.0 0 9.0 20 160 M M 7 27 160
13 50 20 35 -5 30 0 0.00 0.0 0 6.0 16 140 M M 4 22 140
14 64 24 44 3 21 0 0.00 0.0 0 8.1 25 200 M M 5 30 200
15 70 41 56 15 9 0 0.00 0.0 0 12.9 29 20 M M 7 37 230
16 43 27 35 -6 30 0 0.03 0.1 T 19.5 35 10 M M 9 49 340
17 39 20 30 -12 35 0 T T 0 5.0 16 40 M M 8 20 40
18 47 13 30 -12 35 0 0.00 0.0 0 6.3 23 30 M M 1 30 360
19 56 13 35 -7 30 0 0.00 0.0 0 6.9 17 240 M M 3 24 250
20 59 36 48 6 17 0 0.00 0.0 0 8.9 23 220 M M 8 31 210
21 62 33 48 5 17 0 0.00 0.0 0 10.3 28 330 M M 5 38 330
22 65 31 48 5 17 0 T 0.0 0 16.0 40 220 M M 4 54 220
23 57 29 43 0 22 0 0.00 0.0 0 10.9 31 230 M M 3 52 250
24 49 24 37 -6 28 0 T T 0 6.9 23 60 M M 5 28 60
25 40 25 33 -11 32 0 0.00 0.0 0 17.5 36 300 M M 3 51 300
26 42 12 27 -17 38 0 0.02 0.2 0 9.8 26 160 M M 6 1 37 160
27 36 12 24 -20 41 0 0.01 T T 11.2 29 30 M M 6 1 37 310
28 52 9 31 -13 34 0 0.00 0.0 0 11.4 28 160 M M 1 36 170
29 62 27 45 1 20 0 0.00 0.0 0 13.0 32 160 M M 4 40 150
30 66 24 45 1 20 0 0.00 0.0 0 17.2 43 220 M M 2 57 240
31 50 32 41 -4 24 0 0.00 0.0 0 23.9 47 270 M M 2 65 270
================================================================================
SM 1596 745 837 0 0.08 0.3 334.3 M 157
================================================================================
AV 51.5 24.0 10.8 FASTST M M 5 MAX(MPH)
MISC ----> 47 270 65 270
================================================================================
NOTES:
# LAST OF SEVERAL OCCURRENCES
COLUMN 17 PEAK WIND IN M.P.H.
PRELIMINARY LOCAL CLIMATOLOGICAL DATA (WS FORM: F-6) , PAGE 2
STATION: COLORADO SPRINGS CO
MONTH: MARCH
YEAR: 2023
LATITUDE: 38 49 N
LONGITUDE: 104 43 W
[TEMPERATURE DATA] [PRECIPITATION DATA] SYMBOLS USED IN COLUMN 16
AVERAGE MONTHLY: 37.8 TOTAL FOR MONTH: 0.08 1 = FOG OR MIST
DPTR FM NORMAL: -3.3 DPTR FM NORMAL: -0.71 2 = FOG REDUCING VISIBILITY
HIGHEST: 70 ON 15 GRTST 24HR 0.03 ON 26-27# TO 1/4 MILE OR LESS
LOWEST: 9 ON 28 3 = THUNDER
SNOW, ICE PELLETS, HAIL 4 = ICE PELLETS
TOTAL MONTH: 0.3 INCH 5 = HAIL
GRTST 24HR 0.2 ON 26 6 = FREEZING RAIN OR DRIZZLE
GRTST DEPTH: T 7 = DUSTSTORM OR SANDSTORM:
VSBY 1/2 MILE OR LESS
8 = SMOKE OR HAZE
[NO. OF DAYS WITH] [WEATHER - DAYS WITH] 9 = BLOWING SNOW
X = TORNADO
MAX 32 OR BELOW: 1 0.01 INCH OR MORE: 4
MAX 90 OR ABOVE: 0 0.10 INCH OR MORE: 0
MIN 32 OR BELOW: 28 0.50 INCH OR MORE: 0
MIN 0 OR BELOW: 0 1.00 INCH OR MORE: 0
[HDD (BASE 65) ]
TOTAL THIS MO. 837 CLEAR (SCALE 0-3) 9
DPTR FM NORMAL 96 PTCLDY (SCALE 4-7) 17
TOTAL FM JUL 1 5062 CLOUDY (SCALE 8-10) 5
DPTR FM NORMAL 15
[CDD (BASE 65) ]
TOTAL THIS MO. 0
DPTR FM NORMAL 0 [PRESSURE DATA]
TOTAL FM JAN 1 0 HIGHEST SLP 30.55 ON 28
DPTR FM NORMAL 0 LOWEST SLP 29.40 ON 30
[REMARKS]
#FINAL-03-23#