000
CXUS54 KCRP 052349
CF6COT
PRELIMINARY LOCAL CLIMATOLOGICAL DATA (WS FORM: F-6)
STATION: COTULLA
MONTH: MAY
YEAR: 2022
LATITUDE: 28 27 N
LONGITUDE: 99 13 W
TEMPERATURE IN F: :PCPN: SNOW: WIND :SUNSHINE: SKY :PK WND
================================================================================
1 2 3 4 5 6A 6B 7 8 9 10 11 12 13 14 15 16 17 18
12Z AVG MX 2MIN
DY MAX MIN AVG DEP HDD CDD WTR SNW DPTH SPD SPD DIR MIN PSBL S-S WX SPD DR
================================================================================
1 96 75 86 9 0 21 0.00 0.0 0 14.1 28 130 M M 7 3 39 120
2 91 74 83 6 0 18 0.86 0.0 0 11.8 23 90 M M 6 13 34 80
3 92 74 83 6 0 18 0.00 0.0 0 11.5 22 120 M M 5 18 31 110
4 93 78 86 8 0 21 0.00 0.0 0 13.8 24 140 M M 9 8 32 160
5 90 78 84 6 0 19 T 0.0 0 6.9 17 140 M M 5 8 22 110
6 100 75 88 10 0 23 0.00 0.0 0 7.6 15 150 M M 3 24 140
7 107 74 91 13 0 26 0.00 0.0 0 9.6 21 140 M M 0 18 30 140
8 105 77 91 12 0 26 0.00 0.0 0 12.4 25 130 M M 2 8 35 130
9 102 78 90 11 0 25 0.00 0.0 0 13.2 25 130 M M 3 8 34 160
10 100 80 90 11 0 25 0.00 0.0 0 15.9 25 140 M M 6 8 36 130
11 98 77 88 9 0 23 0.00 0.0 0 13.2 24 130 M M 2 31 160
12 100 70 85 5 0 20 0.00 0.0 0 13.4 24 140 M M 0 33 130
13 97 69 83 3 0 18 0.00 0.0 0 8.7 20 140 M M 4 28 140
14 103 71 87 7 0 22 0.00 0.0 0 8.8 22 130 M M 2 29 140
15 104 68 86 6 0 21 0.00 0.0 0 7.8 18 130 M M 0 23 140
16 104 71 88 7 0 23 0.00 0.0 0 11.0 22 130 M M 0 29 140
17 107 70 89 8 0 24 0.00 0.0 0 12.7 25 130 M M 1 40 150
18 106 73 90 9 0 25 0.00 0.0 0 10.8 21 150 M M 0 30 150
19 103 73 88 6 0 23 0.00 0.0 0 12.3 24 150 M M 0 33 160
20 105 77 91 9 0 26 T 0.0 0 11.8 22 130 M M 3 8 31 120
21 106 73 90 8 0 25 T 0.0 0 12.1 31 50 M M 1 138 45 60
22 89 71 80 -2 0 15 0.21 0.0 0 10.4 29 340 M M 3 13 37 350
23 85 72 79 -4 0 14 0.49 0.0 0 7.0 28 150 M M 4 13 39 160
24 92 69 81 -2 0 16 0.70 0.0 0 11.2 43 140 M M 4 13 67 150
25 89 65 77 -6 0 12 0.81 0.0 0 7.8 31 40 M M 5 13 48 30
26 98 66 82 -1 0 17 0.00 0.0 0 5.6 15 150 M M 1 21 140
27 101 74 88 4 0 23 0.00 0.0 0 6.5 13 110 M M 1 1 16 120
28 102 76 89 5 0 24 0.00 0.0 0 11.4 24 130 M M 1 18 33 140
29 102 75 89 5 0 24 0.00 0.0 0 15.3 28 140 M M 1 8 36 130
30 99 80 90 6 0 25 0.00 0.0 0 16.7 28 140 M M 6 37 140
31 100 76 88 4 0 23 0.00 0.0 0 13.7 25 130 M M 4 8 33 110
================================================================================
SM 3066 2279 0 665 3.07 0.0 345.0 M 89
================================================================================
AV 98.9 73.5 11.1 FASTST M M 3 MAX(MPH)
MISC ----> 43 140 67 150
================================================================================
NOTES:
# LAST OF SEVERAL OCCURRENCES
COLUMN 17 PEAK WIND IN M.P.H.
PRELIMINARY LOCAL CLIMATOLOGICAL DATA (WS FORM: F-6) , PAGE 2
STATION: COTULLA
MONTH: MAY
YEAR: 2022
LATITUDE: 28 27 N
LONGITUDE: 99 13 W
[TEMPERATURE DATA] [PRECIPITATION DATA] SYMBOLS USED IN COLUMN 16
AVERAGE MONTHLY: 86.2 TOTAL FOR MONTH: 3.07 1 = FOG OR MIST
DPTR FM NORMAL: 5.5 DPTR FM NORMAL: 0.06 2 = FOG REDUCING VISIBILITY
HIGHEST: 107 ON 17, 7 GRTST 24HR 1.40 ON 24-25 TO 1/4 MILE OR LESS
LOWEST: 65 ON 25 3 = THUNDER
SNOW, ICE PELLETS, HAIL 4 = ICE PELLETS
TOTAL MONTH: 0.0 INCH 5 = HAIL
GRTST 24HR 0.0 6 = FREEZING RAIN OR DRIZZLE
GRTST DEPTH: 0 7 = DUSTSTORM OR SANDSTORM:
VSBY 1/2 MILE OR LESS
8 = SMOKE OR HAZE
[NO. OF DAYS WITH] [WEATHER - DAYS WITH] 9 = BLOWING SNOW
X = TORNADO
MAX 32 OR BELOW: 0 0.01 INCH OR MORE: 5
MAX 90 OR ABOVE: 28 0.10 INCH OR MORE: 5
MIN 32 OR BELOW: 0 0.50 INCH OR MORE: 3
MIN 0 OR BELOW: 0 1.00 INCH OR MORE: 0
[HDD (BASE 65) ]
TOTAL THIS MO. 0 CLEAR (SCALE 0-3) 18
DPTR FM NORMAL -1 PTCLDY (SCALE 4-7) 12
TOTAL FM JUL 1 748 CLOUDY (SCALE 8-10) 1
DPTR FM NORMAL -253
[CDD (BASE 65) ]
TOTAL THIS MO. 665
DPTR FM NORMAL 178 [PRESSURE DATA]
TOTAL FM JAN 1 1371 HIGHEST SLP 30.14 ON 22
DPTR FM NORMAL 387 LOWEST SLP 29.49 ON 24
[REMARKS]
#FINAL-05-22#