000
CXUS53 KLSX 011534
CLMCOU
CLIMATE REPORT
NATIONAL WEATHER SERVICE ST LOUIS MO
1034 AM CDT WED NOV 01 2023
...................................
...THE COLUMBIA ASOS CLIMATE SUMMARY FOR THE MONTH OF OCTOBER 2023...
CLIMATE NORMAL PERIOD 1991 TO 2020
CLIMATE RECORD PERIOD 1890 TO 2023
WEATHER OBSERVED NORMAL DEPART LAST YEAR`S
VALUE DATE(S) VALUE FROM VALUE
NORMAL
..............................................................
TEMPERATURE (F)
RECORD
HIGH 96 10/07/1939
LOW 19 10/29/1895
HIGHEST 88 10/02 87
10/01
LOWEST 24 10/31 25
AVG. MAXIMUM 69.1 68.2 0.9 70.6
AVG. MINIMUM 47.7 46.8 0.9 44.6
MEAN 58.4 57.5 0.9 57.6
DAYS MAX >= 90 0 0.2 -0.2 0
DAYS MAX <= 32 0 0.0 0.0 0
DAYS MIN <= 32 2 2.4 -0.4 4
DAYS MIN <= 0 0 0.0 0.0 0
PRECIPITATION (INCHES)
RECORD
MAXIMUM 13.44 1941
MINIMUM 0.16 1952
TOTALS 3.18 3.47 -0.29 3.37
DAILY AVG. 0.10 0.11 -0.01 0.11
DAYS >= .01 12 9.1 2.9 6
DAYS >= .10 7 5.7 1.3 5
DAYS >= .50 3 2.2 0.8 3
DAYS >= 1.00 0 0.9 -0.9 1
GREATEST
24 HR. TOTAL 1.14 10/28 TO 10/29
SNOWFALL (INCHES)
RECORDS
TOTAL 2.9 1913
24 HR TOTAL 1.7 10/28/1913 TO 10/28/1913
TOTALS 0.0 0.0 0.0 0.0
SINCE 7/1 0.0 0.0 0.0 0.0
DAYS >= 1.0 0 0
GREATEST
SNOW DEPTH 0
24 HR TOTAL 0.0
DEGREE DAYS
HEATING TOTAL 253 267 -14
SINCE 7/1 253 315 -62
COOLING TOTAL 55 34 21
SINCE 1/1 1601 1445 156
..............................................................
WIND (MPH)
HIGHEST WIND SPEED/DIRECTION 26/160 DATE 10/12
HIGHEST GUST SPEED/DIRECTION 50/040 DATE 10/11
SKY COVER
NUMBER OF DAYS FAIR 18
NUMBER OF DAYS PC 6
NUMBER OF DAYS CLOUDY 7
WEATHER CONDITIONS. NUMBER OF DAYS WITH
THUNDERSTORM 4 MIXED PRECIP 0
HEAVY RAIN 2 RAIN 11
LIGHT RAIN 13 FREEZING RAIN 0
LT FREEZING RAIN 0 HAIL 0
HEAVY SNOW 0 SNOW 0
LIGHT SNOW 0 SLEET 0
FOG 10 FOG W/VIS <= 1/4 MILE 0
HAZE 2
- INDICATES NEGATIVE NUMBERS.
R INDICATES RECORD WAS SET OR TIED.
MM INDICATES DATA IS MISSING.
T INDICATES TRACE AMOUNT.
...MONTHLY...
NO RECORDS OF NOTE.
...DAILY...
NO RECORDS OF NOTE.
$$
GOSSELIN