000
CXUS54 KFWD 220502
CF6CPT
PRELIMINARY LOCAL CLIMATOLOGICAL DATA (WS FORM: F-6)
STATION: CLEBURNE
MONTH: JULY
YEAR: 2022
LATITUDE: 32 20 N
LONGITUDE: 97 24 W
TEMPERATURE IN F: :PCPN: SNOW: WIND :SUNSHINE: SKY :PK WND
================================================================================
1 2 3 4 5 6A 6B 7 8 9 10 11 12 13 14 15 16 17 18
12Z AVG MX 2MIN
DY MAX MIN AVG DEP HDD CDD WTR SNW DPTH SPD SPD DIR MIN PSBL S-S WX SPD DR
================================================================================
1 97 73 85 3 0 20 0.00 M M 9.1 15 120 M M 0 21 70
2 99 73 86 3 0 21 0.00 M M 8.2 17 350 M M 2 3 26 350
3 100 79 90 7 0 25 0.00 M M 10.0 14 150 M M 0 23 160
4 99 77 88 5 0 23 0.00 M M 10.9 16 160 M M 0 24 170
5 100 77 89 6 0 24 0.00 M M 11.5 17 160 M M 0 25 160
6 102 79 91 8 0 26 0.00 M M 10.2 16 180 M M 0 22 170
7 102 79 91 8 0 26 0.00 M M 9.9 16 140 M M 1 22 140
8 106 79 93 10 0 28 0.00 M M 8.2 12 150 M M 0 18 210
9 108 79 94 11 0 29 0.00 M M 6.4 20 290 M M 1 37 290
10 102 77 90 7 0 25 0.00 M M 7.7 12 50 M M 0 20 30
11 102 79 91 8 0 26 0.00 M M 8.9 13 50 M M 0 17 40
12 104 81 93 9 0 28 0.00 M M 9.6 15 60 M M 0 24 60
13 106 75 91 7 0 26 0.00 M M 6.7 14 60 M M 0 22 99
14 99 68 84 0 0 19 0.00 M M 8.5 38 110 M M 0 3 48 110
15 99 72 86 2 0 21 0.00 M M 5.8 15 120 M M 0 18 70
16 99 75 87 3 0 22 0.00 M M 8.6 13 140 M M 0 18 180
17 104 81 93 9 0 28 0.00 M M 9.2 15 160 M M 0 21 160
18 108 79 94 10 0 29 0.00 M M 11.6 18 170 M M 0 25 180
19 108 81 95 11 0 30 0.00 M M 13.8 20 180 M M 0 26 170
20 108 81 95 11 0 30 0.00 M M 11.6 17 180 M M 0 24 180
21 104 81 93 9 0 28 0.00 M M 9.5 18 140 M M 0 25 140
22 102 81 92 8 0 27 0.00 M M 11.3 18 130 M M 0 30 150
23 100 77 89 5 0 24 0.00 M M 10.9 15 130 M M 0 22 200
24 102 79 91 7 0 26 0.00 M M 11.7 15 170 M M 0 22 170
25 102 79 91 7 0 26 0.00 M M 11.7 20 140 M M 0 26 140
26 102 79 91 7 0 26 0.00 M M 10.9 15 160 M M 0 24 160
27 102 79 91 7 0 26 0.00 M M 11.6 17 170 M M 0 23 170
28 102 81 92 8 0 27 0.00 M M 9.8 14 170 M M 0 21 180
29 102 79 91 6 0 26 0.00 M M 9.4 13 180 M M 0 21 180
30 102 79 91 6 0 26 0.00 M M 9.9 16 170 M M 2 23 170
31 102 81 92 7 0 27 0.00 M M 12.2 16 140 M M 0 23 180
================================================================================
SM 3174 2419 0 795 0.00 M 305.1 M 6
================================================================================
AV102.4 78.0 9.8 FASTST M M 0 MAX(MPH)
MISC ----> 38 110 48 110
================================================================================
NOTES:
# LAST OF SEVERAL OCCURRENCES
COLUMN 17 PEAK WIND IN M.P.H.
PRELIMINARY LOCAL CLIMATOLOGICAL DATA (WS FORM: F-6) , PAGE 2
STATION: CLEBURNE
MONTH: JULY
YEAR: 2022
LATITUDE: 32 20 N
LONGITUDE: 97 24 W
[TEMPERATURE DATA] [PRECIPITATION DATA] SYMBOLS USED IN COLUMN 16
AVERAGE MONTHLY: 90.2 TOTAL FOR MONTH: 0.00 1 = FOG OR MIST
DPTR FM NORMAL: 6.5 DPTR FM NORMAL: -2.10 2 = FOG REDUCING VISIBILITY
HIGHEST: 108 ON 18,20 GRTST 24HR 0.00 ON 1- 1 TO 1/4 MILE OR LESS
LOWEST: 68 ON 14 3 = THUNDER
SNOW, ICE PELLETS, HAIL 4 = ICE PELLETS
TOTAL MONTH: M 5 = HAIL
GRTST 24HR M ON M 6 = FREEZING RAIN OR DRIZZLE
GRTST DEPTH: M ON M 7 = DUSTSTORM OR SANDSTORM:
VSBY 1/2 MILE OR LESS
8 = SMOKE OR HAZE
[NO. OF DAYS WITH] [WEATHER - DAYS WITH] 9 = BLOWING SNOW
X = TORNADO
MAX 32 OR BELOW: 0 0.01 INCH OR MORE: 0
MAX 90 OR ABOVE: 31 0.10 INCH OR MORE: 0
MIN 32 OR BELOW: 0 0.50 INCH OR MORE: 0
MIN 0 OR BELOW: 0 1.00 INCH OR MORE: 0
[HDD (BASE 65) ]
TOTAL THIS MO. 0 CLEAR (SCALE 0-3) 31
DPTR FM NORMAL 0 PTCLDY (SCALE 4-7) 0
TOTAL FM JUL 1 0 CLOUDY (SCALE 8-10) 0
DPTR FM NORMAL 0
[CDD (BASE 65) ]
TOTAL THIS MO. 795
DPTR FM NORMAL 215 [PRESSURE DATA]
TOTAL FM JAN 1 1958 HIGHEST SLP M ON M
DPTR FM NORMAL 566 LOWEST SLP M ON M
[REMARKS]
#FINAL-07-22#