000
CXUS56 KLOX 011155
CF6CQT
PRELIMINARY LOCAL CLIMATOLOGICAL DATA (WS FORM: F-6)
STATION: DOWNTOWN LOS ANGELES (USC) CA
MONTH: MAY
YEAR: 2023
LATITUDE: 34 1 N
LONGITUDE: 118 17 W
TEMPERATURE IN F: :PCPN: SNOW: WIND :SUNSHINE: SKY :PK WND
================================================================================
1 2 3 4 5 6A 6B 7 8 9 10 11 12 13 14 15 16 17 18
12Z AVG MX 2MIN
DY MAX MIN AVG DEP HDD CDD WTR SNW DPTH SPD SPD DIR MIN PSBL S-S WX SPD DR
================================================================================
1 67 56 62 -3 3 0 0.04 M M 2.0 8 270 M M 9 1 17 260
2 65 53 59 -6 6 0 0.00 M M 1.9 10 260 M M 4 18 260
3 66 50 58 -7 7 0 0.03 M M 1.8 12 260 M M 3 19 270
4 66 52 59 -6 6 0 0.47 M M 2.8 8 250 M M 8 1 14 270
5 67 56 62 -3 3 0 0.00 M M 1.9 7 260 M M 6 M M
6 68 53 61 -4 4 0 0.00 M M 1.4 10 270 M M 0 17 260
7 71 56 64 -1 1 0 0.00 M M 2.3 6 250 M M 0 17 250
8 72 58 65 0 0 0 0.00 M M 1.6 9 260 M M 2 8 15 270
9 66 57 62 -4 3 0 0.00 M M 2.4 8 260 M M 6 8 17 260
10 69 56 63 -3 2 0 0.00 M M 2.0 8 260 M M 5 14 280
11 69 57 63 -3 2 0 0.00 M M 1.6 9 260 M M 4 18 270
12 74 55 65 -1 0 0 0.00 M M 2.1 9 260 M M 1 15 260
13 74 58 66 0 0 1 0.00 M M 1.0 8 280 M M 5 18 14 260
14 77 60 69 3 0 4 0.00 M M 1.6 9 260 M M 7 18 15 270
15 71 61 66 0 0 1 0.00 M M 1.8 9 260 M M 8 8 14 260
16 73 58 66 0 0 1 0.00 M M 1.8 8 270 M M 7 1 15 260
17 72 58 65 -1 0 0 0.00 M M 1.9 8 270 M M 7 18 15 270
18 74 60 67 1 0 2 0.00 M M 1.7 8 270 M M 7 18 13 270
19 68 61 65 -1 0 0 0.00 M M 1.2 7 270 M M 10 18 10 270
20 74 62 68 2 0 3 0.00 M M 1.3 8 260 M M 8 8 15 270
21 74 61 68 2 0 3 0.00 M M 1.3 8 280 M M 6 18 15 260
22 69 61 65 -1 0 0 0.00 M M 0.6 8 260 M M 10 18 13 270
23 66 61 64 -2 1 0 0.01 M M 1.5 7 280 M M 10 1 9 130
24 68 59 64 -2 1 0 0.00 M M 0.9 7 270 M M 10 1 11 260
25 67 61 64 -2 1 0 0.00 M M 2.2 8 260 M M 10 14 270
26 69 58 64 -3 1 0 0.00 M M 1.0 9 260 M M 9 20 270
27 70 59 65 -2 0 0 0.00 M M 1.8 9 270 M M 7 17 260
28 68 59 64 -3 1 0 0.00 M M 1.7 8 270 M M 10 12 270
29 71 62 67 0 0 2 0.00 M M 1.7 8 260 M M 9 14 250
30 69 61 65 -2 0 0 0.00 M M 3.0 10 260 M M 9 17 270
31 69 61 65 -2 0 0 0.00 M M 1.3 7 260 M M 10 11 260
================================================================================
SM 2163 1800 42 17 0.55 M 53.1 M 207
================================================================================
AV 69.8 58.1 1.7 FASTST M M 7 MAX(MPH)
MISC ----> 12 260 20 270
================================================================================
NOTES:
# LAST OF SEVERAL OCCURRENCES
COLUMN 17 PEAK WIND IN M.P.H.
PRELIMINARY LOCAL CLIMATOLOGICAL DATA (WS FORM: F-6) , PAGE 2
STATION: DOWNTOWN LOS ANGELES (USC) CA
MONTH: MAY
YEAR: 2023
LATITUDE: 34 1 N
LONGITUDE: 118 17 W
[TEMPERATURE DATA] [PRECIPITATION DATA] SYMBOLS USED IN COLUMN 16
AVERAGE MONTHLY: 63.9 TOTAL FOR MONTH: 0.55 1 = FOG OR MIST
DPTR FM NORMAL: -2.0 DPTR FM NORMAL: 0.23 2 = FOG REDUCING VISIBILITY
HIGHEST: 77 ON 14 GRTST 24HR 0.50 ON 3- 4 TO 1/4 MILE OR LESS
LOWEST: 50 ON 3 3 = THUNDER
SNOW, ICE PELLETS, HAIL 4 = ICE PELLETS
TOTAL MONTH: M 5 = HAIL
GRTST 24HR M ON M 6 = FREEZING RAIN OR DRIZZLE
GRTST DEPTH: M ON M 7 = DUSTSTORM OR SANDSTORM:
VSBY 1/2 MILE OR LESS
8 = SMOKE OR HAZE
[NO. OF DAYS WITH] [WEATHER - DAYS WITH] 9 = BLOWING SNOW
X = TORNADO
MAX 32 OR BELOW: 0 0.01 INCH OR MORE: 4
MAX 90 OR ABOVE: 0 0.10 INCH OR MORE: 1
MIN 32 OR BELOW: 0 0.50 INCH OR MORE: 0
MIN 0 OR BELOW: 0 1.00 INCH OR MORE: 0
[HDD (BASE 65) ]
TOTAL THIS MO. 42 CLEAR (SCALE 0-3) 5
DPTR FM NORMAL 3 PTCLDY (SCALE 4-7) 14
TOTAL FM JUL 1 1270 CLOUDY (SCALE 8-10) 12
DPTR FM NORMAL 268
[CDD (BASE 65) ]
TOTAL THIS MO. 17
DPTR FM NORMAL -50 [PRESSURE DATA]
TOTAL FM JAN 1 41 HIGHEST SLP M ON M
DPTR FM NORMAL -113 LOWEST SLP 29.81 ON 13
[REMARKS]
#FINAL-05-23#