000
CXUS52 KILM 011100
CF6CRE
PRELIMINARY LOCAL CLIMATOLOGICAL DATA (WS FORM: F-6)
STATION: N.MYRTLE BEACH SOUTH CAROLINA
MONTH: FEBRUARY
YEAR: 2021
LATITUDE: 33 49 N
LONGITUDE: 78 43 W
TEMPERATURE IN F: :PCPN: SNOW: WIND :SUNSHINE: SKY :PK WND
================================================================================
1 2 3 4 5 6A 6B 7 8 9 10 11 12 13 14 15 16 17 18
12Z AVG MX 2MIN
DY MAX MIN AVG DEP HDD CDD WTR SNW DPTH SPD SPD DIR MIN PSBL S-S WX SPD DR
================================================================================
1 53 39 46 0 19 0 0.14 M M 6.6 15 360 M M 10 1 20 350
2 46 37 42 -4 23 0 0.01 M M 9.1 18 300 M M 7 26 280
3 51 32 42 -4 23 0 0.00 M M 7.7 17 290 M M 1 26 290
4 50 28 39 -7 26 0 0.00 M M 5.5 12 210 M M 0 14 200
5 55 49 52 6 13 0 0.03 M M 10.8 28 210 M M 8 1 35 220
6 51 40 46 -1 19 0 0.24 M M 7.7 18 40 M M 10 1 24 30
7 50 34 42 -5 23 0 0.63 M M 6.6 20 30 M M 7 13 26 30
8 54 31 43 -4 22 0 0.00 M M 6.4 13 110 M M 0 1 16 50
9 65 45 55 8 10 0 0.28 M M 3.0 10 240 M M 6 12 14 250
10 59 45 52 5 13 0 T M M 5.5 16 50 M M 10 12 22 90
11 60 50 55 8 10 0 0.05 M M 4.7 14 60 M M 9 12 21 90
12 52 39 46 -1 19 0 0.44 M M 9.7 17 40 M M 10 1 23 30
13 43 38 41 -7 24 0 0.59 M M 8.3 15 30 M M 10 1 22 10
14 43 39 41 -7 24 0 1.07 M M 8.9 16 60 M M 10 1 22 10
15 66 40 53 5 12 0 0.44 M M 7.9 24 180 M M 10 138 31 190
16 68 46 57 9 8 0 0.02 M M 11.0 25 210 M M 4 38 33 210
17 52 38 45 -3 20 0 T M M 8.7 16 50 M M 5 20 90
18 47 40 44 -4 21 0 1.12 M M 8.9 16 280 M M 10 13 21 280
19 43 35 39 -10 26 0 0.75 M M 6.3 13 360 M M 8 1 17 10
20 51 31 41 -8 24 0 0.00 M M 5.6 16 20 M M 1 12 24 10
21 45 31 38 -11 27 0 0.00 M M 9.0 18 50 M M 0 23 60
22 61 34 48 -1 17 0 0.29 M M 7.5 21 210 M M 6 1 25 160
23 58 43 51 2 14 0 0.00 M M 7.1 17 210 M M 1 12 21 220
24 62 39 51 1 14 0 0.00 M M 6.4 16 220 M M 0 1 21 210
25 71 44 58 8 7 0 0.00 M M 7.4 15 90 M M 2 21 100
26 67 49 58 8 7 0 0.00 M M 9.1 22 90 M M 4 30 90
27 69 50 60 10 5 0 0.00 M M 4.3 13 190 M M 4 12 16 200
28 71 60 66 16 0 1 T M M 11.3 24 220 M M 6 12 31 210
================================================================================
SM 1563 1126 470 1 6.10 M 211.0 M 159
================================================================================
AV 55.8 40.2 7.5 FASTST M M 6 MAX(MPH)
MISC ----> 28 210 35 220
================================================================================
NOTES:
# LAST OF SEVERAL OCCURRENCES
COLUMN 17 PEAK WIND IN M.P.H.
PRELIMINARY LOCAL CLIMATOLOGICAL DATA (WS FORM: F-6) , PAGE 2
STATION: N.MYRTLE BEACH SOUTH CAROLINA
MONTH: FEBRUARY
YEAR: 2021
LATITUDE: 33 49 N
LONGITUDE: 78 43 W
[TEMPERATURE DATA] [PRECIPITATION DATA] SYMBOLS USED IN COLUMN 16
AVERAGE MONTHLY: 48.0 TOTAL FOR MONTH: 6.10 1 = FOG OR MIST
DPTR FM NORMAL: 0.0 DPTR FM NORMAL: 2.68 2 = FOG REDUCING VISIBILITY
HIGHEST: 71 ON 28,25 GRTST 24HR 1.58 ON 31- 1 TO 1/4 MILE OR LESS
LOWEST: 28 ON 4 3 = THUNDER
SNOW, ICE PELLETS, HAIL 4 = ICE PELLETS
TOTAL MONTH: M 5 = HAIL
GRTST 24HR M ON M 6 = FREEZING RAIN OR DRIZZLE
GRTST DEPTH: M ON M 7 = DUSTSTORM OR SANDSTORM:
VSBY 1/2 MILE OR LESS
8 = SMOKE OR HAZE
[NO. OF DAYS WITH] [WEATHER - DAYS WITH] 9 = BLOWING SNOW
X = TORNADO
MAX 32 OR BELOW: 0 0.01 INCH OR MORE: 15
MAX 90 OR ABOVE: 0 0.10 INCH OR MORE: 11
MIN 32 OR BELOW: 5 0.50 INCH OR MORE: 5
MIN 0 OR BELOW: 0 1.00 INCH OR MORE: 2
[HDD (BASE 65) ]
TOTAL THIS MO. 470 CLEAR (SCALE 0-3) 8
DPTR FM NORMAL -6 PTCLDY (SCALE 4-7) 10
TOTAL FM JUL 1 1689 CLOUDY (SCALE 8-10) 10
DPTR FM NORMAL -257
[CDD (BASE 65) ]
TOTAL THIS MO. 1
DPTR FM NORMAL 1 [PRESSURE DATA]
TOTAL FM JAN 1 1 HIGHEST SLP 30.59 ON 21
DPTR FM NORMAL 1 LOWEST SLP 29.66 ON 1
[REMARKS]
#FINAL-02-21#