000
CXUS56 KSGX 011145
CF6CRQ
PRELIMINARY LOCAL CLIMATOLOGICAL DATA (WS FORM: F-6)
STATION: CARLSBAD PALOMAR AIRPORT CA
MONTH: DECEMBER
YEAR: 2023
LATITUDE: 33 7 N
LONGITUDE: 117 17 W
TEMPERATURE IN F: :PCPN: SNOW: WIND :SUNSHINE: SKY :PK WND
================================================================================
1 2 3 4 5 6A 6B 7 8 9 10 11 12 13 14 15 16 17 18
12Z AVG MX 2MIN
DY MAX MIN AVG DEP HDD CDD WTR SNW DPTH SPD SPD DIR MIN PSBL S-S WX SPD DR
================================================================================
1 65 52 59 2 6 0 0.00 M M 3.6 13 250 M M 0 18 270
2 68 48 58 1 7 0 0.00 M M 3.3 10 240 M M 0 13 260
3 69 47 58 1 7 0 0.00 M M 2.5 9 270 M M 0 13 270
4 69 51 60 3 5 0 0.00 M M 2.7 10 230 M M 0 14 270
5 79 53 66 9 0 1 0.00 M M 2.4 12 260 M M 0 14 250
6 72 54 63 7 2 0 0.00 M M 3.2 12 250 M M 2 1 14 260
7 65 54 60 4 5 0 0.00 M M 3.7 10 250 M M 5 1 15 260
8 65 52 59 3 6 0 0.00 M M 3.0 9 260 M M 1 13 260
9 77 49 63 7 2 0 0.00 M M 4.6 15 80 M M 0 20 90
10 75 49 62 6 3 0 0.00 M M 2.2 12 260 M M 0 15 280
11 70 49 60 4 5 0 0.00 M M 2.4 8 260 M M 1 11 260
12 66 M M M M M 0.00 M M 4.4 12 210 M M 3 2 14 220
13 65 M M M M M 0.00 M M 2.7 12 250 M M 3 16 240
14 M M M M M M 0.00 M M 2.6 10 260 M M 0 13 250
15 M M M M M M 0.00 M M 2.1 12 250 M M 0 13 250
16 M M M M M M 0.00 M M 2.9 13 260 M M 0 15 260
17 79 61 70 14 0 5 0.00 M M 3.2 10 250 M M 0 12 300
18 75 61 68 12 0 3 0.02 M M 3.1 12 260 M M 5 13 260
19 70 64 67 11 0 2 0.00 M M 2.6 10 250 M M 8 11 260
20 M M M M M M 0.20 M M 5.6 15 210 M M 8 20 220
21 64 64 64 8 1 0 0.24 M M 5.7 44 220 M M 4 3 56 210
22 M M M M M M 0.27 M M 3.2 16 90 M M 4 3 21 120
23 M M M M M M 0.00 M M 4.7 13 230 M M 7 16 260
24 M M M M M M 0.00 M M 3.1 12 250 M M 4 15 260
25 M M M M M M 0.00 M M 2.9 9 260 M M 2 13 260
26 M M M M M M 0.00 M M 2.3 9 260 M M 2 12 270
27 M M M M M M 0.00 M M 1.4 9 260 M M 6 18 13 260
28 M M M M M M 0.00 M M 2.6 9 260 M M 3 8 14 280
29 M M M M M M 0.00 M M 2.7 10 260 M M 3 12 12 250
30 M M M M M M 0.20 0.0 0 5.6 16 250 M M 8 19 250
31 M M M M M M 0.04 0.0 0 3.8 9 250 M M 4 11 240
================================================================================
SM 1193 808 49 11 0.97 0.0 100.8 M 83
================================================================================
AV 70.2 53.9 3.3 FASTST M M 3 MAX(MPH)
MISC ----> 44 220 56 210
================================================================================
NOTES:
# LAST OF SEVERAL OCCURRENCES
COLUMN 17 PEAK WIND IN M.P.H.
PRELIMINARY LOCAL CLIMATOLOGICAL DATA (WS FORM: F-6) , PAGE 2
STATION: CARLSBAD PALOMAR AIRPORT CA
MONTH: DECEMBER
YEAR: 2023
LATITUDE: 33 7 N
LONGITUDE: 117 17 W
[TEMPERATURE DATA] [PRECIPITATION DATA] SYMBOLS USED IN COLUMN 16
AVERAGE MONTHLY: 62.0 TOTAL FOR MONTH: 0.97 1 = FOG OR MIST
DPTR FM NORMAL: 6.0 DPTR FM NORMAL: -0.75 2 = FOG REDUCING VISIBILITY
HIGHEST: 79 ON 17, 5 GRTST 24HR 0.51 ON 21-22 TO 1/4 MILE OR LESS
LOWEST: 47 ON 3 3 = THUNDER
SNOW, ICE PELLETS, HAIL 4 = ICE PELLETS
TOTAL MONTH: 0.0 INCH 5 = HAIL
GRTST 24HR 0.0 6 = FREEZING RAIN OR DRIZZLE
GRTST DEPTH: 0 7 = DUSTSTORM OR SANDSTORM:
VSBY 1/2 MILE OR LESS
8 = SMOKE OR HAZE
[NO. OF DAYS WITH] [WEATHER - DAYS WITH] 9 = BLOWING SNOW
X = TORNADO
MAX 32 OR BELOW: 0 0.01 INCH OR MORE: 6
MAX 90 OR ABOVE: 0 0.10 INCH OR MORE: 4
MIN 32 OR BELOW: 0 0.50 INCH OR MORE: 0
MIN 0 OR BELOW: 0 1.00 INCH OR MORE: 0
[HDD (BASE 65) ]
TOTAL THIS MO. 49 CLEAR (SCALE 0-3) 18
DPTR FM NORMAL -233 PTCLDY (SCALE 4-7) 12
TOTAL FM JUL 1 101 CLOUDY (SCALE 8-10) 1
DPTR FM NORMAL -373
[CDD (BASE 65) ]
TOTAL THIS MO. 11
DPTR FM NORMAL 9 [PRESSURE DATA]
TOTAL FM JAN 1 716 HIGHEST SLP 30.22 ON 3
DPTR FM NORMAL 109 LOWEST SLP 29.85 ON 12
[REMARKS]
#FINAL-12-23#