000
CXUS52 KTAE 010800
CF6CTY
PRELIMINARY LOCAL CLIMATOLOGICAL DATA (WS FORM: F-6)
STATION: CROSS CITY
MONTH: JULY
YEAR: 2023
LATITUDE: 29 37 N
LONGITUDE: 83 6 W
TEMPERATURE IN F: :PCPN: SNOW: WIND :SUNSHINE: SKY :PK WND
================================================================================
1 2 3 4 5 6A 6B 7 8 9 10 11 12 13 14 15 16 17 18
12Z AVG MX 2MIN
DY MAX MIN AVG DEP HDD CDD WTR SNW DPTH SPD SPD DIR MIN PSBL S-S WX SPD DR
================================================================================
1 95 70 83 2 0 18 0.00 0.0 M 2.3 9 270 M M 1 1 142 10
2 93 75 84 3 0 19 0.00 0.0 M 3.1 13 240 M M 2 17 230
3 95 75 85 4 0 20 0.00 0.0 0 4.7 13 240 M M 2 1 17 240
4 95 73 84 3 0 19 0.00 0.0 0 3.8 9 270 M M 2 13 18 280
5 93 75 84 3 0 19 0.00 0.0 0 3.7 14 280 M M 2 1 M M
6 93 75 84 3 0 19 0.00 0.0 0 4.9 10 260 M M 1 17 280
7 93 77 85 4 0 20 0.00 0.0 0 5.4 15 260 M M 3 22 230
8 93 75 84 3 0 19 0.00 0.0 0 6.7 16 240 M M 2 23 240
9 91 79 85 4 0 20 0.05 M M 7.9 16 270 M M 2 23 290
10 86 75 81 0 0 16 1.62 M M 7.0 13 240 M M 3 1 20 250
11 90 75 83 2 0 18 0.56 M M 6.3 14 240 M M 5 13 M M
12 93 73 83 2 0 18 0.00 M M 4.0 10 270 M M 1 13 M M
13 91 75 83 2 0 18 0.00 M M 4.4 13 270 M M 1 16 280
14 90 75 83 2 0 18 0.00 0.0 M 5.1 13 250 M M 3 1 18 230
15 90 75 83 2 0 18 0.18 0.0 M 5.5 14 240 M M 4 18 300
16 93 75 84 3 0 19 0.21 0.0 0 5.3 13 250 M M 4 3 23 120
17 91 77 84 3 0 19 0.02 0.0 0 5.8 12 270 M M 4 18 20 250
18 91 77 84 3 0 19 0.23 M M 3.3 10 240 M M 2 1 M M
19 93 73 83 2 0 18 0.00 M M 3.5 10 230 M M 1 1 17 260
20 95 73 84 3 0 19 0.00 0.0 0 4.0 9 280 M M 2 M M
21 93 75 84 3 0 19 0.00 0.0 0 6.1 14 250 M M 1 16 290
22 93 75 84 3 0 19 0.05 0.0 0 6.2 15 250 M M 3 22 250
23 82 73 78 -3 0 13 1.13 0.0 0 3.1 17 240 M M 5 13 24 240
24 91 75 83 1 0 18 0.01 0.0 0 4.9 12 240 M M 4 20 260
25 91 73 82 0 0 17 0.00 0.0 0 4.5 12 270 M M 1 66 350
26 95 72 84 2 0 19 0.08 0.0 0 2.5 8 10 M M 2 M M
27 93 72 83 1 0 18 0.00 0.0 0 2.8 9 90 M M 1 8 M M
28 91 77 84 2 0 19 0.27 0.0 M 2.4 12 330 M M 6 13 M M
29 93 75 84 2 0 19 0.37 0.0 M 2.4 10 260 M M 3 13 32 260
30 95 75 85 3 0 20 0.00 0.0 0 5.3 12 300 M M 2 13 16 40
31 91 73 82 0 0 17 0.04 0.0 0 3.6 12 180 M M 2 8 16 180
================================================================================
SM 2852 2312 0 571 4.82 0.0 140.5 M 77
================================================================================
AV 92.0 74.6 4.5 FASTST M M 2 MAX(MPH)
MISC ----> 17 240 142 10
================================================================================
NOTES:
# LAST OF SEVERAL OCCURRENCES
COLUMN 17 PEAK WIND IN M.P.H.
PRELIMINARY LOCAL CLIMATOLOGICAL DATA (WS FORM: F-6) , PAGE 2
STATION: CROSS CITY
MONTH: JULY
YEAR: 2023
LATITUDE: 29 37 N
LONGITUDE: 83 6 W
[TEMPERATURE DATA] [PRECIPITATION DATA] SYMBOLS USED IN COLUMN 16
AVERAGE MONTHLY: 83.3 TOTAL FOR MONTH: 4.82 1 = FOG OR MIST
DPTR FM NORMAL: 2.0 DPTR FM NORMAL: -2.95 2 = FOG REDUCING VISIBILITY
HIGHEST: 95 ON 30,26 GRTST 24HR 1.62 ON 10-10 TO 1/4 MILE OR LESS
LOWEST: 70 ON 1 3 = THUNDER
SNOW, ICE PELLETS, HAIL 4 = ICE PELLETS
TOTAL MONTH: 0.0 INCH 5 = HAIL
GRTST 24HR 0.0 6 = FREEZING RAIN OR DRIZZLE
GRTST DEPTH: 0 7 = DUSTSTORM OR SANDSTORM:
VSBY 1/2 MILE OR LESS
8 = SMOKE OR HAZE
[NO. OF DAYS WITH] [WEATHER - DAYS WITH] 9 = BLOWING SNOW
X = TORNADO
MAX 32 OR BELOW: 0 0.01 INCH OR MORE: 14
MAX 90 OR ABOVE: 29 0.10 INCH OR MORE: 8
MIN 32 OR BELOW: 0 0.50 INCH OR MORE: 3
MIN 0 OR BELOW: 0 1.00 INCH OR MORE: 2
[HDD (BASE 65) ]
TOTAL THIS MO. 0 CLEAR (SCALE 0-3) 24
DPTR FM NORMAL 0 PTCLDY (SCALE 4-7) 7
TOTAL FM JUL 1 0 CLOUDY (SCALE 8-10) 0
DPTR FM NORMAL 0
[CDD (BASE 65) ]
TOTAL THIS MO. 571
DPTR FM NORMAL 66 [PRESSURE DATA]
TOTAL FM JAN 1 1663 HIGHEST SLP M ON M
DPTR FM NORMAL 193 LOWEST SLP M ON M
[REMARKS]
#FINAL-07-23#