000
CXUS52 KCAE 011257
CLMCUB
CLIMATE REPORT
NATIONAL WEATHER SERVICE COLUMBIA SC
857 AM EDT FRI SEP 01 2023
...................................
...THE HAMILTON - OWENS AIRPORT SC CLIMATE SUMMARY FOR THE MONTH OF AUGUST 2023...
CLIMATE NORMAL PERIOD: 1991 TO 2020
CLIMATE RECORD PERIOD: 9999 TO 9999
WEATHER OBSERVED NORMAL DEPART LAST YEAR`S
VALUE DATE(S) VALUE FROM VALUE
NORMAL
..............................................................
TEMPERATURE (F)
HIGHEST 100 08/15 MM MM
08/26
LOWEST 67 08/24 MM MM
AVG. MAXIMUM 92.4 91.3 1.1
AVG. MINIMUM 72.6 72.3 0.3
MEAN 82.5 81.8 0.7
DAYS MAX >= 90 23 21.5 1.5
DAYS MAX <= 32 0 0.0 0.0
DAYS MIN <= 32 0 0.0 0.0
DAYS MIN <= 0 0 0.0 0.0
PRECIPITATION (INCHES)
TOTALS 5.99 4.65 1.34
DAYS >= .01 14 10.3 3.7
DAYS >= .10 8 6.6 1.4
DAYS >= .50 3 2.7 0.3
DAYS >= 1.00 3 1.2 1.8
GREATEST
24 HR. TOTAL 1.77 08/30 TO 08/30
DAYS >= TRACE MM
DEGREE DAYS
HEATING TOTAL 0 0 0
SINCE 7/1 0 0 0
COOLING TOTAL 548 521 27
SINCE 1/1 1750 1928 -178
..............................................................
WIND (MPH)
AVERAGE WIND SPEED 3.3
RESULTANT WIND SPEED/DIRECTION 1/180
HIGHEST WIND SPEED/DIRECTION 30/250 DATE 08/15
HIGHEST GUST SPEED/DIRECTION 45/240 DATE 08/15
SKY COVER
POSSIBLE SUNSHINE (PERCENT) MM
AVERAGE SKY COVER 0.25
NUMBER OF DAYS FAIR 24
NUMBER OF DAYS PC 6
NUMBER OF DAYS CLOUDY 1
AVERAGE RH (PERCENT) 69
WEATHER CONDITIONS. NUMBER OF DAYS WITH
THUNDERSTORM 7 MIXED PRECIP 0
HEAVY RAIN 6 RAIN 8
LIGHT RAIN 13 FREEZING RAIN 0
LT FREEZING RAIN 0 HAIL 0
HEAVY SNOW 0 SNOW 0
LIGHT SNOW 0 SLEET 0
FOG 14 FOG W/VIS <= 1/4 MILE 1
HAZE 8
- INDICATES NEGATIVE NUMBERS.
R INDICATES RECORD WAS SET OR TIED.
MM INDICATES DATA IS MISSING.
T INDICATES TRACE AMOUNT.
$$