000
CXUS53 KUNR 071513
CF6CUT
PRELIMINARY LOCAL CLIMATOLOGICAL DATA (WS FORM: F-6)
STATION: CUSTER COUNTY AIRPORT SD
MONTH: JUNE
YEAR: 2022
LATITUDE: 43 43 N
LONGITUDE: 103 37 W
TEMPERATURE IN F: :PCPN: SNOW: WIND :SUNSHINE: SKY :PK WND
================================================================================
1 2 3 4 5 6A 6B 7 8 9 10 11 12 13 14 15 16 17 18
12Z AVG MX 2MIN
DY MAX MIN AVG DEP HDD CDD WTR SNW DPTH SPD SPD DIR MIN PSBL S-S WX SPD DR
================================================================================
1 57 31 44 -10 21 0 0.00 M M 3.8 9 70 M M 5 14 70
2 61 36 49 -5 16 0 0.00 M M 4.9 16 70 M M 5 21 70
3 61 40 51 -4 14 0 0.42 M M 4.9 12 120 M M 6 13 18 120
4 65 44 55 0 10 0 0.23 M M 6.4 17 290 M M 4 13 30 290
5 69 49 59 4 6 0 0.28 M M 5.3 17 240 M M 7 13 30 230
6 66 43 55 -1 10 0 0.14 M M 5.8 15 270 M M 5 123 23 270
7 62 41 52 -4 13 0 0.04 M M 4.9 22 330 M M 6 3 43 330
8 66 38 52 -4 13 0 0.00 M M 7.9 20 270 M M 4 27 270
9 73 48 61 4 4 0 T M M 4.7 16 270 M M 5 25 290
10 76 47 62 5 3 0 0.00 M M 5.2 15 240 M M 0 24 240
11 78 53 66 9 0 1 0.01 M M 6.3 20 300 M M 1 3 38 320
12 78 52 65 7 0 0 0.00 M M 7.7 21 50 M M 3 12 30 60
13 76 56 66 8 0 1 0.00 M M 7.8 14 50 M M 7 12 22 40
14 63 46 55 -3 10 0 0.03 M M 11.3 31 260 M M 2 53 240
15 69 40 55 -4 10 0 0.00 M M 10.8 30 280 M M 0 47 260
16 78 41 60 1 5 0 0.00 M M 6.2 13 100 M M 0 19 220
17 83 52 68 9 0 3 0.00 M M 7.7 21 120 M M 1 29 120
18 86 58 72 12 0 7 T M M 4.7 13 210 M M 1 3 21 190
19 82 59 71 11 0 6 T M M 7.4 21 270 M M 2 3 31 260
20 71 49 60 0 5 0 0.16 M M 6.5 20 250 M M 4 13 33 240
21 69 42 56 -5 9 0 0.00 M M 5.9 16 260 M M 0 25 290
22 80 41 61 0 4 0 0.00 M M 5.4 14 270 M M 0 25 270
23 85 52 69 7 0 4 0.00 M M 5.3 21 270 M M 0 27 270
24 83 51 67 5 0 2 0.21 M M 6.4 16 40 M M 4 138 29 50
25 65 40 53 -9 12 0 0.03 M M 8.1 20 10 M M 3 13 35 360
26 65 38 52 -10 13 0 0.00 M M 4.1 12 130 M M 4 17 120
27 80 41 61 -2 4 0 0.00 M M 6.5 18 260 M M 0 28 260
28 84 48 66 3 0 1 0.00 M M 5.6 15 280 M M 0 3 25 240
29 88 54 71 8 0 6 0.06 M M 7.6 20 290 M M 0 3 34 280
30 73 53 63 -1 2 0 0.00 M M 6.7 15 60 M M 3 19 70
================================================================================
SM 2192 1383 184 31 1.61 M 191.8 M 82
================================================================================
AV 73.1 46.1 6.4 FASTST M M 3 MAX(MPH)
MISC ----> 31 260 53 240
================================================================================
NOTES:
# LAST OF SEVERAL OCCURRENCES
COLUMN 17 PEAK WIND IN M.P.H.
PRELIMINARY LOCAL CLIMATOLOGICAL DATA (WS FORM: F-6) , PAGE 2
STATION: CUSTER COUNTY AIRPORT SD
MONTH: JUNE
YEAR: 2022
LATITUDE: 43 43 N
LONGITUDE: 103 37 W
[TEMPERATURE DATA] [PRECIPITATION DATA] SYMBOLS USED IN COLUMN 16
AVERAGE MONTHLY: 59.6 TOTAL FOR MONTH: 1.61 1 = FOG OR MIST
DPTR FM NORMAL: 0.7 DPTR FM NORMAL: -1.55 2 = FOG REDUCING VISIBILITY
HIGHEST: 88 ON 29 GRTST 24HR 0.42 ON 3- 3 TO 1/4 MILE OR LESS
LOWEST: 31 ON 1 3 = THUNDER
SNOW, ICE PELLETS, HAIL 4 = ICE PELLETS
TOTAL MONTH: M 5 = HAIL
GRTST 24HR M ON M 6 = FREEZING RAIN OR DRIZZLE
GRTST DEPTH: M ON M 7 = DUSTSTORM OR SANDSTORM:
VSBY 1/2 MILE OR LESS
8 = SMOKE OR HAZE
[NO. OF DAYS WITH] [WEATHER - DAYS WITH] 9 = BLOWING SNOW
X = TORNADO
MAX 32 OR BELOW: 0 0.01 INCH OR MORE: 11
MAX 90 OR ABOVE: 0 0.10 INCH OR MORE: 6
MIN 32 OR BELOW: 1 0.50 INCH OR MORE: 0
MIN 0 OR BELOW: 0 1.00 INCH OR MORE: 0
[HDD (BASE 65) ]
TOTAL THIS MO. 184 CLEAR (SCALE 0-3) 17
DPTR FM NORMAL -25 PTCLDY (SCALE 4-7) 13
TOTAL FM JUL 1 7790 CLOUDY (SCALE 8-10) 0
DPTR FM NORMAL -362
[CDD (BASE 65) ]
TOTAL THIS MO. 31
DPTR FM NORMAL 5 [PRESSURE DATA]
TOTAL FM JAN 1 31 HIGHEST SLP 30.43 ON 26
DPTR FM NORMAL 4 LOWEST SLP 29.44 ON 13
[REMARKS]
#FINAL-06-22#