000
CXUS53 KUNR 010945
CF6CUT
PRELIMINARY LOCAL CLIMATOLOGICAL DATA (WS FORM: F-6)
STATION: CUSTER COUNTY AIRPORT SD
MONTH: JULY
YEAR: 2020
LATITUDE: 43 43 N
LONGITUDE: 103 37 W
TEMPERATURE IN F: :PCPN: SNOW: WIND :SUNSHINE: SKY :PK WND
================================================================================
1 2 3 4 5 6A 6B 7 8 9 10 11 12 13 14 15 16 17 18
12Z AVG MX 2MIN
DY MAX MIN AVG DEP HDD CDD WTR SNW DPTH SPD SPD DIR MIN PSBL S-S WX SPD DR
================================================================================
1 79 43 61 -3 4 0 0.00 M M 8.8 25 250 M M 1 40 260
2 88 58 73 9 0 8 0.00 M M 6.9 21 40 M M 2 3 32 110
3 90 52 71 7 0 6 0.01 M M 5.4 16 150 M M 1 3 26 170
4 83 57 70 6 0 5 0.26 M M 8.4 29 260 M M 1 13 44 270
5 83 52 68 3 0 3 1.98 M M 7.5 33 250 M M 1 123 61 230
6 78 53 66 1 0 1 0.01 M M 8.2 22 60 M M 5 1 32 40
7 82 55 69 4 0 4 T M M 7.3 15 250 M M 3 123 25 250
8 83 58 71 6 0 6 0.00 M M 7.1 15 40 M M 0 23 220
9 77 57 67 2 0 2 0.16 M M 7.6 22 60 M M 3 13 26 60
10 79 56 68 2 0 3 T M M 6.2 20 360 M M 3 13 33 340
11 81 51 66 0 0 1 0.00 M M 6.4 17 100 M M 1 24 100
12 88 50 69 3 0 4 0.00 M M 5.1 13 230 M M 1 22 140
13 79 54 67 1 0 2 T M M 8.9 21 40 M M 1 32 30
14 67 49 58 -8 7 0 0.27 M M 5.8 17 360 M M 8 13 26 350
15 75 48 62 -4 3 0 0.09 M M 6.1 14 210 M M 2 123 23 200
16 78 54 66 0 0 1 0.00 M M 6.9 16 80 M M 0 24 90
17 91 58 75 9 0 10 0.00 M M 7.4 21 270 M M 0 27 270
18 76 57 67 1 0 2 0.00 M M 6.9 17 340 M M 1 26 330
19 72 51 62 -4 3 0 0.09 M M 7.5 31 90 M M 5 13 40 100
20 77 53 65 -1 0 0 0.40 M M 6.1 23 30 M M 5 13 37 20
21 74 52 63 -3 2 0 0.00 M M 5.0 15 90 M M 4 20 90
22 84 52 68 2 0 3 0.00 M M 5.9 15 140 M M 0 24 120
23 88 60 74 8 0 9 0.00 M M 5.8 20 240 M M 0 40 240
24 79 55 67 1 0 2 0.02 M M 4.7 18 280 M M 3 28 250
25 86 56 71 5 0 6 0.00 M M 4.9 12 30 M M 0 18 40
26 75 55 65 -1 0 0 0.00 M M 7.7 20 40 M M 1 28 100
27 82 51 67 1 0 2 0.00 M M 6.1 17 40 M M 3 12 23 40
28 83 55 69 3 0 4 T M M 5.6 16 50 M M 2 3 22 60
29 71 58 65 -1 0 0 0.02 M M 6.2 16 60 M M 6 3 23 100
30 74 54 64 -2 1 0 0.07 M M 4.0 10 270 M M 4 3 16 270
31 83 55 69 3 0 4 0.02 M M 6.2 16 80 M M 2 24 240
================================================================================
SM 2485 1669 20 88 3.40 M 202.6 M 69
================================================================================
AV 80.2 53.8 6.5 FASTST M M 2 MAX(MPH)
MISC ----> # 33 250 # 61 230
================================================================================
NOTES:
# LAST OF SEVERAL OCCURRENCES
COLUMN 17 PEAK WIND IN M.P.H.
PRELIMINARY LOCAL CLIMATOLOGICAL DATA (WS FORM: F-6) , PAGE 2
STATION: CUSTER COUNTY AIRPORT SD
MONTH: JULY
YEAR: 2020
LATITUDE: 43 43 N
LONGITUDE: 103 37 W
[TEMPERATURE DATA] [PRECIPITATION DATA] SYMBOLS USED IN COLUMN 16
AVERAGE MONTHLY: 67.0 TOTAL FOR MONTH: 3.40 1 = FOG OR MIST
DPTR FM NORMAL: 1.4 DPTR FM NORMAL: 0.96 2 = FOG REDUCING VISIBILITY
HIGHEST: 91 ON 17 GRTST 24HR 1.98 ON 5- 5 TO 1/4 MILE OR LESS
LOWEST: 43 ON 1 3 = THUNDER
SNOW, ICE PELLETS, HAIL 4 = ICE PELLETS
TOTAL MONTH: M 5 = HAIL
GRTST 24HR M ON M 6 = FREEZING RAIN OR DRIZZLE
GRTST DEPTH: M ON M 7 = DUSTSTORM OR SANDSTORM:
VSBY 1/2 MILE OR LESS
8 = SMOKE OR HAZE
[NO. OF DAYS WITH] [WEATHER - DAYS WITH] 9 = BLOWING SNOW
X = TORNADO
MAX 32 OR BELOW: 0 0.01 INCH OR MORE: 13
MAX 90 OR ABOVE: 2 0.10 INCH OR MORE: 5
MIN 32 OR BELOW: 0 0.50 INCH OR MORE: 1
MIN 0 OR BELOW: 0 1.00 INCH OR MORE: 1
[HDD (BASE 65) ]
TOTAL THIS MO. 20 CLEAR (SCALE 0-3) 24
DPTR FM NORMAL -41 PTCLDY (SCALE 4-7) 7
TOTAL FM JUL 1 20 CLOUDY (SCALE 8-10) 0
DPTR FM NORMAL -41
[CDD (BASE 65) ]
TOTAL THIS MO. 88
DPTR FM NORMAL 7 [PRESSURE DATA]
TOTAL FM JAN 1 128 HIGHEST SLP 30.19 ON 30
DPTR FM NORMAL 21 LOWEST SLP 29.59 ON 13
[REMARKS]
#FINAL-07-20#