000
CXUS51 KILN 010543
CF6CVG
PRELIMINARY LOCAL CLIMATOLOGICAL DATA (WS FORM: F-6)
STATION: CINCINNATI OH
MONTH: SEPTEMBER
YEAR: 2023
LATITUDE: 39 2 N
LONGITUDE: 84 40 W
TEMPERATURE IN F: :PCPN: SNOW: WIND :SUNSHINE: SKY :PK WND
================================================================================
1 2 3 4 5 6A 6B 7 8 9 10 11 12 13 14 15 16 17 18
12Z AVG MX 2MIN
DY MAX MIN AVG DEP HDD CDD WTR SNW DPTH SPD SPD DIR MIN PSBL S-S WX SPD DR
================================================================================
1 86 58 72 -1 0 7 0.00 0.0 0 5.7 12 80 M M 0 13 80
2 90 65 78 6 0 13 0.00 0.0 0 6.4 16 280 M M 4 1 21 270
3 90 68 79 7 0 14 0.00 0.0 0 5.2 14 270 M M 2 1 18 280
4 93 65 79 7 0 14 0.00 0.0 0 4.9 12 240 M M 2 1 19 170
5 93 71 82 10 0 17 0.00 0.0 0 7.8 22 230 M M 6 8 26 240
6 86 70 78 7 0 13 0.00 0.0 0 8.2 16 200 M M 6 1 22 230
7 76 63 70 -1 0 5 T 0.0 0 8.0 16 300 M M 7 18 20 300
8 78 64 71 0 0 6 0.00 0.0 0 7.8 15 350 M M 9 18 330
9 78 63 71 1 0 6 0.00 0.0 0 10.9 16 20 M M 8 20 20
10 81 59 70 0 0 5 0.00 0.0 0 7.7 13 340 M M 4 18 15 50
11 84 59 72 2 0 7 0.00 0.0 0 4.1 9 270 M M 4 18 15 220
12 72 60 66 -4 0 1 0.17 0.0 0 3.7 16 350 M M 7 13 23 360
13 77 55 66 -3 0 1 0.00 0.0 0 7.3 16 360 M M 2 23 330
14 78 56 67 -2 0 2 0.00 0.0 0 7.6 14 80 M M 4 16 50
15 76 55 66 -2 0 1 0.00 0.0 0 7.7 14 40 M M 0 18 110
16 79 51 65 -3 0 0 0.07 0.0 0 5.6 13 320 M M 6 1 16 340
17 75 55 65 -3 0 0 0.11 0.0 0 5.4 18 260 M M 8 13 21 270
18 75 54 65 -2 0 0 0.00 0.0 0 6.9 18 330 M M 1 18 25 340
19 77 48 63 -4 2 0 0.00 0.0 0 3.6 12 130 M M 3 1 14 350
20 83 56 70 3 0 5 0.00 0.0 0 7.9 15 150 M M 5 20 130
21 80 61 71 5 0 6 0.00 0.0 0 5.1 12 130 M M 7 16 110
22 85 63 74 8 0 9 0.00 0.0 0 7.2 15 70 M M 2 20 50
23 78 56 67 1 0 2 0.00 0.0 0 9.4 20 80 M M 2 24 30
24 83 53 68 3 0 3 0.00 0.0 0 8.1 20 20 M M 5 8 24 20
25 79 59 69 4 0 4 0.00 0.0 0 5.0 13 80 M M 5 15 70
26 82 59 71 7 0 6 0.37 0.0 0 8.1 21 90 M M 5 138 23 280
27 75 62 69 5 0 4 0.09 0.0 0 7.7 16 150 M M 7 1 19 150
28 74 62 68 5 0 3 0.13 0.0 0 5.4 17 350 M M 7 1 20 350
29 75 56 66 3 0 1 0.00 0.0 0 2.2 8 330 M M 5 128 12 10
30 81 57 69 6 0 4 0.00 0.0 0 3.9 12 70 M M 2 128 15 60
================================================================================
SM 2419 1783 2 159 0.94 0.0 194.5 M 135
================================================================================
AV 80.6 59.4 6.5 FASTST M M 5 MAX(MPH)
MISC ----> 22 230 26 240
================================================================================
NOTES:
# LAST OF SEVERAL OCCURRENCES
COLUMN 17 PEAK WIND IN M.P.H.
PRELIMINARY LOCAL CLIMATOLOGICAL DATA (WS FORM: F-6) , PAGE 2
STATION: CINCINNATI OH
MONTH: SEPTEMBER
YEAR: 2023
LATITUDE: 39 2 N
LONGITUDE: 84 40 W
[TEMPERATURE DATA] [PRECIPITATION DATA] SYMBOLS USED IN COLUMN 16
AVERAGE MONTHLY: 70.0 TOTAL FOR MONTH: 0.94 1 = FOG OR MIST
DPTR FM NORMAL: 1.9 DPTR FM NORMAL: -2.17 2 = FOG REDUCING VISIBILITY
HIGHEST: 93 ON 5, 4 GRTST 24HR 0.43 ON 26-27 TO 1/4 MILE OR LESS
LOWEST: 48 ON 19 3 = THUNDER
SNOW, ICE PELLETS, HAIL 4 = ICE PELLETS
TOTAL MONTH: 0.0 INCH 5 = HAIL
GRTST 24HR 0.0 6 = FREEZING RAIN OR DRIZZLE
GRTST DEPTH: 0 7 = DUSTSTORM OR SANDSTORM:
VSBY 1/2 MILE OR LESS
8 = SMOKE OR HAZE
[NO. OF DAYS WITH] [WEATHER - DAYS WITH] 9 = BLOWING SNOW
X = TORNADO
MAX 32 OR BELOW: 0 0.01 INCH OR MORE: 6
MAX 90 OR ABOVE: 4 0.10 INCH OR MORE: 4
MIN 32 OR BELOW: 0 0.50 INCH OR MORE: 0
MIN 0 OR BELOW: 0 1.00 INCH OR MORE: 0
[HDD (BASE 65) ]
TOTAL THIS MO. 2 CLEAR (SCALE 0-3) 9
DPTR FM NORMAL -51 PTCLDY (SCALE 4-7) 20
TOTAL FM JUL 1 2 CLOUDY (SCALE 8-10) 1
DPTR FM NORMAL -53
[CDD (BASE 65) ]
TOTAL THIS MO. 159
DPTR FM NORMAL 13 [PRESSURE DATA]
TOTAL FM JAN 1 1059 HIGHEST SLP M ON M
DPTR FM NORMAL -78 LOWEST SLP 29.80 ON 6
[REMARKS]
#FINAL-09-23#