000
CXUS52 KCHS 010915
CF6CXM
PRELIMINARY LOCAL CLIMATOLOGICAL DATA (WS FORM: F-6)
STATION: DOWNTOWN CHARLESTON SC
MONTH: NOVEMBER
YEAR: 2020
LATITUDE: 32 46 N
LONGITUDE: 79 56 W
TEMPERATURE IN F: :PCPN: SNOW: WIND :SUNSHINE: SKY :PK WND
================================================================================
1 2 3 4 5 6A 6B 7 8 9 10 11 12 13 14 15 16 17 18
12Z AVG MX 2MIN
DY MAX MIN AVG DEP HDD CDD WTR SNW DPTH SPD SPD DIR MIN PSBL S-S WX SPD DR
================================================================================
1 76 63 70 6 0 5 0.01 M M 6.0 16 120 M M M 20 120
2 63 51 57 -7 8 0 0.00 M M 10.5 23 10 M M M 28 10
3 66 47 57 -7 8 0 0.00 M M 3.1 9 180 M M M 11 180
4 73 55 64 0 1 0 0.00 M M 7.3 13 90 M M M 15 90
5 74 61 68 5 0 3 0.00 M M 9.8 18 60 M M M 22 50
6 76 65 71 8 0 6 0.00 M M 10.6 16 70 M M M 21 60
7 76 68 72 9 0 7 0.00 M M 13.2 20 60 M M M 24 50
8 77 70 74 11 0 9 0.15 M M 14.1 20 60 M M M 26 50
9 78 69 74 12 0 9 0.00 M M 12.0 17 70 M M M 28 70
10 80 73 77 15 0 12 0.52 M M 11.5 17 90 M M M 23 90
11 79 73 76 14 0 11 0.45 M M 9.8 22 180 M M M 29 180
12 78 69 74 13 0 9 1.47 M M 11.3 29 50 M M M 39 50
13 79 67 73 12 0 8 0.00 M M 5.1 9 350 M M M 13 340
14 75 69 72 11 0 7 0.00 M M 6.7 13 80 M M M 16 90
15 78 70 74 13 0 9 0.00 M M 7.6 15 200 M M M 20 200
16 71 59 65 5 0 0 0.00 M M 6.1 15 30 M M M 19 40
17 72 51 62 2 3 0 0.00 M M 5.8 16 20 M M M 20 30
18 58 48 53 -7 12 0 0.00 M M 12.9 21 20 M M M 27 30
19 64 46 55 -5 10 0 0.00 M M 10.7 15 10 M M M 19 30
20 72 60 66 7 0 1 0.00 M M 6.9 12 20 M M M 14 10
21 74 60 67 8 0 2 0.00 M M 5.6 11 110 M M M 13 80
22 73 65 69 10 0 4 0.00 M M 6.8 12 70 M M M 18 80
23 70 56 63 4 2 0 0.00 M M 8.0 16 20 M M M 21 350
24 62 49 56 -2 9 0 0.00 M M 11.4 17 20 M M M 21 20
25 74 57 66 8 0 1 0.00 M M 6.0 15 160 M M M 19 160
26 80 66 73 15 0 8 0.00 M M 5.1 10 270 M M M 16 270
27 76 61 69 12 0 4 0.00 M M 3.6 8 260 M M M 12 260
28 64 59 62 5 3 0 0.09 M M 4.0 9 360 M M M 12 360
29 71 58 65 8 0 0 0.19 M M 10.4 18 60 M M M 23 60
30 72 47 60 3 5 0 0.57 M M 12.7 22 200 M M M 31 200
================================================================================
SM 2181 1812 61 115 3.45 M 254.6 M M
================================================================================
AV 72.7 60.4 8.5 FASTST M M M MAX(MPH)
MISC ----> 29 50 39 50
================================================================================
NOTES:
# LAST OF SEVERAL OCCURRENCES
COLUMN 17 PEAK WIND IN M.P.H.
PRELIMINARY LOCAL CLIMATOLOGICAL DATA (WS FORM: F-6) , PAGE 2
STATION: DOWNTOWN CHARLESTON SC
MONTH: NOVEMBER
YEAR: 2020
LATITUDE: 32 46 N
LONGITUDE: 79 56 W
[TEMPERATURE DATA] [PRECIPITATION DATA] SYMBOLS USED IN COLUMN 16
AVERAGE MONTHLY: 66.6 TOTAL FOR MONTH: 3.45 1 = FOG OR MIST
DPTR FM NORMAL: 6.1 DPTR FM NORMAL: 1.26 2 = FOG REDUCING VISIBILITY
HIGHEST: 80 ON 26,10 GRTST 24HR 1.47 ON 12-12 TO 1/4 MILE OR LESS
LOWEST: 46 ON 19 3 = THUNDER
SNOW, ICE PELLETS, HAIL 4 = ICE PELLETS
TOTAL MONTH: M 5 = HAIL
GRTST 24HR M ON M 6 = FREEZING RAIN OR DRIZZLE
GRTST DEPTH: M ON M 7 = DUSTSTORM OR SANDSTORM:
VSBY 1/2 MILE OR LESS
8 = SMOKE OR HAZE
[NO. OF DAYS WITH] [WEATHER - DAYS WITH] 9 = BLOWING SNOW
X = TORNADO
MAX 32 OR BELOW: 0 0.01 INCH OR MORE: 8
MAX 90 OR ABOVE: 0 0.10 INCH OR MORE: 6
MIN 32 OR BELOW: 0 0.50 INCH OR MORE: 3
MIN 0 OR BELOW: 0 1.00 INCH OR MORE: 1
[HDD (BASE 65) ]
TOTAL THIS MO. 61 CLEAR (SCALE 0-3) 0
DPTR FM NORMAL -111 PTCLDY (SCALE 4-7) 0
TOTAL FM JUL 1 62 CLOUDY (SCALE 8-10) 30
DPTR FM NORMAL -151
[CDD (BASE 65) ]
TOTAL THIS MO. 115
DPTR FM NORMAL 79 [PRESSURE DATA]
TOTAL FM JAN 1 2725 HIGHEST SLP M ON M
DPTR FM NORMAL 356 LOWEST SLP 29.48 ON 30
[REMARKS]
#FINAL-11-20#