000
CXUS54 KHGX 011410
CF6CXO
PRELIMINARY LOCAL CLIMATOLOGICAL DATA (WS FORM: F-6)
STATION: CONROE
MONTH: AUGUST
YEAR: 2022
LATITUDE: 30 21 N
LONGITUDE: 95 25 W
TEMPERATURE IN F: :PCPN: SNOW: WIND :SUNSHINE: SKY :PK WND
================================================================================
1 2 3 4 5 6A 6B 7 8 9 10 11 12 13 14 15 16 17 18
12Z AVG MX 2MIN
DY MAX MIN AVG DEP HDD CDD WTR SNW DPTH SPD SPD DIR MIN PSBL S-S WX SPD DR
================================================================================
1 97 73 85 1 0 20 T 0.0 0 7.4 20 160 M M 2 13 30 140
2 101 75 88 4 0 23 0.00 0.0 0 8.8 18 150 M M 2 24 160
3 102 76 89 5 0 24 0.00 0.0 0 10.2 22 170 M M 2 3 31 170
4 101 73 87 3 0 22 0.00 0.0 0 7.5 17 160 M M 2 1 23 170
5 97 73 85 1 0 20 T 0.0 0 4.5 22 150 M M 2 3 28 140
6 92 72 82 -2 0 17 0.03 0.0 0 5.9 20 160 M M 4 1 25 160
7 99 71 85 1 0 20 T 0.0 0 5.6 21 130 M M 2 29 160
8 99 71 85 1 0 20 0.00 0.0 0 5.5 17 160 M M 1 25 140
9 99 72 86 2 0 21 0.00 0.0 0 5.1 17 160 M M 1 24 90
10 100 73 87 3 0 22 0.17 0.0 0 3.9 15 130 M M 4 13 26 10
11 97 73 85 1 0 20 0.03 0.0 0 4.2 14 30 M M 4 123 21 360
12 96 73 85 1 0 20 0.02 0.0 0 2.9 17 130 M M 4 13 24 140
13 96 73 85 1 0 20 0.00 0.0 0 6.1 17 140 M M 3 1 25 130
14 94 73 84 0 0 19 0.14 0.0 0 5.7 22 150 M M 2 13 28 140
15 98 70 84 1 0 19 0.00 0.0 0 5.6 15 160 M M 1 1 21 160
16 100 70 85 2 0 20 0.00 0.0 0 2.9 7 160 M M 1 1 M M
17 101 77 89 6 0 24 T 0.0 0 5.7 20 170 M M 1 24 170
18 97 73 85 2 0 20 0.08 0.0 0 5.6 22 270 M M 4 13 31 270
19 82 73 78 -5 0 13 0.37 0.0 0 4.3 13 190 M M 7 13 17 180
20 91 72 82 -1 0 17 0.23 0.0 0 3.8 21 140 M M 1 13 30 210
21 93 73 83 0 0 18 0.13 0.0 0 7.4 23 210 M M 3 1 33 190
22 93 74 84 1 0 19 1.58 0.0 0 6.9 17 200 M M 7 13 24 220
23 90 73 82 0 0 17 1.35 0.0 0 4.9 17 290 M M 8 13 23 290
24 88 74 81 -1 0 16 0.05 0.0 0 4.2 13 340 M M 7 13 16 70
25 92 71 82 0 0 17 0.00 0.0 0 3.4 10 40 M M 2 1 15 330
26 93 71 82 0 0 17 0.00 0.0 0 2.2 17 180 M M 4 21 170
27 92 73 83 1 0 18 T 0.0 0 4.7 18 170 M M 2 1 24 170
28 95 73 84 2 0 19 T 0.0 0 5.7 17 140 M M 2 1 29 160
29 87 73 80 -2 0 15 0.14 0.0 0 5.4 18 190 M M 5 13 26 190
30 81 73 77 -4 0 12 1.24 0.0 0 2.9 20 140 M M 5 123 26 150
31 93 73 83 2 0 18 0.10 0.0 0 1.8 20 170 M M 1 138 29 160
================================================================================
SM 2936 2257 0 587 5.66 0.0 160.7 M 96
================================================================================
AV 94.7 72.8 5.2 FASTST M M 3 MAX(MPH)
MISC ----> 23 210 33 190
================================================================================
NOTES:
# LAST OF SEVERAL OCCURRENCES
COLUMN 17 PEAK WIND IN M.P.H.
PRELIMINARY LOCAL CLIMATOLOGICAL DATA (WS FORM: F-6) , PAGE 2
STATION: CONROE
MONTH: AUGUST
YEAR: 2022
LATITUDE: 30 21 N
LONGITUDE: 95 25 W
[TEMPERATURE DATA] [PRECIPITATION DATA] SYMBOLS USED IN COLUMN 16
AVERAGE MONTHLY: 83.8 TOTAL FOR MONTH: 5.66 1 = FOG OR MIST
DPTR FM NORMAL: 0.7 DPTR FM NORMAL: 1.81 2 = FOG REDUCING VISIBILITY
HIGHEST: 102 ON 3 GRTST 24HR 2.93 ON 22-23 TO 1/4 MILE OR LESS
LOWEST: 70 ON 16,15 3 = THUNDER
SNOW, ICE PELLETS, HAIL 4 = ICE PELLETS
TOTAL MONTH: 0.0 INCH 5 = HAIL
GRTST 24HR 0.0 6 = FREEZING RAIN OR DRIZZLE
GRTST DEPTH: 0 7 = DUSTSTORM OR SANDSTORM:
VSBY 1/2 MILE OR LESS
8 = SMOKE OR HAZE
[NO. OF DAYS WITH] [WEATHER - DAYS WITH] 9 = BLOWING SNOW
X = TORNADO
MAX 32 OR BELOW: 0 0.01 INCH OR MORE: 15
MAX 90 OR ABOVE: 27 0.10 INCH OR MORE: 10
MIN 32 OR BELOW: 0 0.50 INCH OR MORE: 3
MIN 0 OR BELOW: 0 1.00 INCH OR MORE: 3
[HDD (BASE 65) ]
TOTAL THIS MO. 0 CLEAR (SCALE 0-3) 19
DPTR FM NORMAL 0 PTCLDY (SCALE 4-7) 12
TOTAL FM JUL 1 0 CLOUDY (SCALE 8-10) 0
DPTR FM NORMAL 0
[CDD (BASE 65) ]
TOTAL THIS MO. 587
DPTR FM NORMAL 27 [PRESSURE DATA]
TOTAL FM JAN 1 2527 HIGHEST SLP 30.14 ON 7
DPTR FM NORMAL 428 LOWEST SLP 29.79 ON 23
[REMARKS]
#FINAL-08-22#