000
CXUS52 KMLB 010626
CF6DAB
PRELIMINARY LOCAL CLIMATOLOGICAL DATA (WS FORM: F-6)
STATION: DAYTONA BEACH
MONTH: SEPTEMBER
YEAR: 2023
LATITUDE: 29 10 N
LONGITUDE: 81 3 W
TEMPERATURE IN F: :PCPN: SNOW: WIND :SUNSHINE: SKY :PK WND
================================================================================
1 2 3 4 5 6A 6B 7 8 9 10 11 12 13 14 15 16 17 18
12Z AVG MX 2MIN
DY MAX MIN AVG DEP HDD CDD WTR SNW DPTH SPD SPD DIR MIN PSBL S-S WX SPD DR
================================================================================
1 89 78 84 3 0 19 0.00 0.0 0 8.2 17 80 M M 7 25 80
2 88 78 83 2 0 18 T 0.0 0 11.1 18 60 M M 7 25 80
3 88 75 82 1 0 17 0.00 0.0 0 9.8 18 60 M M 3 27 60
4 88 73 81 0 0 16 T 0.0 0 5.6 16 40 M M 3 22 40
5 88 70 79 -2 0 14 0.00 0.0 0 3.6 13 70 M M 4 1 20 70
6 92 73 83 2 0 18 0.00 0.0 0 4.8 13 60 M M 1 18 80
7 94 73 84 3 0 19 0.00 0.0 0 4.6 13 50 M M 2 17 40
8 87 71 79 -2 0 14 0.96 0.0 0 2.7 24 200 M M 6 138 39 210
9 88 68 78 -3 0 13 0.02 0.0 0 2.4 12 70 M M 3 18 17 110
10 91 75 83 2 0 18 0.00 0.0 0 3.4 14 80 M M 1 1 19 80
11 91 75 83 2 0 18 0.07 0.0 0 4.5 21 270 M M 4 13 27 280
12 90 74 82 1 0 17 T 0.0 0 3.6 15 70 M M 4 1 19 70
13 90 76 83 3 0 18 0.76 0.0 0 3.4 33 30 M M 3 138 45 20
14 90 75 83 3 0 18 0.00 0.0 0 4.2 17 40 M M 4 3 23 40
15 90 76 83 3 0 18 0.14 0.0 0 6.8 21 50 M M 5 138 27 80
16 88 78 83 3 0 18 T 0.0 0 9.1 17 60 M M 5 23 50
17 93 75 84 4 0 19 T 0.0 0 4.4 16 300 M M 4 20 300
18 86 74 80 0 0 15 0.00 0.0 0 8.5 17 30 M M 4 24 20
19 86 73 80 0 0 15 0.00 0.0 0 7.7 14 60 M M 6 21 50
20 89 71 80 0 0 15 0.07 0.0 0 8.5 25 70 M M 7 13 35 60
21 87 70 79 -1 0 14 0.05 0.0 0 7.5 25 40 M M 5 31 360
22 84 68 76 -4 0 11 0.64 0.0 0 8.3 23 20 M M 4 13 32 10
23 85 63 74 -5 0 9 0.00 0.0 0 5.2 15 60 M M 2 20 40
24 86 64 75 -4 0 10 0.00 0.0 0 2.4 10 90 M M 3 18 15 80
25 89 65 77 -2 0 12 0.13 0.0 0 3.8 14 80 M M 7 13 24 60
26 89 74 82 3 0 17 2.81 0.0 0 4.6 21 290 M M 7 13 33 270
27 85 73 79 0 0 14 0.63 0.0 0 2.6 16 20 M M 9 13 20 40
28 82 72 77 -2 0 12 0.75 0.0 0 10.0 25 40 M M 8 13 35 40
29 80 76 78 0 0 13 0.15 0.0 0 8.9 20 20 M M 8 13 25 20
30 82 74 78 0 0 13 1.99 0.0 0 10.0 22 40 M M 9 13 28 30
================================================================================
SM 2635 2180 0 462 9.17 0.0 180.2 M 145
================================================================================
AV 87.8 72.7 6.0 FASTST M M 5 MAX(MPH)
MISC ----> 33 30 45 20
================================================================================
NOTES:
# LAST OF SEVERAL OCCURRENCES
COLUMN 17 PEAK WIND IN M.P.H.
PRELIMINARY LOCAL CLIMATOLOGICAL DATA (WS FORM: F-6) , PAGE 2
STATION: DAYTONA BEACH
MONTH: SEPTEMBER
YEAR: 2023
LATITUDE: 29 10 N
LONGITUDE: 81 3 W
[TEMPERATURE DATA] [PRECIPITATION DATA] SYMBOLS USED IN COLUMN 16
AVERAGE MONTHLY: 80.3 TOTAL FOR MONTH: 9.17 1 = FOG OR MIST
DPTR FM NORMAL: 0.2 DPTR FM NORMAL: 2.02 2 = FOG REDUCING VISIBILITY
HIGHEST: 94 ON 7 GRTST 24HR 3.39 ON 26-27 TO 1/4 MILE OR LESS
LOWEST: 63 ON 23 3 = THUNDER
SNOW, ICE PELLETS, HAIL 4 = ICE PELLETS
TOTAL MONTH: 0.0 INCH 5 = HAIL
GRTST 24HR 0.0 6 = FREEZING RAIN OR DRIZZLE
GRTST DEPTH: 0 7 = DUSTSTORM OR SANDSTORM:
VSBY 1/2 MILE OR LESS
8 = SMOKE OR HAZE
[NO. OF DAYS WITH] [WEATHER - DAYS WITH] 9 = BLOWING SNOW
X = TORNADO
MAX 32 OR BELOW: 0 0.01 INCH OR MORE: 14
MAX 90 OR ABOVE: 9 0.10 INCH OR MORE: 10
MIN 32 OR BELOW: 0 0.50 INCH OR MORE: 7
MIN 0 OR BELOW: 0 1.00 INCH OR MORE: 2
[HDD (BASE 65) ]
TOTAL THIS MO. 0 CLEAR (SCALE 0-3) 5
DPTR FM NORMAL 0 PTCLDY (SCALE 4-7) 23
TOTAL FM JUL 1 0 CLOUDY (SCALE 8-10) 2
DPTR FM NORMAL 0
[CDD (BASE 65) ]
TOTAL THIS MO. 462
DPTR FM NORMAL 9 [PRESSURE DATA]
TOTAL FM JAN 1 3156 HIGHEST SLP M ON M
DPTR FM NORMAL 529 LOWEST SLP 29.83 ON 17
[REMARKS]
#FINAL-09-23#
USED DIAF1 FOR MAXT/MINT ON 9/29 AND MINT ON 9/30 DUE TO ASOS ISSUES