000
CXUS52 KMLB 011517
CLMDAB
CLIMATE REPORT
NATIONAL WEATHER SERVICE MELBOURNE FL
1117 AM EDT MON APR 01 2024
...................................
...THE DAYTONA BEACH CLIMATE SUMMARY FOR THE MONTH OF MARCH 2024...
CLIMATE NORMAL PERIOD 1991 TO 2020
CLIMATE RECORD PERIOD 1923 TO 2024
WEATHER OBSERVED NORMAL DEPART LAST YEAR`S
VALUE DATE(S) VALUE FROM VALUE
NORMAL
..............................................................
TEMPERATURE (F)
MONTHLY RECORD
WARMEST 71.0 2020
COOLEST 57.9 1969
DAILY RECORD
HIGH 92 03/28/1994
03/28/1935
03/24/1935
LOW 26 03/03/1980
MARCH 2024
HIGHEST 87 03/09 91
LOWEST 44 03/20 43
AVG. MAXIMUM 77.5 75.5 2.0 80.3
AVG. MINIMUM 60.0 54.8 5.2 57.8
MEAN 68.8 65.2 3.6 69.1
DAYS MAX >= 90 0 0.2 -0.2 4
DAYS MAX <= 32 0 0.0 0.0 0
DAYS MIN <= 32 0 0.2 -0.2 0
DAYS MIN <= 0 0 0.0 0.0 0
PRECIPITATION (INCHES)
MONTHLY RECORD
MAXIMUM 12.15 1996
MINIMUM 0.08 2006
DAILY RECORD
MAXIMUM 4.98 03/22/1953
MARCH 2024
TOTALS 3.39 3.63 -0.24 1.61
DAYS >= .01 9 7.6 1.4 4
DAYS >= .10 7 4.6 2.4 1
DAYS >= .50 2 2.3 -0.3 1
DAYS >= 1.00 1 1.1 -0.1 1
GREATEST
24 HR. TOTAL 1.50 03/10 TO 03/10
SNOWFALL (INCHES)
TOTALS 0.0 MM MM 0.0
SINCE 7/1 0.0 MM MM MM
DAYS >= TRACE 0 0
DEGREE DAYS
HEATING TOTAL 28 85 -57 48
SINCE 7/1 521 689 -168 MM
COOLING TOTAL 152 90 62 180
SINCE 1/1 229 167 62 MM
..............................................................
WIND (MPH)
AVERAGE WIND SPEED 6.9
HIGHEST WIND SPEED/DIRECTION 29/010 DATE 03/24
HIGHEST GUST SPEED/DIRECTION 37/140 DATE 03/06
37/010 03/24
SKY COVER
POSSIBLE SUNSHINE (PERCENT) MM
AVERAGE SKY COVER 0.56
NUMBER OF DAYS FAIR 7
NUMBER OF DAYS PC 16
NUMBER OF DAYS CLOUDY 8
AVERAGE RH (PERCENT) 76
WEATHER CONDITIONS. NUMBER OF DAYS WITH
THUNDERSTORM 4 MIXED PRECIP 0
HEAVY RAIN 4 RAIN 7
LIGHT RAIN 12 LT FREEZING RAIN 0
HAIL 0 LIGHT SNOW 0
SLEET 0 FOG 20
FOG W/VIS <= 1/4 MILE 2 HAZE 1
- INDICATES NEGATIVE NUMBERS.
R INDICATES RECORD WAS SET OR TIED.
MM INDICATES DATA IS MISSING.
T INDICATES TRACE AMOUNT.
$$