000
CXUS55 KVEF 012007
CF6DAG
PRELIMINARY LOCAL CLIMATOLOGICAL DATA (WS FORM: F-6)
STATION: BARSTOW-DAGGETT CA
MONTH: MARCH
YEAR: 2022
LATITUDE: 34 51 N
LONGITUDE: 116 47 W
TEMPERATURE IN F: :PCPN: SNOW: WIND :SUNSHINE: SKY :PK WND
================================================================================
1 2 3 4 5 6A 6B 7 8 9 10 11 12 13 14 15 16 17 18
12Z AVG MX 2MIN
DY MAX MIN AVG DEP HDD CDD WTR SNW DPTH SPD SPD DIR MIN PSBL S-S WX SPD DR
================================================================================
1 81 42 62 6 3 0 0.00 0.0 0 8.4 18 280 M M 0 22 280
2 84 42 63 7 2 0 0.00 0.0 0 7.7 15 270 M M 0 17 270
3 80 49 65 9 0 0 0.00 0.0 0 11.9 29 310 M M 0 36 300
4 65 51 58 2 7 0 0.00 0.0 0 23.6 38 250 M M 4 44 240
5 56 42 49 -8 16 0 0.00 0.0 0 27.9 40 280 M M 2 50 250
6 61 36 49 -8 16 0 0.00 0.0 0 11.9 26 250 M M 0 31 250
7 60 35 48 -9 17 0 0.00 0.0 0 10.6 31 30 M M 1 38 20
8 64 35 50 -7 15 0 0.00 0.0 0 5.9 15 280 M M 0 19 80
9 75 39 57 -1 8 0 0.00 0.0 0 19.6 36 260 M M 0 45 260
10 61 47 54 -4 11 0 0.00 0.0 0 16.5 37 250 M M 1 46 250
11 64 36 50 -8 15 0 0.00 0.0 0 4.2 12 170 M M 0 16 70
12 73 34 54 -4 11 0 0.00 0.0 0 5.6 15 300 M M 0 21 300
13 75 48 62 3 3 0 0.00 0.0 0 23.5 44 270 M M 0 52 270
14 76 46 61 2 4 0 0.00 0.0 0 8.1 17 280 M M 0 22 300
15 83 49 66 7 0 1 0.00 0.0 0 14.3 30 250 M M 0 35 260
16 77 53 65 6 0 0 0.00 0.0 0 15.5 25 250 M M 0 34 250
17 76 46 61 2 4 0 0.00 0.0 0 7.1 20 250 M M 0 8 23 250
18 79 48 64 4 1 0 0.00 0.0 0 6.9 15 310 M M 0 19 260
19 81 51 66 6 0 1 0.00 0.0 0 10.3 30 250 M M 1 38 230
20 74 50 62 2 3 0 0.00 0.0 0 19.5 33 260 M M 2 40 270
21 77 45 61 1 4 0 0.00 0.0 0 9.8 23 40 M M 0 32 50
22 80 53 67 7 0 2 0.00 0.0 0 6.9 21 30 M M 0 25 30
23 81 48 65 4 0 0 0.00 0.0 0 5.6 16 80 M M 0 22 80
24 88 57 73 12 0 8 0.00 0.0 0 6.2 14 270 M M 0 15 270
25 94 57 76 15 0 11 0.00 0.0 0 8.3 16 190 M M 0 19 190
26 92 60 76 15 0 11 0.00 0.0 0 10.4 24 230 M M 0 30 230
27 86 59 73 12 0 8 0.00 0.0 0 13.4 31 230 M M 0 38 230
28 76 50 63 1 2 0 T 0.0 0 18.6 36 240 M M M 44 250
29 74 50 62 0 3 0 0.00 0.0 0 20.3 32 270 M M 1 39 280
30 79 47 63 1 2 0 0.00 0.0 0 15.8 30 270 M M 0 38 270
31 79 54 67 5 0 2 0.00 0.0 0 11.9 24 250 M M 0 31 250
================================================================================
SM 2351 1459 147 44 T 0.0 386.2 M 12
================================================================================
AV 75.8 47.1 12.5 FASTST M M 0 MAX(MPH)
MISC ----> 44 270 52 270
================================================================================
NOTES:
# LAST OF SEVERAL OCCURRENCES
COLUMN 17 PEAK WIND IN M.P.H.
PRELIMINARY LOCAL CLIMATOLOGICAL DATA (WS FORM: F-6) , PAGE 2
STATION: BARSTOW-DAGGETT CA
MONTH: MARCH
YEAR: 2022
LATITUDE: 34 51 N
LONGITUDE: 116 47 W
[TEMPERATURE DATA] [PRECIPITATION DATA] SYMBOLS USED IN COLUMN 16
AVERAGE MONTHLY: 61.5 TOTAL FOR MONTH: T 1 = FOG OR MIST
DPTR FM NORMAL: 2.4 DPTR FM NORMAL: -0.43 2 = FOG REDUCING VISIBILITY
HIGHEST: 94 ON 25 GRTST 24HR T ON 28-28 TO 1/4 MILE OR LESS
LOWEST: 34 ON 12 3 = THUNDER
SNOW, ICE PELLETS, HAIL 4 = ICE PELLETS
TOTAL MONTH: 0.0 INCH 5 = HAIL
GRTST 24HR 0.0 6 = FREEZING RAIN OR DRIZZLE
GRTST DEPTH: 0 7 = DUSTSTORM OR SANDSTORM:
VSBY 1/2 MILE OR LESS
8 = SMOKE OR HAZE
[NO. OF DAYS WITH] [WEATHER - DAYS WITH] 9 = BLOWING SNOW
X = TORNADO
MAX 32 OR BELOW: 0 0.01 INCH OR MORE: 0
MAX 90 OR ABOVE: 2 0.10 INCH OR MORE: 0
MIN 32 OR BELOW: 0 0.50 INCH OR MORE: 0
MIN 0 OR BELOW: 0 1.00 INCH OR MORE: 0
[HDD (BASE 65) ]
TOTAL THIS MO. 147 CLEAR (SCALE 0-3) 29
DPTR FM NORMAL -57 PTCLDY (SCALE 4-7) 1
TOTAL FM JUL 1 1675 CLOUDY (SCALE 8-10) 1
DPTR FM NORMAL -242
[CDD (BASE 65) ]
TOTAL THIS MO. 44
DPTR FM NORMAL 23 [PRESSURE DATA]
TOTAL FM JAN 1 44 HIGHEST SLP 30.41 ON 11
DPTR FM NORMAL 22 LOWEST SLP 29.62 ON 28
[REMARKS]
#FINAL-03-22#