000
CXUS55 KVEF 112214
CF6DAG
PRELIMINARY LOCAL CLIMATOLOGICAL DATA (WS FORM: F-6)
STATION: BARSTOW-DAGGETT CA
MONTH: MARCH
YEAR: 2021
LATITUDE: 34 51 N
LONGITUDE: 116 47 W
TEMPERATURE IN F: :PCPN: SNOW: WIND :SUNSHINE: SKY :PK WND
================================================================================
1 2 3 4 5 6A 6B 7 8 9 10 11 12 13 14 15 16 17 18
12Z AVG MX 2MIN
DY MAX MIN AVG DEP HDD CDD WTR SNW DPTH SPD SPD DIR MIN PSBL S-S WX SPD DR
================================================================================
1 65 28 47 -8 18 0 0.00 0.0 0 7.9 21 100 M M 0 28 80
2 72 36 54 -2 11 0 0.00 0.0 0 8.5 22 90 M M 0 27 70
3 67 35 51 -5 14 0 0.00 0.0 0 12.3 30 220 M M 3 36 220
4 69 37 53 -3 12 0 0.00 0.0 0 6.9 15 270 M M 0 8 19 310
5 75 38 57 1 8 0 0.00 0.0 0 6.0 14 280 M M 0 19 70
6 79 46 63 7 2 0 0.00 0.0 0 15.7 24 270 M M 0 29 280
7 69 44 57 0 8 0 0.00 0.0 0 8.0 16 290 M M 0 19 310
8 69 46 58 1 7 0 0.00 0.0 0 20.7 33 270 M M 0 39 270
9 63 46 55 -2 10 0 0.00 0.0 0 25.0 39 270 M M 0 48 280
10 59 43 51 -6 14 0 T 0.0 0 18.6 35 270 M M 2 41 270
11 56 40 48 -9 17 0 T 0.0 0 7.1 21 250 M M 6 25 270
12 57 39 48 -10 17 0 0.02 0.0 0 10.6 28 260 M M 7 33 260
13 68 41 55 -3 10 0 0.00 0.0 0 17.5 29 240 M M 1 35 270
14 74 43 59 1 6 0 0.00 0.0 0 17.9 27 260 M M 0 8 37 270
15 64 41 53 -5 12 0 T 0.0 0 24.4 38 250 M M 5 51 250
16 67 40 54 -4 11 0 0.00 0.0 0 15.4 36 240 M M 2 44 240
17 72 35 54 -5 11 0 0.00 0.0 0 8.4 18 110 M M 0 27 70
18 78 44 61 2 4 0 0.00 0.0 0 6.3 18 280 M M 1 20 280
19 82 51 67 8 0 2 0.00 0.0 0 15.1 24 230 M M 0 31 270
20 69 46 58 -1 7 0 0.00 0.0 0 21.4 38 270 M M 2 44 260
21 68 39 54 -5 11 0 0.00 0.0 0 11.5 21 350 M M 0 25 350
22 75 39 57 -3 8 0 0.00 0.0 0 19.0 41 260 M M 0 48 270
23 68 49 59 -1 6 0 T 0.0 0 15.8 37 260 M M 4 8 42 270
24 69 44 57 -3 8 0 0.00 0.0 0 9.2 23 240 M M 0 8 30 230
25 68 51 60 0 5 0 0.00 0.0 0 27.8 45 260 M M 0 8 53 240
26 68 46 57 -3 8 0 0.02 0.0 0 10.6 22 20 M M 3 35 360
27 74 42 58 -2 7 0 0.00 0.0 0 6.5 9 90 M M 0 M M
28 83 44 64 4 1 0 0.00 0.0 0 7.7 13 70 M M 0 16 70
29 88 50 69 8 0 4 0.00 0.0 0 19.7 33 260 M M 0 44 260
30 75 47 61 0 4 0 0.00 0.0 0 7.4 22 70 M M 0 28 70
31 77 38 58 -3 7 0 0.00 0.0 0 5.7 18 60 M M 0 24 100
================================================================================
SM 2187 1308 264 6 0.04 0.0 414.6 M 36
================================================================================
AV 70.5 42.2 13.4 FASTST M M 1 MAX(MPH)
MISC ----> 45 260 53 240
================================================================================
NOTES:
# LAST OF SEVERAL OCCURRENCES
COLUMN 17 PEAK WIND IN M.P.H.
PRELIMINARY LOCAL CLIMATOLOGICAL DATA (WS FORM: F-6) , PAGE 2
STATION: BARSTOW-DAGGETT CA
MONTH: MARCH
YEAR: 2021
LATITUDE: 34 51 N
LONGITUDE: 116 47 W
[TEMPERATURE DATA] [PRECIPITATION DATA] SYMBOLS USED IN COLUMN 16
AVERAGE MONTHLY: 56.4 TOTAL FOR MONTH: 0.04 1 = FOG OR MIST
DPTR FM NORMAL: -1.9 DPTR FM NORMAL: -0.46 2 = FOG REDUCING VISIBILITY
HIGHEST: 88 ON 29 GRTST 24HR 0.02 ON 12-12 TO 1/4 MILE OR LESS
LOWEST: 28 ON 1 3 = THUNDER
SNOW, ICE PELLETS, HAIL 4 = ICE PELLETS
TOTAL MONTH: 0.0 INCH 5 = HAIL
GRTST 24HR 0.0 6 = FREEZING RAIN OR DRIZZLE
GRTST DEPTH: 0 7 = DUSTSTORM OR SANDSTORM:
VSBY 1/2 MILE OR LESS
8 = SMOKE OR HAZE
[NO. OF DAYS WITH] [WEATHER - DAYS WITH] 9 = BLOWING SNOW
X = TORNADO
MAX 32 OR BELOW: 0 0.01 INCH OR MORE: 2
MAX 90 OR ABOVE: 0 0.10 INCH OR MORE: 0
MIN 32 OR BELOW: 1 0.50 INCH OR MORE: 0
MIN 0 OR BELOW: 0 1.00 INCH OR MORE: 0
[HDD (BASE 65) ]
TOTAL THIS MO. 264 CLEAR (SCALE 0-3) 27
DPTR FM NORMAL 38 PTCLDY (SCALE 4-7) 4
TOTAL FM JUL 1 1871 CLOUDY (SCALE 8-10) 0
DPTR FM NORMAL -117
[CDD (BASE 65) ]
TOTAL THIS MO. 6
DPTR FM NORMAL -12 [PRESSURE DATA]
TOTAL FM JAN 1 6 HIGHEST SLP 30.33 ON 1
DPTR FM NORMAL -13 LOWEST SLP 29.54 ON 25
[REMARKS]
#FINAL-03-21#