609
CXUS55 KVEF 151340
CF6DAG
PRELIMINARY LOCAL CLIMATOLOGICAL DATA (WS FORM: F-6)
STATION: BARSTOW-DAGGETT CA
MONTH: OCTOBER
YEAR: 2020
LATITUDE: 34 51 N
LONGITUDE: 116 47 W
TEMPERATURE IN F: :PCPN: SNOW: WIND :SUNSHINE: SKY :PK WND
================================================================================
1 2 3 4 5 6A 6B 7 8 9 10 11 12 13 14 15 16 17 18
12Z AVG MX 2MIN
DY MAX MIN AVG DEP HDD CDD WTR SNW DPTH SPD SPD DIR MIN PSBL S-S WX SPD DR
================================================================================
1 101 67 84 10 0 19 0.00 0.0 0 8.7 17 270 M M 0 19 270
2 101 63 82 8 0 17 0.00 0.0 0 9.8 18 270 M M 0 21 260
3 101 65 83 9 0 18 0.00 0.0 0 9.2 17 260 M M 0 8 20 270
4 102 67 85 12 0 20 0.00 0.0 0 10.1 17 270 M M 0 8 22 290
5 99 68 84 11 0 19 0.00 0.0 0 9.5 17 260 M M 0 19 270
6 95 64 80 8 0 15 0.00 0.0 0 8.6 16 260 M M 0 19 280
7 95 63 79 7 0 14 0.00 0.0 0 8.8 17 290 M M 0 21 300
8 92 63 78 7 0 13 0.00 0.0 0 13.2 18 280 M M 0 30 280
9 89 61 75 4 0 10 0.00 0.0 0 11.3 18 300 M M 0 8 22 290
10 92 61 77 6 0 12 0.00 0.0 0 17.3 26 250 M M 0 37 270
11 89 63 76 6 0 11 0.00 0.0 0 10.0 25 240 M M 0 33 240
12 93 60 77 7 0 12 0.00 0.0 0 8.3 17 280 M M 0 19 290
13 97 63 80 10 0 15 0.00 0.0 0 9.0 15 270 M M 0 17 280
14 96 62 79 10 0 14 0.00 0.0 0 8.9 16 300 M M 0 8 19 280
15 93 61 77 8 0 12 0.00 0.0 0 7.5 17 280 M M 0 20 280
16 88 56 72 4 0 7 0.00 0.0 0 4.7 15 280 M M 0 17 280
17 94 59 77 9 0 12 0.00 0.0 0 9.1 18 270 M M 0 21 270
18 96 59 78 10 0 13 0.00 0.0 0 12.1 20 260 M M 0 24 260
19 94 62 78 11 0 13 0.00 0.0 0 8.4 16 320 M M 0 20 320
20 92 60 76 9 0 11 0.00 0.0 0 8.1 16 260 M M 0 18 270
21 92 58 75 9 0 10 0.00 0.0 0 8.6 16 270 M M 0 19 270
22 91 58 75 9 0 10 0.00 0.0 0 9.0 16 280 M M 0 8 18 280
23 83 57 70 4 0 5 0.00 0.0 0 7.9 16 270 M M 0 19 270
24 86 59 73 8 0 8 0.00 0.0 0 9.5 21 270 M M 0 25 310
25 76 55 66 1 0 1 0.00 0.0 0 21.2 38 280 M M 2 8 46 280
26 63 44 54 -10 11 0 0.00 0.0 0 10.8 26 20 M M 2 8 36 20
27 70 46 58 -6 7 0 0.00 0.0 0 7.6 22 50 M M 0 28 50
28 79 46 63 -1 2 0 0.00 0.0 0 9.1 17 280 M M 0 8 21 280
29 80 42 61 -2 4 0 0.00 0.0 0 6.3 14 290 M M 0 15 290
30 82 48 65 2 0 0 0.00 0.0 0 7.9 16 280 M M 0 19 270
31 84 48 66 4 0 1 0.00 0.0 0 6.1 15 270 M M 0 19 270
================================================================================
SM 2785 1808 24 312 0.00 0.0 296.6 M 4
================================================================================
AV 89.8 58.3 9.6 FASTST M M 0 MAX(MPH)
MISC ----> 38 280 46 280
================================================================================
NOTES:
# LAST OF SEVERAL OCCURRENCES
COLUMN 17 PEAK WIND IN M.P.H.
PRELIMINARY LOCAL CLIMATOLOGICAL DATA (WS FORM: F-6) , PAGE 2
STATION: BARSTOW-DAGGETT CA
MONTH: OCTOBER
YEAR: 2020
LATITUDE: 34 51 N
LONGITUDE: 116 47 W
[TEMPERATURE DATA] [PRECIPITATION DATA] SYMBOLS USED IN COLUMN 16
AVERAGE MONTHLY: 74.1 TOTAL FOR MONTH: 0.00 1 = FOG OR MIST
DPTR FM NORMAL: 5.8 DPTR FM NORMAL: -0.18 2 = FOG REDUCING VISIBILITY
HIGHEST: 102 ON 4 GRTST 24HR 0.00 ON 1- 1 TO 1/4 MILE OR LESS
LOWEST: 42 ON 29 3 = THUNDER
SNOW, ICE PELLETS, HAIL 4 = ICE PELLETS
TOTAL MONTH: 0.0 INCH 5 = HAIL
GRTST 24HR 0.0 6 = FREEZING RAIN OR DRIZZLE
GRTST DEPTH: 0 7 = DUSTSTORM OR SANDSTORM:
VSBY 1/2 MILE OR LESS
8 = SMOKE OR HAZE
[NO. OF DAYS WITH] [WEATHER - DAYS WITH] 9 = BLOWING SNOW
X = TORNADO
MAX 32 OR BELOW: 0 0.01 INCH OR MORE: 0
MAX 90 OR ABOVE: 19 0.10 INCH OR MORE: 0
MIN 32 OR BELOW: 0 0.50 INCH OR MORE: 0
MIN 0 OR BELOW: 0 1.00 INCH OR MORE: 0
[HDD (BASE 65) ]
TOTAL THIS MO. 24 CLEAR (SCALE 0-3) 31
DPTR FM NORMAL -25 PTCLDY (SCALE 4-7) 0
TOTAL FM JUL 1 24 CLOUDY (SCALE 8-10) 0
DPTR FM NORMAL -26
[CDD (BASE 65) ]
TOTAL THIS MO. 312
DPTR FM NORMAL 161 [PRESSURE DATA]
TOTAL FM JAN 1 3533 HIGHEST SLP 30.23 ON 26
DPTR FM NORMAL 561 LOWEST SLP 29.63 ON 25
[REMARKS]
#FINAL-10-20#