646
CXUS54 KFWD 062146
CF6DAL
PRELIMINARY LOCAL CLIMATOLOGICAL DATA (WS FORM: F-6)
STATION: DALLAS LOVE FIELD
MONTH: APRIL
YEAR: 2020
LATITUDE: 32 50 N
LONGITUDE: 96 51 W
TEMPERATURE IN F: :PCPN: SNOW: WIND :SUNSHINE: SKY :PK WND
================================================================================
1 2 3 4 5 6A 6B 7 8 9 10 11 12 13 14 15 16 17 18
12Z AVG MX 2MIN
DY MAX MIN AVG DEP HDD CDD WTR SNW DPTH SPD SPD DIR MIN PSBL S-S WX SPD DR
================================================================================
1 72 50 61 -2 4 0 0.00 0.0 0 9.2 18 140 M M 7 27 180
2 70 59 65 2 0 0 0.02 0.0 0 12.4 18 150 M M 9 3 27 160
3 68 41 55 -8 10 0 0.13 0.0 0 12.6 26 330 M M 10 13 36 10
4 50 41 46 -18 19 0 0.05 0.0 0 7.1 17 330 M M 8 13 34 300
5 66 48 57 -7 8 0 T 0.0 0 4.4 9 150 M M 10 1 14 160
6 72 61 67 3 0 2 T 0.0 0 6.4 17 150 M M 9 18 26 150
7 88 68 78 14 0 13 T 0.0 0 7.9 15 240 M M 8 1 22 220
8 96 70 83 19 0 18 0.00 0.0 0 6.7 17 260 M M 7 8 27 280
9 77 64 71 6 0 6 T 0.0 0 7.0 14 320 M M 9 26 60
10 75 58 67 2 0 2 0.00 0.0 0 7.8 15 40 M M 4 23 50
11 70 59 65 0 0 0 0.10 0.0 0 10.2 23 180 M M 8 3 31 190
12 81 47 64 -2 1 0 0.34 0.0 0 12.5 31 340 M M 6 13 42 330
13 58 40 49 -17 16 0 0.00 0.0 0 11.8 23 340 M M 4 33 340
14 57 44 51 -15 14 0 0.00 0.0 0 9.2 16 330 M M 7 23 360
15 67 40 54 -12 11 0 0.00 0.0 0 3.5 12 140 M M 2 15 160
16 74 50 62 -4 3 0 0.00 0.0 0 12.2 21 150 M M 2 32 180
17 68 49 59 -8 6 0 0.00 0.0 0 9.6 20 330 M M 9 28 170
18 71 43 57 -10 8 0 T 0.0 0 5.1 13 160 M M 7 19 160
19 83 62 73 6 0 8 0.02 0.0 0 6.3 16 20 M M 7 1358 31 50
20 76 56 66 -2 0 1 0.00 0.0 0 3.9 10 160 M M 7 1 15 180
21 85 63 74 6 0 9 0.00 0.0 0 10.3 17 170 M M 6 27 180
22 88 66 77 9 0 12 0.02 0.0 0 10.9 21 320 M M 7 18 31 320
23 85 59 72 4 0 7 0.00 0.0 0 8.5 20 320 M M 2 28 330
24 93 67 80 11 0 15 0.00 0.0 0 13.4 29 320 M M 4 40 310
25 79 58 69 0 0 4 0.00 0.0 0 9.9 21 340 M M 5 28 340
26 83 53 68 -1 0 3 0.00 0.0 0 5.4 16 160 M M 5 24 130
27 85 65 75 5 0 10 0.00 0.0 0 14.3 28 160 M M 7 39 160
28 89 66 78 8 0 13 0.59 0.0 0 11.7 26 340 M M 8 138 38 150
29 80 62 71 1 0 6 0.00 0.0 0 12.1 30 340 M M 3 3 42 340
30 84 54 69 -1 0 4 0.00 0.0 0 3.7 12 130 M M 3 17 140
================================================================================
SM 2290 1663 100 133 1.27 0.0 266.0 M 190
================================================================================
AV 76.3 55.4 8.9 FASTST M M 6 MAX(MPH)
MISC ----> # 31 340 # 42 330
================================================================================
NOTES:
# LAST OF SEVERAL OCCURRENCES
COLUMN 17 PEAK WIND IN M.P.H.
PRELIMINARY LOCAL CLIMATOLOGICAL DATA (WS FORM: F-6) , PAGE 2
STATION: DALLAS LOVE FIELD
MONTH: APRIL
YEAR: 2020
LATITUDE: 32 50 N
LONGITUDE: 96 51 W
[TEMPERATURE DATA] [PRECIPITATION DATA] SYMBOLS USED IN COLUMN 16
AVERAGE MONTHLY: 65.9 TOTAL FOR MONTH: 1.27 1 = FOG OR MIST
DPTR FM NORMAL: -0.6 DPTR FM NORMAL: -1.80 2 = FOG REDUCING VISIBILITY
HIGHEST: 96 ON 8 GRTST 24HR 0.59 ON 28-28 TO 1/4 MILE OR LESS
LOWEST: 40 ON 15,13 3 = THUNDER
SNOW, ICE PELLETS, HAIL 4 = ICE PELLETS
TOTAL MONTH: 0.0 INCH 5 = HAIL
GRTST 24HR 0.0 6 = FREEZING RAIN OR DRIZZLE
GRTST DEPTH: 0 7 = DUSTSTORM OR SANDSTORM:
VSBY 1/2 MILE OR LESS
8 = SMOKE OR HAZE
[NO. OF DAYS WITH] [WEATHER - DAYS WITH] 9 = BLOWING SNOW
X = TORNADO
MAX 32 OR BELOW: 0 0.01 INCH OR MORE: 8
MAX 90 OR ABOVE: 2 0.10 INCH OR MORE: 4
MIN 32 OR BELOW: 0 0.50 INCH OR MORE: 1
MIN 0 OR BELOW: 0 1.00 INCH OR MORE: 0
[HDD (BASE 65) ]
TOTAL THIS MO. 100 CLEAR (SCALE 0-3) 4
DPTR FM NORMAL 26 PTCLDY (SCALE 4-7) 18
TOTAL FM JUL 1 1828 CLOUDY (SCALE 8-10) 8
DPTR FM NORMAL -302
[CDD (BASE 65) ]
TOTAL THIS MO. 133
DPTR FM NORMAL 16 [PRESSURE DATA]
TOTAL FM JAN 1 234 HIGHEST SLP 30.32 ON 14
DPTR FM NORMAL 67 LOWEST SLP 29.45 ON 12
[REMARKS]
NO EDITS
#FINAL-04-20#