000
CXUS53 KARX 010900
CF6DEH
PRELIMINARY LOCAL CLIMATOLOGICAL DATA (WS FORM: F-6)
STATION: DECORAH IA
MONTH: APRIL
YEAR: 2021
LATITUDE: 43 16 N
LONGITUDE: 91 44 W
TEMPERATURE IN F: :PCPN: SNOW: WIND :SUNSHINE: SKY :PK WND
================================================================================
1 2 3 4 5 6A 6B 7 8 9 10 11 12 13 14 15 16 17 18
12Z AVG MX 2MIN
DY MAX MIN AVG DEP HDD CDD WTR SNW DPTH SPD SPD DIR MIN PSBL S-S WX SPD DR
================================================================================
1 41 18 30 M 35 0 0.00 0.0 0 3.5 7 99 M M 1 14 310
2 54 28 41 M 24 0 0.00 0.0 0 13.3 21 180 M M 2 31 180
3 72 45 59 M 6 0 0.00 0.0 0 6.7 17 210 M M 0 28 210
4 77 43 60 M 5 0 0.00 0.0 0 7.7 17 180 M M 2 27 180
5 77 55 66 M 0 1 0.00 0.0 0 10.3 21 180 M M 0 32 180
6 77 59 68 M 0 3 0.00 0.0 0 9.5 14 200 M M 3 22 200
7 75 59 67 M 0 2 0.05 0.0 0 10.7 21 160 M M 2 29 160
8 59 45 52 M 13 0 0.06 0.0 0 8.8 15 150 M M 6 1 23 160
9 57 45 51 M 14 0 0.01 0.0 0 4.8 10 260 M M 6 1 21 260
10 46 43 45 M 20 0 0.15 0.0 0 9.8 14 350 M M 7 1 22 350
11 50 43 47 M 18 0 0.01 0.0 0 12.4 16 340 M M 6 24 330
12 52 39 46 M 19 0 0.00 0.0 0 7.5 16 300 M M 3 29 270
13 43 36 40 M 25 0 T 0.0 0 8.2 14 260 M M 6 29 260
14 39 30 35 M 30 0 0.00 0.0 0 8.2 15 330 M M 5 22 320
15 46 37 42 M 23 0 0.00 0.0 0 7.5 13 330 M M 6 18 340
16 57 34 46 M 19 0 0.00 0.0 0 3.9 10 330 M M 2 15 330
17 57 37 47 M 18 0 0.00 0.0 0 6.5 15 350 M M 1 21 10
18 61 41 51 M 14 0 0.00 0.0 0 6.4 17 350 M M 5 30 350
19 45 32 39 M 26 0 0.02 0.0 0 11.0 21 320 M M 5 30 340
20 41 27 34 M 31 0 0.00 0.0 0 4.4 15 340 M M 2 21 320
21 43 25 34 M 31 0 0.00 0.0 0 6.0 15 330 M M 1 24 99
22 61 34 48 M 17 0 0.00 0.0 0 6.3 14 300 M M 0 25 250
23 54 45 50 M 15 0 0.00 0.0 0 7.6 10 180 M M 0 18 220
24 50 34 42 M 23 0 0.00 0.0 0 7.8 17 340 M M 0 24 340
25 48 27 38 M 27 0 0.00 0.0 0 5.4 14 110 M M 0 23 130
26 68 37 53 M 12 0 0.00 0.0 0 10.3 15 130 M M 0 27 140
27 73 50 62 M 3 0 0.00 0.0 0 8.0 16 20 M M 0 24 360
28 61 48 55 M 10 0 0.00 0.0 0 7.3 12 20 M M 0 1 18 30
29 68 45 57 M 8 0 0.00 0.0 0 8.6 24 320 M M 0 36 320
30 63 46 55 M 10 0 0.00 0.0 0 7.3 16 360 M M 0 25 360
================================================================================
SM 1715 1187 496 6 0.30 0.0 235.7 M 71
================================================================================
AV 57.2 39.6 7.9 FASTST M M 2 MAX(MPH)
MISC ----> 24 320 36 320
================================================================================
NOTES:
# LAST OF SEVERAL OCCURRENCES
COLUMN 17 PEAK WIND IN M.P.H.
PRELIMINARY LOCAL CLIMATOLOGICAL DATA (WS FORM: F-6) , PAGE 2
STATION: DECORAH IA
MONTH: APRIL
YEAR: 2021
LATITUDE: 43 16 N
LONGITUDE: 91 44 W
[TEMPERATURE DATA] [PRECIPITATION DATA] SYMBOLS USED IN COLUMN 16
AVERAGE MONTHLY: 48.4 TOTAL FOR MONTH: 0.30 1 = FOG OR MIST
DPTR FM NORMAL: 0.0 DPTR FM NORMAL: M 2 = FOG REDUCING VISIBILITY
HIGHEST: 77 ON 6, 5 GRTST 24HR 0.15 ON 10-10 TO 1/4 MILE OR LESS
LOWEST: 18 ON 1 3 = THUNDER
SNOW, ICE PELLETS, HAIL 4 = ICE PELLETS
TOTAL MONTH: 0.0 INCH 5 = HAIL
GRTST 24HR 0.0 6 = FREEZING RAIN OR DRIZZLE
GRTST DEPTH: 0 7 = DUSTSTORM OR SANDSTORM:
VSBY 1/2 MILE OR LESS
8 = SMOKE OR HAZE
[NO. OF DAYS WITH] [WEATHER - DAYS WITH] 9 = BLOWING SNOW
X = TORNADO
MAX 32 OR BELOW: 0 0.01 INCH OR MORE: 6
MAX 90 OR ABOVE: 0 0.10 INCH OR MORE: 1
MIN 32 OR BELOW: 7 0.50 INCH OR MORE: 0
MIN 0 OR BELOW: 0 1.00 INCH OR MORE: 0
[HDD (BASE 65) ]
TOTAL THIS MO. 496 CLEAR (SCALE 0-3) 20
DPTR FM NORMAL M PTCLDY (SCALE 4-7) 10
TOTAL FM JUL 1 6853 CLOUDY (SCALE 8-10) 0
DPTR FM NORMAL M
[CDD (BASE 65) ]
TOTAL THIS MO. 6
DPTR FM NORMAL M [PRESSURE DATA]
TOTAL FM JAN 1 6 HIGHEST SLP M ON M
DPTR FM NORMAL M LOWEST SLP M ON M
[REMARKS]
#FINAL-04-21#