000
CXUS53 KARX 011535
CF6DEH
PRELIMINARY LOCAL CLIMATOLOGICAL DATA (WS FORM: F-6)
STATION: DECORAH IA
MONTH: OCTOBER
YEAR: 2023
LATITUDE: 43 16 N
LONGITUDE: 91 44 W
TEMPERATURE IN F: :PCPN: SNOW: WIND :SUNSHINE: SKY :PK WND
================================================================================
1 2 3 4 5 6A 6B 7 8 9 10 11 12 13 14 15 16 17 18
12Z AVG MX 2MIN
DY MAX MIN AVG DEP HDD CDD WTR SNW DPTH SPD SPD DIR MIN PSBL S-S WX SPD DR
================================================================================
1 90 66 78 M 0 13 0.00 0.0 0 7.6 12 170 M M 1 21 99
2 86 61 74 M 0 9 0.00 0.0 0 6.2 10 160 M M 3 17 170
3 84 61 73 M 0 8 0.00 0.0 0 8.7 16 190 M M 5 27 190
4 73 52 63 M 2 0 T 0.0 0 7.3 15 210 M M 6 35 210
5 68 48 58 M 7 0 0.00 0.0 0 5.7 13 310 M M 2 28 290
6 54 41 48 M 17 0 M 0.0 0 7.4 13 300 M M 7 1 24 260
7 54 39 47 M 18 0 0.00 0.0 0 4.1 10 330 M M 7 16 330
8 59 43 51 M 14 0 0.00 0.0 0 2.9 8 30 M M 8 14 0
9 55 37 46 M 19 0 0.00 0.0 0 6.2 14 320 M M 1 28 320
10 59 34 47 M 18 0 0.00 0.0 0 2.9 13 310 M M 1 23 310
11 63 28 46 M 19 0 0.02 0.0 0 3.2 7 99 M M 5 13 150
12 50 46 48 M 17 0 0.51 0.0 0 13.3 20 90 M M 10 1 30 90
13 54 48 51 M 14 0 0.98 0.0 0 14.2 22 100 M M 10 1 33 100
14 54 46 50 M 15 0 0.04 0.0 0 9.4 13 10 M M 10 1 21 20
15 54 41 48 M 17 0 0.00 0.0 0 7.8 14 340 M M 7 24 350
16 55 36 46 M 19 0 0.00 0.0 0 4.7 9 300 M M 2 1 14 340
17 64 36 50 M 15 0 0.00 0.0 0 3.4 7 99 M M 2 1 15 99
18 64 46 55 M 10 0 0.00 0.0 0 7.1 14 180 M M 5 23 150
19 57 45 51 M 14 0 0.01 0.0 0 4.1 8 320 M M 6 12 14 99
20 66 41 54 M 11 0 0.00 0.0 0 4.3 12 310 M M 2 1 18 310
21 63 43 53 M 12 0 0.00 0.0 0 9.6 23 330 M M 3 33 330
22 57 37 47 M 18 0 0.00 0.0 0 3.1 8 150 M M 5 15 99
23 68 45 57 M 8 0 0.29 0.0 0 8.4 13 170 M M 7 20 150
24 77 63 70 M 0 5 0.02 0.0 0 10.8 16 200 M M 9 29 210
25 64 59 62 M 3 0 0.00 0.0 0 3.1 10 210 M M 10 1 27 200
26 68 61 65 M 0 0 0.82 0.0 0 6.1 10 200 M M 10 1 18 190
27 64 34 49 M 16 0 0.00 0.0 0 10.9 15 320 M M 10 29 320
28 34 32 33 M 32 0 T T 0 8.1 17 330 M M 9 25 330
29 37 27 32 M 33 0 0.00 0.0 M 6.9 10 330 M M 6 17 330
30 36 21 29 M 36 0 0.00 0.0 0 6.5 12 210 M M 4 20 270
31 34 25 30 M 35 0 M M M 12.3 23 330 M M 8 36 310
================================================================================
SM 1865 1342 439 35 2.69 T 216.3 M 181
================================================================================
AV 60.2 43.3 7.0 FASTST M M 6 MAX(MPH)
MISC ----> # 23 330 36 310
================================================================================
NOTES:
# LAST OF SEVERAL OCCURRENCES
COLUMN 17 PEAK WIND IN M.P.H.
PRELIMINARY LOCAL CLIMATOLOGICAL DATA (WS FORM: F-6) , PAGE 2
STATION: DECORAH IA
MONTH: OCTOBER
YEAR: 2023
LATITUDE: 43 16 N
LONGITUDE: 91 44 W
[TEMPERATURE DATA] [PRECIPITATION DATA] SYMBOLS USED IN COLUMN 16
AVERAGE MONTHLY: 51.7 TOTAL FOR MONTH: 2.69 1 = FOG OR MIST
DPTR FM NORMAL: 0.0 DPTR FM NORMAL: M 2 = FOG REDUCING VISIBILITY
HIGHEST: 90 ON 1 GRTST 24HR 0.98 ON 13-13 TO 1/4 MILE OR LESS
LOWEST: 21 ON 30 3 = THUNDER
SNOW, ICE PELLETS, HAIL 4 = ICE PELLETS
TOTAL MONTH: T 5 = HAIL
GRTST 24HR T ON 28-28 6 = FREEZING RAIN OR DRIZZLE
GRTST DEPTH: 0 7 = DUSTSTORM OR SANDSTORM:
VSBY 1/2 MILE OR LESS
8 = SMOKE OR HAZE
[NO. OF DAYS WITH] [WEATHER - DAYS WITH] 9 = BLOWING SNOW
X = TORNADO
MAX 32 OR BELOW: 0 0.01 INCH OR MORE: 8
MAX 90 OR ABOVE: 1 0.10 INCH OR MORE: 4
MIN 32 OR BELOW: 5 0.50 INCH OR MORE: 3
MIN 0 OR BELOW: 0 1.00 INCH OR MORE: 0
[HDD (BASE 65) ]
TOTAL THIS MO. 439 CLEAR (SCALE 0-3) 9
DPTR FM NORMAL M PTCLDY (SCALE 4-7) 13
TOTAL FM JUL 1 508 CLOUDY (SCALE 8-10) 9
DPTR FM NORMAL M
[CDD (BASE 65) ]
TOTAL THIS MO. 35
DPTR FM NORMAL M [PRESSURE DATA]
TOTAL FM JAN 1 714 HIGHEST SLP M ON M
DPTR FM NORMAL M LOWEST SLP M ON M
[REMARKS]
#FINAL-10-23#