000
CXUS56 KOTX 011240
CLMDEW
CLIMATE REPORT
NATIONAL WEATHER SERVICE SPOKANE WA
440 AM PST THU FEB 01 2024
...................................
...THE DEER_PARK WA AIRPORT CLIMATE SUMMARY FOR THE MONTH OF JANUARY 2024...
CLIMATE NORMAL PERIOD 1991 TO 2020
CLIMATE RECORD PERIOD 9999 TO 9999
WEATHER OBSERVED NORMAL DEPART LAST YEAR`S
VALUE DATE(S) VALUE FROM VALUE DATE(S)
NORMAL
................................................................
TEMPERATURE (F)
RECORD
HIGH 54 01/26/2003
LOW -28 01/05/2004
HIGHEST 50 01/29 MM MM 43 01/13
01/14
LOWEST -22 01/12 MM MM -6 01/30
01/13
AVG. MAXIMUM 32.4 33.9 -1.5 35.0
AVG. MINIMUM 20.5 21.1 -0.6 24.1
MEAN 26.5 27.5 -1.0 29.5
DAYS MAX >= 90 0 0.0 0.0 0
DAYS MAX <= 32 12 12.1 -0.1 9
DAYS MIN <= 32 21 27.5 -6.5 22
DAYS MIN <= 0 5 1.9 3.1 2
PRECIPITATION (INCHES)
RECORD
MAXIMUM 9.21 2006
MINIMUM 0.87 2001
TOTALS 2.06 2.89 -0.83 1.74
DAILY AVG. 0.07 0.09 -0.02 0.06
DAYS >= .01 14 14.9 -0.9 14
DAYS >= .10 8 7.7 0.3 5
DAYS >= .50 0 1.0 -1.0 0
DAYS >= 1.00 0 0.1 -0.1 0
GREATEST
24 HR. TOTAL 0.50 01/27 TO 01/28 0.43
DEGREE DAYS
HEATING TOTAL 1187 1162 25 1092
SINCE 7/1 3881 4274 -393 MM
COOLING TOTAL 0 0 0 0
SINCE 1/1 0 0 0 MM
................................................................
WIND (MPH)
AVERAGE WIND SPEED 5.1
HIGHEST WIND SPEED/DIRECTION 28/210 DATE 01/09
HIGHEST GUST SPEED/DIRECTION 42/200 DATE 01/09
SKY COVER
POSSIBLE SUNSHINE (PERCENT) MM
AVERAGE SKY COVER 0.72
NUMBER OF DAYS FAIR 5
NUMBER OF DAYS PC 7
NUMBER OF DAYS CLOUDY 19
AVERAGE RH (PERCENT) 80
WEATHER CONDITIONS. NUMBER OF DAYS WITH
THUNDERSTORM 0 MIXED PRECIP 0
HEAVY RAIN 0 RAIN 2
LIGHT RAIN 9 FREEZING RAIN 0
LT FREEZING RAIN 3 HAIL 0
HEAVY SNOW 2 SNOW 4
LIGHT SNOW 10 SLEET 0
FOG 24 FOG W/VIS <= 1/4 MILE 13
HAZE 3
- INDICATES NEGATIVE NUMBERS.
R INDICATES RECORD WAS SET OR TIED.
MM INDICATES DATA IS MISSING.
T INDICATES TRACE AMOUNT.
$$