000
CXUS53 KIWX 010810
CF6DFI
PRELIMINARY LOCAL CLIMATOLOGICAL DATA (WS FORM: F-6)
STATION: DEFIANCE MEMORIAL
MONTH: JUNE
YEAR: 2023
LATITUDE: 41 20 N
LONGITUDE: 84 26 W
TEMPERATURE IN F: :PCPN: SNOW: WIND :SUNSHINE: SKY :PK WND
================================================================================
1 2 3 4 5 6A 6B 7 8 9 10 11 12 13 14 15 16 17 18
12Z AVG MX 2MIN
DY MAX MIN AVG DEP HDD CDD WTR SNW DPTH SPD SPD DIR MIN PSBL S-S WX SPD DR
================================================================================
1 90 60 75 10 0 10 0.00 M M 4.1 15 100 M M 1 23 100
2 91 56 74 8 0 9 0.00 M M 4.6 16 80 M M 0 23 90
3 91 60 76 10 0 11 0.00 M M 7.6 16 70 M M 0 23 70
4 80 52 66 0 0 1 T M M 9.3 21 90 M M 1 31 100
5 81 48 65 -2 0 0 0.00 M M 3.1 13 30 M M 6 8 23 50
6 82 55 69 2 0 4 0.00 M M 6.2 16 20 M M 4 8 21 20
7 76 44 60 -7 5 0 0.00 M M 5.9 17 360 M M 3 18 24 340
8 77 44 61 -7 4 0 0.00 M M 4.9 16 340 M M 3 18 24 340
9 79 49 64 -4 1 0 0.00 M M 4.1 13 350 M M 1 19 40
10 86 47 67 -1 0 2 0.00 M M 3.4 14 280 M M 1 18 22 230
11 78 59 69 1 0 4 0.39 M M 7.4 20 20 M M 6 1 28 10
12 65 48 57 -12 8 0 0.00 M M 9.8 17 300 M M 8 25 300
13 67 49 58 -11 7 0 0.78 M M 7.7 18 230 M M 8 1 30 220
14 74 52 63 -6 2 0 0.00 M M 4.8 12 310 M M 5 12 17 310
15 82 51 67 -3 0 2 0.00 M M 7.3 22 310 M M 2 18 32 300
16 74 55 65 -5 0 0 0.00 0.0 0 8.2 17 350 M M 7 18 24 350
17 82 51 67 -3 0 2 0.00 0.0 0 4.0 15 320 M M 1 18 23 320
18 84 50 67 -3 0 2 0.00 0.0 0 3.9 13 90 M M 0 19 80
19 85 59 72 1 0 7 0.00 0.0 0 8.2 17 90 M M 1 28 110
20 87 65 76 5 0 11 0.00 0.0 0 10.9 23 100 M M 1 31 110
21 88 63 76 5 0 11 0.00 M M 8.8 21 80 M M 0 18 30 60
22 76 61 69 -2 0 4 T M M 6.4 16 60 M M 7 25 80
23 75 64 70 -2 0 5 T M M 3.7 12 20 M M 10 15 40
24 88 65 77 5 0 12 0.00 M M 1.7 12 300 M M 6 18 17 310
25 86 64 75 3 0 10 0.96 M M 7.2 31 310 M M 3 13 43 320
26 76 64 70 -2 0 5 0.62 M M 9.0 22 290 M M 9 18 36 290
27 73 61 67 -5 0 2 0.00 M M 7.7 15 310 M M 10 18 22 320
28 80 55 68 -4 0 3 0.00 M M 2.3 10 100 M M 10 128 15 100
29 87 61 74 2 0 9 T M M 7.2 16 210 M M 5 18 26 150
30 86 64 75 2 0 10 0.03 M M 4.2 13 120 M M 6 18 20 220
================================================================================
SM 2426 1676 27 136 2.78 0.0 183.6 M 125
================================================================================
AV 80.9 55.9 6.1 FASTST M M 4 MAX(MPH)
MISC ----> 31 310 43 320
================================================================================
NOTES:
# LAST OF SEVERAL OCCURRENCES
COLUMN 17 PEAK WIND IN M.P.H.
PRELIMINARY LOCAL CLIMATOLOGICAL DATA (WS FORM: F-6) , PAGE 2
STATION: DEFIANCE MEMORIAL
MONTH: JUNE
YEAR: 2023
LATITUDE: 41 20 N
LONGITUDE: 84 26 W
[TEMPERATURE DATA] [PRECIPITATION DATA] SYMBOLS USED IN COLUMN 16
AVERAGE MONTHLY: 68.4 TOTAL FOR MONTH: 2.78 1 = FOG OR MIST
DPTR FM NORMAL: -1.1 DPTR FM NORMAL: -0.60 2 = FOG REDUCING VISIBILITY
HIGHEST: 91 ON 3, 2 GRTST 24HR 1.53 ON 25-26 TO 1/4 MILE OR LESS
LOWEST: 44 ON 8, 7 3 = THUNDER
SNOW, ICE PELLETS, HAIL 4 = ICE PELLETS
TOTAL MONTH: 0.0 INCH 5 = HAIL
GRTST 24HR 0.0 6 = FREEZING RAIN OR DRIZZLE
GRTST DEPTH: 0 7 = DUSTSTORM OR SANDSTORM:
VSBY 1/2 MILE OR LESS
8 = SMOKE OR HAZE
[NO. OF DAYS WITH] [WEATHER - DAYS WITH] 9 = BLOWING SNOW
X = TORNADO
MAX 32 OR BELOW: 0 0.01 INCH OR MORE: 5
MAX 90 OR ABOVE: 3 0.10 INCH OR MORE: 4
MIN 32 OR BELOW: 0 0.50 INCH OR MORE: 3
MIN 0 OR BELOW: 0 1.00 INCH OR MORE: 0
[HDD (BASE 65) ]
TOTAL THIS MO. 27 CLEAR (SCALE 0-3) 13
DPTR FM NORMAL -5 PTCLDY (SCALE 4-7) 12
TOTAL FM JUL 1 5343 CLOUDY (SCALE 8-10) 5
DPTR FM NORMAL -833
[CDD (BASE 65) ]
TOTAL THIS MO. 136
DPTR FM NORMAL -30 [PRESSURE DATA]
TOTAL FM JAN 1 174 HIGHEST SLP 30.13 ON 21
DPTR FM NORMAL -45 LOWEST SLP 29.50 ON 13
[REMARKS]
#FINAL-06-23#