000
CXUS54 KAMA 010710
CF6DHT
PRELIMINARY LOCAL CLIMATOLOGICAL DATA (WS FORM: F-6)
STATION: DALHART
MONTH: APRIL
YEAR: 2022
LATITUDE: 36 1 N
LONGITUDE: 102 33 W
TEMPERATURE IN F: :PCPN: SNOW: WIND :SUNSHINE: SKY :PK WND
================================================================================
1 2 3 4 5 6A 6B 7 8 9 10 11 12 13 14 15 16 17 18
12Z AVG MX 2MIN
DY MAX MIN AVG DEP HDD CDD WTR SNW DPTH SPD SPD DIR MIN PSBL S-S WX SPD DR
================================================================================
1 66 31 49 -3 16 0 T M M 14.6 32 330 M M 3 3 44 210
2 76 28 52 0 13 0 0.00 M M 14.0 29 200 M M 0 40 160
3 71 38 55 3 10 0 0.00 M M 16.3 30 10 M M 0 38 40
4 67 37 52 0 13 0 0.00 M M 9.4 18 30 M M 1 23 30
5 89 33 61 9 4 0 0.00 M M 15.3 40 40 M M 0 8 53 40
6 61 32 47 -6 18 0 0.00 M M 13.4 31 360 M M 2 41 10
7 59 24 42 -11 23 0 0.00 M M 13.0 26 360 M M 0 37 330
8 69 23 46 -7 19 0 0.00 M M 9.2 20 280 M M 0 27 260
9 87 29 58 5 7 0 0.00 M M 12.0 25 240 M M 0 37 240
10 79 42 61 7 4 0 0.00 M M 14.7 40 60 M M 0 8 50 70
11 77 37 57 3 8 0 0.00 M M 16.9 32 20 M M 0 43 20
12 83 50 67 13 0 2 0.00 M M 25.2 45 220 M M 1 8 64 240
13 59 33 46 -8 19 0 0.00 M M 16.0 45 270 M M 2 8 66 290
14 73 22 48 -6 17 0 0.00 M M 11.8 29 240 M M 0 40 240
15 84 35 60 5 5 0 0.00 M M 11.9 26 30 M M 0 37 30
16 57 34 46 -9 19 0 0.00 M M 15.2 26 30 M M 2 36 40
17 75 27 51 -4 14 0 0.00 M M 8.6 18 10 M M 0 8 26 10
18 68 39 54 -1 11 0 0.00 M M 13.6 25 150 M M 0 33 150
19 83 45 64 8 1 0 0.00 M M 18.9 36 220 M M 0 8 47 220
20 83 51 67 11 0 2 0.00 M M 14.5 24 250 M M 0 8 33 260
21 90 47 69 13 0 4 0.00 M M 11.6 28 220 M M 1 8 40 230
22 90 60 75 19 0 10 M M M 30.4 51 170 M M 5 138 73 190
23 76 46 61 4 4 0 0.00 M M 18.3 35 270 M M 2 8 60 230
24 66 38 52 -5 13 0 0.00 M M 11.7 23 50 M M 0 8 30 50
25 61 38 50 -7 15 0 0.00 M M 12.6 31 40 M M 2 36 30
26 75 33 54 -4 11 0 0.00 M M 16.3 32 210 M M 0 8 52 200
27 87 50 69 11 0 4 0.46 M M 15.9 38 160 M M 1 138 48 160
28 88 51 70 12 0 5 0.00 M M 14.3 31 240 M M 0 18 40 210
29 88 46 67 8 0 2 0.00 M M 18.3 36 10 M M 1 8 48 270
30 72 38 55 -4 10 0 0.00 M M 8.4 21 360 M M 0 29 340
================================================================================
SM 2259 1137 274 29 0.46 M 442.3 M 23
================================================================================
AV 75.3 37.9 14.7 FASTST M M 1 MAX(MPH)
MISC ----> 51 170 73 190
================================================================================
NOTES:
# LAST OF SEVERAL OCCURRENCES
COLUMN 17 PEAK WIND IN M.P.H.
PRELIMINARY LOCAL CLIMATOLOGICAL DATA (WS FORM: F-6) , PAGE 2
STATION: DALHART
MONTH: APRIL
YEAR: 2022
LATITUDE: 36 1 N
LONGITUDE: 102 33 W
[TEMPERATURE DATA] [PRECIPITATION DATA] SYMBOLS USED IN COLUMN 16
AVERAGE MONTHLY: 56.6 TOTAL FOR MONTH: 0.46 1 = FOG OR MIST
DPTR FM NORMAL: 1.6 DPTR FM NORMAL: -0.79 2 = FOG REDUCING VISIBILITY
HIGHEST: 90 ON 22,21 GRTST 24HR 0.46 ON 27-27 TO 1/4 MILE OR LESS
LOWEST: 22 ON 14 3 = THUNDER
SNOW, ICE PELLETS, HAIL 4 = ICE PELLETS
TOTAL MONTH: M 5 = HAIL
GRTST 24HR M ON M 6 = FREEZING RAIN OR DRIZZLE
GRTST DEPTH: M ON M 7 = DUSTSTORM OR SANDSTORM:
VSBY 1/2 MILE OR LESS
8 = SMOKE OR HAZE
[NO. OF DAYS WITH] [WEATHER - DAYS WITH] 9 = BLOWING SNOW
X = TORNADO
MAX 32 OR BELOW: 0 0.01 INCH OR MORE: 1
MAX 90 OR ABOVE: 2 0.10 INCH OR MORE: 1
MIN 32 OR BELOW: 8 0.50 INCH OR MORE: 0
MIN 0 OR BELOW: 0 1.00 INCH OR MORE: 0
[HDD (BASE 65) ]
TOTAL THIS MO. 274 CLEAR (SCALE 0-3) 29
DPTR FM NORMAL -36 PTCLDY (SCALE 4-7) 1
TOTAL FM JUL 1 4123 CLOUDY (SCALE 8-10) 0
DPTR FM NORMAL -139
[CDD (BASE 65) ]
TOTAL THIS MO. 29
DPTR FM NORMAL 19 [PRESSURE DATA]
TOTAL FM JAN 1 29 HIGHEST SLP M ON M
DPTR FM NORMAL 18 LOWEST SLP 29.22 ON 12
[REMARKS]
#FINAL-04-22#