000
CXUS53 KBIS 021235
CF6DIK
PRELIMINARY LOCAL CLIMATOLOGICAL DATA (WS FORM: F-6)
STATION: DICKINSON ND
MONTH: SEPTEMBER
YEAR: 2023
LATITUDE: 46 47 N
LONGITUDE: 102 48 W
TEMPERATURE IN F: :PCPN: SNOW: WIND :SUNSHINE: SKY :PK WND
================================================================================
1 2 3 4 5 6A 6B 7 8 9 10 11 12 13 14 15 16 17 18
12Z AVG MX 2MIN
DY MAX MIN AVG DEP HDD CDD WTR SNW DPTH SPD SPD DIR MIN PSBL S-S WX SPD DR
================================================================================
1 87 51 69 5 0 4 0.00 M M 6.5 10 100 M M 0 14 110
2 95 57 76 12 0 11 0.00 M M 9.9 23 280 M M 0 31 280
3 91 55 73 9 0 8 0.00 M M 8.1 15 70 M M 0 8 18 120
4 87 58 73 10 0 8 0.80 M M 10.1 22 360 M M 5 138 35 360
5 66 45 56 -7 9 0 0.47 M M 11.0 23 330 M M 6 18 37 360
6 74 42 58 -4 7 0 0.00 M M 10.7 20 150 M M 0 18 26 140
7 83 51 67 5 0 2 0.00 M M 9.6 18 320 M M 1 18 25 320
8 64 48 56 -6 9 0 0.20 M M 5.6 20 80 M M 4 138 26 80
9 70 49 60 -1 5 0 0.08 M M 7.3 18 270 M M 8 13 23 260
10 70 46 58 -3 7 0 0.00 M M 6.3 15 130 M M 3 20 140
11 72 41 57 -3 8 0 0.00 M M 6.0 15 130 M M 0 21 110
12 72 43 58 -2 7 0 0.00 M M 12.8 21 140 M M 3 12 29 110
13 79 45 62 2 3 0 0.00 M M 8.5 16 200 M M 1 20 210
14 74 54 64 5 1 0 0.03 M M 9.3 18 330 M M 3 18 25 340
15 70 42 56 -3 9 0 0.00 M M 7.8 21 310 M M 2 8 27 310
16 74 37 56 -2 9 0 0.00 M M 5.9 14 170 M M 0 18 19 170
17 85 48 67 9 0 2 0.00 M M 14.8 25 180 M M 0 18 36 180
18 86 51 69 11 0 4 0.00 M M 11.2 25 250 M M 0 33 270
19 79 44 62 5 3 0 0.00 M M 9.6 26 290 M M 0 36 300
20 60 41 51 -6 14 0 0.03 M M 9.0 25 100 M M 5 18 34 100
21 69 50 60 4 5 0 T M M 12.2 23 100 M M 6 1 29 100
22 62 55 59 3 6 0 0.58 M M 10.4 17 80 M M 10 12 24 90
23 67 52 60 5 5 0 0.06 M M 5.5 15 60 M M 8 1 19 50
24 66 49 58 3 7 0 0.03 M M 10.0 20 310 M M 9 1 28 330
25 74 47 61 7 4 0 0.00 M M 5.6 10 130 M M 0 13 40
26 70 48 59 5 6 0 0.00 M M 13.3 23 130 M M 1 12 30 120
27 74 51 63 9 2 0 0.00 M M 14.8 23 160 M M 3 30 160
28 69 44 57 4 8 0 0.00 M M 9.6 25 300 M M 1 12 34 290
29 73 44 59 7 6 0 0.00 M M 9.4 17 170 M M 2 22 170
30 73 43 58 6 7 0 0.00 M M 15.5 30 130 M M 0 12 40 120
================================================================================
SM 2235 1431 147 39 2.28 M 286.3 M 81
================================================================================
AV 74.5 47.7 9.5 FASTST M M 3 MAX(MPH)
MISC ----> 30 130 40 120
================================================================================
NOTES:
# LAST OF SEVERAL OCCURRENCES
COLUMN 17 PEAK WIND IN M.P.H.
PRELIMINARY LOCAL CLIMATOLOGICAL DATA (WS FORM: F-6) , PAGE 2
STATION: DICKINSON ND
MONTH: SEPTEMBER
YEAR: 2023
LATITUDE: 46 47 N
LONGITUDE: 102 48 W
[TEMPERATURE DATA] [PRECIPITATION DATA] SYMBOLS USED IN COLUMN 16
AVERAGE MONTHLY: 61.1 TOTAL FOR MONTH: 2.28 1 = FOG OR MIST
DPTR FM NORMAL: 2.6 DPTR FM NORMAL: 0.66 2 = FOG REDUCING VISIBILITY
HIGHEST: 95 ON 2 GRTST 24HR 1.27 ON 4- 5 TO 1/4 MILE OR LESS
LOWEST: 37 ON 16 3 = THUNDER
SNOW, ICE PELLETS, HAIL 4 = ICE PELLETS
TOTAL MONTH: M 5 = HAIL
GRTST 24HR M ON M 6 = FREEZING RAIN OR DRIZZLE
GRTST DEPTH: M ON M 7 = DUSTSTORM OR SANDSTORM:
VSBY 1/2 MILE OR LESS
8 = SMOKE OR HAZE
[NO. OF DAYS WITH] [WEATHER - DAYS WITH] 9 = BLOWING SNOW
X = TORNADO
MAX 32 OR BELOW: 0 0.01 INCH OR MORE: 9
MAX 90 OR ABOVE: 2 0.10 INCH OR MORE: 4
MIN 32 OR BELOW: 0 0.50 INCH OR MORE: 2
MIN 0 OR BELOW: 0 1.00 INCH OR MORE: 0
[HDD (BASE 65) ]
TOTAL THIS MO. 147 CLEAR (SCALE 0-3) 21
DPTR FM NORMAL -87 PTCLDY (SCALE 4-7) 7
TOTAL FM JUL 1 222 CLOUDY (SCALE 8-10) 2
DPTR FM NORMAL -88
[CDD (BASE 65) ]
TOTAL THIS MO. 39
DPTR FM NORMAL 1 [PRESSURE DATA]
TOTAL FM JAN 1 425 HIGHEST SLP 30.34 ON 10
DPTR FM NORMAL 9 LOWEST SLP 29.48 ON 4
[REMARKS]
#FINAL-09-23#