480
CXUS53 KDLH 010635
CF6DLH
PRELIMINARY LOCAL CLIMATOLOGICAL DATA (WS FORM: F-6)
STATION: DULUTH
MONTH: APRIL
YEAR: 2020
LATITUDE: 46 49 N
LONGITUDE: 92 11 W
TEMPERATURE IN F: :PCPN: SNOW: WIND :SUNSHINE: SKY :PK WND
================================================================================
1 2 3 4 5 6A 6B 7 8 9 10 11 12 13 14 15 16 17 18
12Z AVG MX 2MIN
DY MAX MIN AVG DEP HDD CDD WTR SNW DPTH SPD SPD DIR MIN PSBL S-S WX SPD DR
================================================================================
1 40 27 34 1 31 0 0.00 0.0 8 11.6 18 110 M M 3 1 24 100
2 49 32 41 8 24 0 0.03 0.0 8 13.1 24 100 M M 8 33 100
3 42 20 31 -3 34 0 0.14 0.4 5 12.7 20 310 M M 10 18 26 300
4 40 15 28 -6 37 0 T T 6 6.7 20 320 M M 3 29 310
5 46 24 35 0 30 0 0.00 0.0 5 6.7 15 130 M M 4 20 170
6 50 33 42 7 23 0 T 0.0 3 10.2 17 100 M M 8 22 100
7 62 37 50 14 15 0 0.12 0.0 T 8.5 20 290 M M 7 123 31 300
8 50 30 40 4 25 0 T 0.1 T 13.5 29 320 M M 3 8 44 310
9 35 27 31 -5 34 0 0.12 1.7 T 14.3 26 310 M M 9 128 38 350
10 46 23 35 -2 30 0 T T T 9.4 18 270 M M 3 26 270
11 52 30 41 3 24 0 0.00 0.0 0 11.0 20 300 M M 5 27 360
12 35 28 32 -6 33 0 0.00 0.0 0 12.2 24 350 M M 10 33 330
13 33 19 26 -12 39 0 T 0.1 0 14.2 28 300 M M 5 8 37 270
14 28 14 21 -18 44 0 T T T 10.8 20 300 M M 4 8 28 320
15 33 14 24 -15 41 0 0.00 0.0 T 9.3 18 280 M M 3 27 260
16 42 19 31 -9 34 0 0.00 0.0 T 11.7 30 280 M M 2 45 260
17 45 20 33 -7 32 0 0.00 0.0 T 10.3 25 260 M M 4 33 270
18 55 33 44 3 21 0 T 0.1 T 15.7 25 310 M M 7 34 270
19 44 27 36 -5 29 0 0.01 0.1 T 12.3 21 320 M M 3 1 29 290
20 48 27 38 -4 27 0 T 0.2 T 16.4 30 330 M M 7 12 50 310
21 41 21 31 -11 34 0 0.00 0.0 T 9.2 18 340 M M 2 26 330
22 42 29 36 -7 29 0 T T T 16.1 26 80 M M 6 35 70
23 46 29 38 -5 27 0 0.00 0.0 0 10.5 18 80 M M 2 24 120
24 64 29 47 3 18 0 T 0.0 0 3.8 25 260 M M 3 8 34 270
25 55 31 43 -1 22 0 0.00 0.0 0 10.4 21 80 M M 1 26 100
26 55 34 45 0 20 0 0.00 0.0 0 13.1 23 80 M M 1 31 90
27 63 35 49 4 16 0 0.48 0.0 0 8.6 16 120 M M 6 1 22 270
28 42 37 40 -5 25 0 0.40 0.0 0 10.0 20 70 M M 10 12 26 70
29 62 39 51 5 14 0 T 0.0 0 10.3 18 340 M M 6 1 29 10
30 66 39 53 7 12 0 0.00 0.0 0 7.2 16 250 M M 0 23 10
================================================================================
SM 1411 822 824 0 1.30 2.7 329.8 M 145
================================================================================
AV 47.0 27.4 11.0 FASTST M M 5 MAX(MPH)
MISC ----> # 30 280 # 50 310
================================================================================
NOTES:
# LAST OF SEVERAL OCCURRENCES
COLUMN 17 PEAK WIND IN M.P.H.
PRELIMINARY LOCAL CLIMATOLOGICAL DATA (WS FORM: F-6) , PAGE 2
STATION: DULUTH
MONTH: APRIL
YEAR: 2020
LATITUDE: 46 49 N
LONGITUDE: 92 11 W
[TEMPERATURE DATA] [PRECIPITATION DATA] SYMBOLS USED IN COLUMN 16
AVERAGE MONTHLY: 37.2 TOTAL FOR MONTH: 1.30 1 = FOG OR MIST
DPTR FM NORMAL: -2.4 DPTR FM NORMAL: -1.13 2 = FOG REDUCING VISIBILITY
HIGHEST: 66 ON 30 GRTST 24HR 0.48 ON 27-27 TO 1/4 MILE OR LESS
LOWEST: 14 ON 15,14 3 = THUNDER
SNOW, ICE PELLETS, HAIL 4 = ICE PELLETS
TOTAL MONTH: 2.7 INCHES 5 = HAIL
GRTST 24HR 1.7 ON 9- 9 6 = FREEZING RAIN OR DRIZZLE
GRTST DEPTH: 8 ON 2, 1 7 = DUSTSTORM OR SANDSTORM:
VSBY 1/2 MILE OR LESS
8 = SMOKE OR HAZE
[NO. OF DAYS WITH] [WEATHER - DAYS WITH] 9 = BLOWING SNOW
X = TORNADO
MAX 32 OR BELOW: 1 0.01 INCH OR MORE: 7
MAX 90 OR ABOVE: 0 0.10 INCH OR MORE: 5
MIN 32 OR BELOW: 22 0.50 INCH OR MORE: 0
MIN 0 OR BELOW: 0 1.00 INCH OR MORE: 0
[HDD (BASE 65) ]
TOTAL THIS MO. 824 CLEAR (SCALE 0-3) 11
DPTR FM NORMAL 62 PTCLDY (SCALE 4-7) 14
TOTAL FM JUL 1 8363 CLOUDY (SCALE 8-10) 5
DPTR FM NORMAL -476
[CDD (BASE 65) ]
TOTAL THIS MO. 0
DPTR FM NORMAL 0 [PRESSURE DATA]
TOTAL FM JAN 1 0 HIGHEST SLP M ON M
DPTR FM NORMAL 0 LOWEST SLP 29.49 ON 20
[REMARKS]
#FINAL-04-20#