000
CXUS56 KTFX 011110
CF6DLN
PRELIMINARY LOCAL CLIMATOLOGICAL DATA (WS FORM: F-6)
STATION: DILLON AIRPORT MT
MONTH: JULY
YEAR: 2022
LATITUDE: 45 15 N
LONGITUDE: 112 33 W
TEMPERATURE IN F: :PCPN: SNOW: WIND :SUNSHINE: SKY :PK WND
================================================================================
1 2 3 4 5 6A 6B 7 8 9 10 11 12 13 14 15 16 17 18
12Z AVG MX 2MIN
DY MAX MIN AVG DEP HDD CDD WTR SNW DPTH SPD SPD DIR MIN PSBL S-S WX SPD DR
================================================================================
1 83 41 62 1 3 0 0.00 M 0 7.0 23 30 M M 0 8 33 360
2 83 43 63 1 2 0 0.00 M 0 8.6 37 130 M M 0 44 130
3 69 51 60 -2 5 0 0.21 M 0 7.9 30 90 M M 4 18 38 80
4 75 47 61 -1 4 0 T M 0 4.7 13 20 M M 5 12 17 20
5 78 52 65 3 0 0 0.00 M 0 4.4 21 240 M M 2 29 240
6 80 50 65 2 0 0 0.02 M 0 6.0 22 250 M M 1 29 240
7 78 49 64 1 1 0 0.02 M 0 5.6 30 230 M M 3 8 43 240
8 80 47 64 0 1 0 0.08 M 0 4.7 21 220 M M 1 8 27 210
9 83 47 65 1 0 0 0.01 M 0 5.9 18 350 M M 2 26 360
10 82 47 65 1 0 0 0.00 M 0 9.0 22 240 M M 1 35 280
11 80 45 63 -1 2 0 0.00 M 0 5.0 10 340 M M 0 8 15 330
12 90 46 68 3 0 3 0.00 M 0 6.9 15 210 M M 0 8 19 210
13 88 52 70 5 0 5 0.16 M 0 8.8 30 230 M M 0 8 42 230
14 92 53 73 8 0 8 T M 0 7.1 25 130 M M 0 35 170
15 87 51 69 4 0 4 0.10 M 0 8.0 32 140 M M 1 43 140
16 88 52 70 4 0 5 T M 0 8.0 29 250 M M 0 40 260
17 89 55 72 6 0 7 T M 0 10.0 32 190 M M 1 46 200
18 82 52 67 1 0 2 0.00 M 0 14.0 39 240 M M 1 8 56 230
19 84 39 62 -4 3 0 0.00 M 0 7.7 24 290 M M 0 8 30 280
20 87 45 66 0 0 1 0.00 M 0 8.2 21 290 M M 0 8 28 310
21 89 50 70 4 0 5 0.00 M 0 7.7 22 280 M M 0 8 30 280
22 88 45 67 1 0 2 0.00 M 0 11.3 26 40 M M 0 8 36 40
23 86 43 65 -1 0 0 0.00 M 0 5.8 12 60 M M 0 16 30
24 84 44 64 -2 1 0 0.00 M 0 7.9 26 350 M M 0 8 36 340
25 87 43 65 -2 0 0 0.00 M 0 6.8 16 30 M M 0 22 30
26 88 60 74 7 0 9 0.00 M 0 9.0 16 30 M M 0 23 60
27 91 49 70 3 0 5 0.00 M 0 6.7 17 40 M M 1 8 21 40
28 89 53 71 4 0 6 0.00 M 0 6.0 13 20 M M 0 8 17 40
29 91 51 71 5 0 6 T M 0 7.9 24 210 M M 1 8 34 220
30 92 52 72 6 0 7 0.00 M 0 5.2 13 190 M M 0 8 17 20
31 91 50 71 5 0 6 0.00 M 0 8.5 16 200 M M 0 8 22 180
================================================================================
SM 2634 1504 22 81 0.60 M 230.3 M 24
================================================================================
AV 85.0 48.5 7.4 FASTST M M 1 MAX(MPH)
MISC ----> 39 240 56 230
================================================================================
NOTES:
# LAST OF SEVERAL OCCURRENCES
COLUMN 17 PEAK WIND IN M.P.H.
PRELIMINARY LOCAL CLIMATOLOGICAL DATA (WS FORM: F-6) , PAGE 2
STATION: DILLON AIRPORT MT
MONTH: JULY
YEAR: 2022
LATITUDE: 45 15 N
LONGITUDE: 112 33 W
[TEMPERATURE DATA] [PRECIPITATION DATA] SYMBOLS USED IN COLUMN 16
AVERAGE MONTHLY: 66.7 TOTAL FOR MONTH: 0.60 1 = FOG OR MIST
DPTR FM NORMAL: 1.8 DPTR FM NORMAL: -0.29 2 = FOG REDUCING VISIBILITY
HIGHEST: 92 ON 30,14 GRTST 24HR 0.21 ON 3- 3 TO 1/4 MILE OR LESS
LOWEST: 39 ON 19 3 = THUNDER
SNOW, ICE PELLETS, HAIL 4 = ICE PELLETS
TOTAL MONTH: M 5 = HAIL
GRTST 24HR M ON M 6 = FREEZING RAIN OR DRIZZLE
GRTST DEPTH: 0 7 = DUSTSTORM OR SANDSTORM:
VSBY 1/2 MILE OR LESS
8 = SMOKE OR HAZE
[NO. OF DAYS WITH] [WEATHER - DAYS WITH] 9 = BLOWING SNOW
X = TORNADO
MAX 32 OR BELOW: 0 0.01 INCH OR MORE: 7
MAX 90 OR ABOVE: 6 0.10 INCH OR MORE: 3
MIN 32 OR BELOW: 0 0.50 INCH OR MORE: 0
MIN 0 OR BELOW: 0 1.00 INCH OR MORE: 0
[HDD (BASE 65) ]
TOTAL THIS MO. 22 CLEAR (SCALE 0-3) 29
DPTR FM NORMAL -41 PTCLDY (SCALE 4-7) 2
TOTAL FM JUL 1 22 CLOUDY (SCALE 8-10) 0
DPTR FM NORMAL -42
[CDD (BASE 65) ]
TOTAL THIS MO. 81
DPTR FM NORMAL 21 [PRESSURE DATA]
TOTAL FM JAN 1 87 HIGHEST SLP 30.24 ON 11
DPTR FM NORMAL 19 LOWEST SLP 29.70 ON 22
[REMARKS]
#FINAL-07-22#