000
CXUS56 KTFX 011110
CF6DLN
PRELIMINARY LOCAL CLIMATOLOGICAL DATA (WS FORM: F-6)
STATION: DILLON AIRPORT MT
MONTH: OCTOBER
YEAR: 2021
LATITUDE: 45 15 N
LONGITUDE: 112 33 W
TEMPERATURE IN F: :PCPN: SNOW: WIND :SUNSHINE: SKY :PK WND
================================================================================
1 2 3 4 5 6A 6B 7 8 9 10 11 12 13 14 15 16 17 18
12Z AVG MX 2MIN
DY MAX MIN AVG DEP HDD CDD WTR SNW DPTH SPD SPD DIR MIN PSBL S-S WX SPD DR
================================================================================
1 69 31 50 1 15 0 0.00 M 0 7.0 13 220 M M 0 8 16 210
2 72 34 53 5 12 0 0.00 M 0 9.0 17 220 M M 0 24 220
3 75 39 57 9 8 0 0.00 M 0 9.7 17 220 M M 0 22 200
4 77 42 60 13 5 0 0.00 M 0 10.9 23 170 M M 0 8 35 180
5 78 41 60 13 5 0 0.00 M 0 10.7 28 180 M M 0 8 37 180
6 67 41 54 8 11 0 0.22 M 0 7.1 35 250 M M 4 138 47 240
7 56 39 48 2 17 0 0.01 M 0 3.1 8 190 M M 5 1 11 180
8 53 37 45 -1 20 0 0.30 M 0 2.7 13 280 M M 6 1 16 260
9 55 38 47 2 18 0 T M 0 6.1 20 230 M M 6 1 27 230
10 56 35 46 1 19 0 T M 0 13.0 24 220 M M 5 30 200
11 39 26 33 -11 32 0 0.16 M 3 20.7 30 20 M M 10 12 40 20
12 31 22 27 -17 38 0 T M 1 12.6 29 20 M M 9 1 35 20
13 34 26 30 -13 35 0 T M 0 8.0 17 210 M M 9 23 220
14 38 29 34 -9 31 0 0.00 M 0 12.0 22 250 M M 9 28 250
15 50 28 39 -3 26 0 0.00 M 0 13.1 25 220 M M 4 33 220
16 60 32 46 4 19 0 0.00 M 0 10.0 17 190 M M 0 22 230
17 64 32 48 6 17 0 0.00 M 0 9.8 24 180 M M 0 35 180
18 60 32 46 5 19 0 0.00 M 0 8.9 23 40 M M 4 29 40
19 53 30 42 1 23 0 0.00 M 0 9.9 20 40 M M 2 28 40
20 56 27 42 2 23 0 0.00 M 0 6.9 20 160 M M 3 29 180
21 64 34 49 9 16 0 0.00 M 0 6.1 16 170 M M 1 22 190
22 65 36 51 11 14 0 0.00 M 0 10.3 24 190 M M 2 8 41 180
23 51 36 44 5 21 0 0.00 M 0 8.5 24 250 M M 5 33 250
24 50 28 39 0 26 0 0.00 M 0 11.0 29 150 M M 5 8 40 180
25 52 36 44 6 21 0 0.17 M 0 7.1 26 190 M M 10 1 40 180
26 46 32 39 1 26 0 0.15 M 0 10.4 25 240 M M 7 1 34 230
27 49 34 42 4 23 0 0.00 M 0 14.0 33 260 M M 5 42 270
28 59 35 47 10 18 0 0.00 M 0 13.5 25 230 M M 6 35 230
29 60 38 49 12 16 0 0.00 M 0 10.9 28 190 M M 1 8 39 180
30 46 24 35 -2 30 0 0.00 M 0 10.6 21 60 M M 3 28 60
31 33 24 29 -7 36 0 0.00 M 0 10.2 16 40 M M 9 22 50
================================================================================
SM 1718 1018 640 0 1.01 M 303.8 M 130
================================================================================
AV 55.4 32.8 9.8 FASTST M M 4 MAX(MPH)
MISC ----> 35 250 47 240
================================================================================
NOTES:
# LAST OF SEVERAL OCCURRENCES
COLUMN 17 PEAK WIND IN M.P.H.
PRELIMINARY LOCAL CLIMATOLOGICAL DATA (WS FORM: F-6) , PAGE 2
STATION: DILLON AIRPORT MT
MONTH: OCTOBER
YEAR: 2021
LATITUDE: 45 15 N
LONGITUDE: 112 33 W
[TEMPERATURE DATA] [PRECIPITATION DATA] SYMBOLS USED IN COLUMN 16
AVERAGE MONTHLY: 44.1 TOTAL FOR MONTH: 1.01 1 = FOG OR MIST
DPTR FM NORMAL: 1.9 DPTR FM NORMAL: 0.29 2 = FOG REDUCING VISIBILITY
HIGHEST: 78 ON 5 GRTST 24HR 0.32 ON 25-26 TO 1/4 MILE OR LESS
LOWEST: 22 ON 12 3 = THUNDER
SNOW, ICE PELLETS, HAIL 4 = ICE PELLETS
TOTAL MONTH: M 5 = HAIL
GRTST 24HR M ON M 6 = FREEZING RAIN OR DRIZZLE
GRTST DEPTH: 3 ON 11 7 = DUSTSTORM OR SANDSTORM:
VSBY 1/2 MILE OR LESS
8 = SMOKE OR HAZE
[NO. OF DAYS WITH] [WEATHER - DAYS WITH] 9 = BLOWING SNOW
X = TORNADO
MAX 32 OR BELOW: 1 0.01 INCH OR MORE: 6
MAX 90 OR ABOVE: 0 0.10 INCH OR MORE: 5
MIN 32 OR BELOW: 15 0.50 INCH OR MORE: 0
MIN 0 OR BELOW: 0 1.00 INCH OR MORE: 0
[HDD (BASE 65) ]
TOTAL THIS MO. 640 CLEAR (SCALE 0-3) 12
DPTR FM NORMAL -67 PTCLDY (SCALE 4-7) 13
TOTAL FM JUL 1 980 CLOUDY (SCALE 8-10) 6
DPTR FM NORMAL -196
[CDD (BASE 65) ]
TOTAL THIS MO. 0
DPTR FM NORMAL 0 [PRESSURE DATA]
TOTAL FM JAN 1 311 HIGHEST SLP 30.37 ON 16
DPTR FM NORMAL 194 LOWEST SLP 29.42 ON 25
[REMARKS]
#FINAL-10-21#