000
CXUS51 KLWX 010815
CF6DMH
PRELIMINARY LOCAL CLIMATOLOGICAL DATA (WS FORM: F-6)
STATION: BALTIMORE INNER HARBOR
MONTH: JUNE
YEAR: 2023
LATITUDE: 39 16 N
LONGITUDE: 76 37 W
TEMPERATURE IN F: :PCPN: SNOW: WIND :SUNSHINE: SKY :PK WND
================================================================================
1 2 3 4 5 6A 6B 7 8 9 10 11 12 13 14 15 16 17 18
12Z AVG MX 2MIN
DY MAX MIN AVG DEP HDD CDD WTR SNW DPTH SPD SPD DIR MIN PSBL S-S WX SPD DR
================================================================================
1 87 63 75 4 0 10 0.00 M M M M M M M 0 M M
2 95 66 81 9 0 16 0.00 M M M M M M M 0 M M
3 85 63 74 2 0 9 0.00 M M M M M M M 0 M M
4 81 60 71 -1 0 6 0.00 M M M M M M M 0 M M
5 81 59 70 -3 0 5 0.00 M M M M M M M 0 M M
6 83 61 72 -1 0 7 0.00 M M M M M M M 0 M M
7 81 64 73 0 0 8 0.00 M M M M M M M 0 M M
8 79 62 71 -3 0 6 0.00 M M M M M M M 0 M M
9 76 60 68 -6 0 3 0.00 M M M M M M M 0 M M
10 87 60 74 0 0 9 M M M M M M M M 0 M M
11 89 66 78 3 0 13 0.00 M M M M M M M 0 M M
12 81 66 74 -1 0 9 0.05 M M M M M M M 0 M M
13 83 62 73 -3 0 8 0.00 M M M M M M M 0 M M
14 83 65 74 -2 0 9 0.02 M M M M M M M 0 M M
15 83 62 73 -3 0 8 0.00 M M M M M M M 0 M M
16 M M M M M M M M M M M M M M M M M
17 M M M M M M M M M M M M M M M M M
18 M M M M M M 0.00 M M M M M M M M M M
19 91 66 79 2 0 14 0.00 M M M M M M M M M M
20 80 71 76 -2 0 11 0.00 M M M M M M M M M M
21 71 60 66 -12 0 1 0.19 M M M M M M M M M M
22 68 61 65 -13 0 0 0.07 M M M M M M M M M M
23 77 65 71 -7 0 6 0.38 M M M M M M M 0 M M
24 83 72 78 -1 0 13 0.25 M M M M M M M 0 M M
25 90 70 80 1 0 15 0.00 M M M M M M M 0 M M
26 M M M M M M 0.00 M M M M M M M 0 M M
27 87 68 78 -1 0 13 2.96 M M M M M M M 0 M M
28 82 68 75 -5 0 10 0.00 M M M M M M M 0 M M
29 86 69 78 -2 0 13 0.00 M M M M M M M 0 M M
30 86 70 78 -2 0 13 0.59 M M M M M M M 0 M M
================================================================================
SM 2155 1679 0 235 4.51 M M M 0
================================================================================
AV 82.9 64.6 M FASTST M M 0 MAX(MPH)
MISC ----> M M M M
================================================================================
NOTES:
# LAST OF SEVERAL OCCURRENCES
COLUMN 17 PEAK WIND IN M.P.H.
PRELIMINARY LOCAL CLIMATOLOGICAL DATA (WS FORM: F-6) , PAGE 2
STATION: BALTIMORE INNER HARBOR
MONTH: JUNE
YEAR: 2023
LATITUDE: 39 16 N
LONGITUDE: 76 37 W
[TEMPERATURE DATA] [PRECIPITATION DATA] SYMBOLS USED IN COLUMN 16
AVERAGE MONTHLY: 73.7 TOTAL FOR MONTH: 4.51 1 = FOG OR MIST
DPTR FM NORMAL: -2.4 DPTR FM NORMAL: 1.24 2 = FOG REDUCING VISIBILITY
HIGHEST: 95 ON 2 GRTST 24HR 2.96 ON 27-28 TO 1/4 MILE OR LESS
LOWEST: 59 ON 5 3 = THUNDER
SNOW, ICE PELLETS, HAIL 4 = ICE PELLETS
TOTAL MONTH: M 5 = HAIL
GRTST 24HR M ON M 6 = FREEZING RAIN OR DRIZZLE
GRTST DEPTH: M ON M 7 = DUSTSTORM OR SANDSTORM:
VSBY 1/2 MILE OR LESS
8 = SMOKE OR HAZE
[NO. OF DAYS WITH] [WEATHER - DAYS WITH] 9 = BLOWING SNOW
X = TORNADO
MAX 32 OR BELOW: 0 0.01 INCH OR MORE: 8
MAX 90 OR ABOVE: 3 0.10 INCH OR MORE: 5
MIN 32 OR BELOW: 0 0.50 INCH OR MORE: 2
MIN 0 OR BELOW: 0 1.00 INCH OR MORE: 1
[HDD (BASE 65) ]
TOTAL THIS MO. 0 CLEAR (SCALE 0-3) 23
DPTR FM NORMAL -5 PTCLDY (SCALE 4-7) 0
TOTAL FM JUL 1 2808 CLOUDY (SCALE 8-10) 7
DPTR FM NORMAL -1222
[CDD (BASE 65) ]
TOTAL THIS MO. 235
DPTR FM NORMAL -102 [PRESSURE DATA]
TOTAL FM JAN 1 400 HIGHEST SLP 30.19 ON 21
DPTR FM NORMAL -76 LOWEST SLP 29.53 ON 14
[REMARKS]
#FINAL-06-23#