000
CXUS55 KEAX 010836
CF6DMO
PRELIMINARY LOCAL CLIMATOLOGICAL DATA (WS FORM: F-6)
STATION: SEDALIA MO
MONTH: DECEMBER
YEAR: 2020
LATITUDE: 38 42 N
LONGITUDE: 93 6 W
TEMPERATURE IN F: :PCPN: SNOW: WIND :SUNSHINE: SKY :PK WND
================================================================================
1 2 3 4 5 6A 6B 7 8 9 10 11 12 13 14 15 16 17 18
12Z AVG MX 2MIN
DY MAX MIN AVG DEP HDD CDD WTR SNW DPTH SPD SPD DIR MIN PSBL S-S WX SPD DR
================================================================================
1 50 18 34 -6 31 0 0.00 M M 6.6 13 100 M M 0 16 100
2 52 26 39 0 26 0 0.00 M M 5.8 15 110 M M 0 20 100
3 43 36 40 1 25 0 T M M 4.1 10 140 M M 10 1 13 150
4 52 30 41 3 24 0 0.00 M M 8.8 15 260 M M 0 1 21 260
5 56 32 44 6 21 0 0.00 M M 6.6 12 220 M M 0 14 300
6 49 31 40 2 25 0 0.00 M M 7.3 13 360 M M 0 17 360
7 45 28 37 0 28 0 0.00 M M 5.0 10 220 M M 4 128 15 240
8 50 26 38 1 27 0 0.00 M M 5.5 15 230 M M 5 128 22 230
9 67 39 53 17 12 0 0.00 M M 6.3 16 220 M M 0 22 220
10 71 37 54 18 11 0 0.00 M M 6.9 13 200 M M 0 16 180
11 56 42 49 13 16 0 0.28 M M 7.8 16 240 M M 7 1 24 240
12 42 34 38 2 27 0 T M M 10.6 18 260 M M 10 1 28 250
13 36 27 32 -3 33 0 T M M 8.8 18 350 M M 10 23 340
14 36 21 29 -6 36 0 0.00 M M 5.9 12 320 M M 1 1 15 320
15 33 22 28 -7 37 0 T M M 8.7 16 60 M M 4 18 22 50
16 32 24 28 -6 37 0 T M M 5.7 13 310 M M 7 18 18 320
17 46 28 37 3 28 0 0.00 M M 7.2 15 200 M M 4 19 200
18 53 30 42 8 23 0 0.00 M M 13.8 25 190 M M 1 35 190
19 50 24 37 3 28 0 0.00 M M 7.2 20 220 M M 5 1 28 230
20 49 24 37 4 28 0 0.00 M M 9.8 16 220 M M 0 1 23 210
21 58 40 49 16 16 0 0.00 M M 12.1 23 290 M M 0 32 290
22 63 31 47 14 18 0 0.00 M M 13.8 30 170 M M 0 40 180
23 61 23 42 9 23 0 T M M 22.1 35 230 M M 5 48 220
24 26 12 19 -14 46 0 0.00 M M 15.5 24 300 M M 0 34 300
25 33 8 21 -11 44 0 0.00 M M 10.0 20 220 M M 0 29 220
26 58 28 43 11 22 0 0.00 M M 8.9 18 230 M M 0 28 220
27 60 37 49 17 16 0 0.00 M M 14.1 25 300 M M 2 34 300
28 39 31 35 3 30 0 0.00 M M 7.4 16 330 M M 6 8 24 320
29 47 29 38 6 27 0 0.21 M M 14.2 25 120 M M 10 18 34 110
30 47 23 35 3 30 0 0.10 M M 11.3 21 280 M M 4 18 27 290
31 33 18 26 -6 39 0 0.01 M M 9.3 15 60 M M 1 21 50
================================================================================
SM 1493 859 834 0 0.60 M 287.1 M 96
================================================================================
AV 48.2 27.7 9.3 FASTST M M 3 MAX(MPH)
MISC ----> 35 230 48 220
================================================================================
NOTES:
# LAST OF SEVERAL OCCURRENCES
COLUMN 17 PEAK WIND IN M.P.H.
PRELIMINARY LOCAL CLIMATOLOGICAL DATA (WS FORM: F-6) , PAGE 2
STATION: SEDALIA MO
MONTH: DECEMBER
YEAR: 2020
LATITUDE: 38 42 N
LONGITUDE: 93 6 W
[TEMPERATURE DATA] [PRECIPITATION DATA] SYMBOLS USED IN COLUMN 16
AVERAGE MONTHLY: 37.9 TOTAL FOR MONTH: 0.60 1 = FOG OR MIST
DPTR FM NORMAL: 3.1 DPTR FM NORMAL: -1.72 2 = FOG REDUCING VISIBILITY
HIGHEST: 71 ON 10 GRTST 24HR 0.31 ON 29-30 TO 1/4 MILE OR LESS
LOWEST: 8 ON 25 3 = THUNDER
SNOW, ICE PELLETS, HAIL 4 = ICE PELLETS
TOTAL MONTH: M 5 = HAIL
GRTST 24HR M ON M 6 = FREEZING RAIN OR DRIZZLE
GRTST DEPTH: M ON M 7 = DUSTSTORM OR SANDSTORM:
VSBY 1/2 MILE OR LESS
8 = SMOKE OR HAZE
[NO. OF DAYS WITH] [WEATHER - DAYS WITH] 9 = BLOWING SNOW
X = TORNADO
MAX 32 OR BELOW: 2 0.01 INCH OR MORE: 4
MAX 90 OR ABOVE: 0 0.10 INCH OR MORE: 3
MIN 32 OR BELOW: 24 0.50 INCH OR MORE: 0
MIN 0 OR BELOW: 0 1.00 INCH OR MORE: 0
[HDD (BASE 65) ]
TOTAL THIS MO. 834 CLEAR (SCALE 0-3) 17
DPTR FM NORMAL -102 PTCLDY (SCALE 4-7) 10
TOTAL FM JUL 1 1663 CLOUDY (SCALE 8-10) 4
DPTR FM NORMAL -118
[CDD (BASE 65) ]
TOTAL THIS MO. 0
DPTR FM NORMAL 0 [PRESSURE DATA]
TOTAL FM JAN 1 1383 HIGHEST SLP 30.50 ON 29
DPTR FM NORMAL -107 LOWEST SLP 29.54 ON 23
[REMARKS]
#FINAL-12-20#