001
CXUS53 KEAX 051005
CLADMO
CLIMATE REPORT
NATIONAL WEATHER SERVICE
355 AM CST TUE JAN 05 2021
...................................
...THE SEDALIA MO CLIMATE SUMMARY FOR THE YEAR OF 2020...
CLIMATE NORMAL PERIOD: 1981 TO 2010
CLIMATE RECORD PERIOD: 9999 TO 9999
WEATHER OBSERVED NORMAL DEPART LAST YEAR`S
VALUE DATE(S) VALUE FROM VALUE
NORMAL
..............................................................
TEMPERATURE (F)
HIGHEST 95 07/18 98 -3
08/25
LOWEST -2 02/14 -1
AVG. MAXIMUM 66.1 66.4 -0.3
AVG. MINIMUM 46.7 46.7 0.0
MEAN 56.4 56.5 -0.1
DAYS MAX >= 90 30 33.4 -3.4
DAYS MAX <= 32 15 23.3 -8.3
DAYS MIN <= 32 92 115.9 -23.9
DAYS MIN <= 0 1 5.0 -4.0
PRECIPITATION (INCHES)
TOTALS 34.28R 41.11 -6.83
DAILY AVG. 0.09 0.11 -0.02
DAYS >= .01 104 103.4 0.6
DAYS >= .10 67 64.9 2.1
DAYS >= .50 25 26.8 -1.8
DAYS >= 1.00 6 11.2 -5.2
GREATEST
24 HR. TOTAL 2.38
DEGREE DAYS
HEATING TOTAL 4352 4570 -218
COOLING TOTAL 1383 1491 -108
..............................................................
WIND (MPH)
AVERAGE WIND SPEED 8.8
HIGHEST WIND SPEED/DIRECTION 39/220 DATE 03/28
HIGHEST GUST SPEED/DIRECTION 65/330 DATE 06/04
SKY COVER
POSSIBLE SUNSHINE (PERCENT) MM
AVERAGE SKY COVER 0.36
NUMBER OF DAYS FAIR 205
NUMBER OF DAYS PC 97
NUMBER OF DAYS CLOUDY 63
AVERAGE RH (PERCENT) 69
WEATHER CONDITIONS. NUMBER OF DAYS WITH
THUNDERSTORM 50 MIXED PRECIP 0
HEAVY RAIN 36 RAIN 62
LIGHT RAIN 109 FREEZING RAIN 3
LT FREEZING RAIN 5 HAIL 0
HEAVY SNOW 0 SNOW 4
LIGHT SNOW 32 SLEET 0
FOG 156 FOG W/VIS <= 1/4 MILE 18
HAZE 45
- INDICATES NEGATIVE NUMBERS.
R INDICATES RECORD WAS SET OR TIED.
MM INDICATES DATA IS MISSING.
T INDICATES TRACE AMOUNT.
$$