000
CXUS55 KVEF 030111
CF6DRA
PRELIMINARY LOCAL CLIMATOLOGICAL DATA (WS FORM: F-6)
STATION: DESERT ROCK-MERCURY NV
MONTH: OCTOBER
YEAR: 2022
LATITUDE: 36 37 N
LONGITUDE: 116 1 W
TEMPERATURE IN F: :PCPN: SNOW: WIND :SUNSHINE: SKY :PK WND
================================================================================
1 2 3 4 5 6A 6B 7 8 9 10 11 12 13 14 15 16 17 18
12Z AVG MX 2MIN
DY MAX MIN AVG DEP HDD CDD WTR SNW DPTH SPD SPD DIR MIN PSBL S-S WX SPD DR
================================================================================
1 89 59 74 4 0 9 0.00 0.0 0 7.6 15 210 M M 0 30 170
2 89 60 75 5 0 10 0.00 0.0 0 7.1 16 230 M M 0 33 240
3 90 59 75 6 0 10 0.00 0.0 0 4.5 10 240 M M 0 18 320
4 90 60 75 6 0 10 0.00 0.0 0 4.7 9 250 M M 0 22 80
5 90 58 74 6 0 9 0.00 0.0 0 4.8 10 50 M M 0 M M
6 91 62 77 9 0 12 0.00 0.0 0 7.6 15 130 M M 0 20 90
7 90 59 75 7 0 10 0.00 0.0 0 7.0 15 110 M M 0 30 50
8 90 55 73 6 0 8 0.00 0.0 0 3.4 8 150 M M 0 16 150
9 87 58 73 6 0 8 0.00 0.0 0 5.3 9 250 M M 0 16 250
10 M M M M M M 0.00 0.0 0 M M M M M M M M
11 87 56 72 6 0 7 0.00 0.0 0 4.3 12 220 M M 0 M M
12 90 55 73 7 0 8 0.00 0.0 0 6.2 15 40 M M 0 M M
13 90 56 73 8 0 8 0.00 0.0 0 7.2 14 140 M M 0 21 140
14 88 59 74 9 0 9 0.00 0.0 0 8.4 15 30 M M 0 M M
15 88 55 72 8 0 7 0.00 0.0 0 3.4 12 130 M M 0 M M
16 83 53 68 4 0 3 0.00 0.0 0 M M M M M M M M
17 84 54 69 5 0 4 0.00 0.0 0 6.4 10 130 M M 0 18 120
18 87 54 71 8 0 6 0.00 0.0 0 4.8 16 120 M M 0 21 120
19 86 56 71 8 0 6 0.00 0.0 0 7.1 13 70 M M 0 24 70
20 85 52 69 7 0 4 0.00 0.0 0 2.9 7 90 M M 0 M M
21 81 48 65 3 0 0 0.00 0.0 0 6.3 20 200 M M 0 33 190
22 78 51 65 3 0 0 0.08 0.0 0 20.3 35 200 M M 4 53 200
23 62 40 51 -10 14 0 0.00 0.0 0 11.2 22 10 M M 2 32 10
24 63 41 52 -9 13 0 0.00 0.0 0 8.4 17 40 M M 0 27 40
25 68 34 51 -9 14 0 0.00 0.0 0 4.7 9 30 M M 0 M M
26 70 38 54 -6 11 0 0.00 0.0 0 6.1 21 50 M M 0 36 50
27 64 43 54 -6 11 0 0.00 0.0 0 12.3 21 110 M M 0 32 80
28 68 41 55 -4 10 0 0.00 0.0 0 7.1 12 120 M M 0 M M
29 74 39 57 -2 8 0 0.00 0.0 0 M M M M M M M M
30 75 45 60 2 5 0 0.00 0.0 0 M M M M M M M M
31 74 44 59 1 6 0 0.00 0.0 0 4.2 7 140 M M 0 M M
================================================================================
SM 2451 1544 92 148 0.08 0.0 183.3 M 6
================================================================================
AV 81.7 51.5 6.8 FASTST M M 0 MAX(MPH)
MISC ----> 35 200 53 200
================================================================================
NOTES:
# LAST OF SEVERAL OCCURRENCES
COLUMN 17 PEAK WIND IN M.P.H.
PRELIMINARY LOCAL CLIMATOLOGICAL DATA (WS FORM: F-6) , PAGE 2
STATION: DESERT ROCK-MERCURY NV
MONTH: OCTOBER
YEAR: 2022
LATITUDE: 36 37 N
LONGITUDE: 116 1 W
[TEMPERATURE DATA] [PRECIPITATION DATA] SYMBOLS USED IN COLUMN 16
AVERAGE MONTHLY: 66.6 TOTAL FOR MONTH: 0.08 1 = FOG OR MIST
DPTR FM NORMAL: 2.6 DPTR FM NORMAL: -0.29 2 = FOG REDUCING VISIBILITY
HIGHEST: 91 ON 6 GRTST 24HR 0.08 ON 22-22 TO 1/4 MILE OR LESS
LOWEST: 34 ON 25 3 = THUNDER
SNOW, ICE PELLETS, HAIL 4 = ICE PELLETS
TOTAL MONTH: 0.0 INCH 5 = HAIL
GRTST 24HR 0.0 6 = FREEZING RAIN OR DRIZZLE
GRTST DEPTH: 0 7 = DUSTSTORM OR SANDSTORM:
VSBY 1/2 MILE OR LESS
8 = SMOKE OR HAZE
[NO. OF DAYS WITH] [WEATHER - DAYS WITH] 9 = BLOWING SNOW
X = TORNADO
MAX 32 OR BELOW: 0 0.01 INCH OR MORE: 1
MAX 90 OR ABOVE: 8 0.10 INCH OR MORE: 0
MIN 32 OR BELOW: 0 0.50 INCH OR MORE: 0
MIN 0 OR BELOW: 0 1.00 INCH OR MORE: 0
[HDD (BASE 65) ]
TOTAL THIS MO. 92 CLEAR (SCALE 0-3) 26
DPTR FM NORMAL -12 PTCLDY (SCALE 4-7) 1
TOTAL FM JUL 1 92 CLOUDY (SCALE 8-10) 4
DPTR FM NORMAL -19
[CDD (BASE 65) ]
TOTAL THIS MO. 148
DPTR FM NORMAL 75 [PRESSURE DATA]
TOTAL FM JAN 1 2704 HIGHEST SLP M ON M
DPTR FM NORMAL 374 LOWEST SLP M ON M
[REMARKS]
#FINAL-10-22#