000
CXUS55 KGJT 011010
CF6DRO
PRELIMINARY LOCAL CLIMATOLOGICAL DATA (WS FORM: F-6)
STATION: DURANGO AIRPORT CO
MONTH: FEBRUARY
YEAR: 2023
LATITUDE: 37 9 N
LONGITUDE: 107 45 W
TEMPERATURE IN F: :PCPN: SNOW: WIND :SUNSHINE: SKY :PK WND
================================================================================
1 2 3 4 5 6A 6B 7 8 9 10 11 12 13 14 15 16 17 18
12Z AVG MX 2MIN
DY MAX MIN AVG DEP HDD CDD WTR SNW DPTH SPD SPD DIR MIN PSBL S-S WX SPD DR
================================================================================
1 36 -6 15 -11 50 0 0.00 M M 2.6 9 360 M M 0 12 360
2 34 -5 15 -11 50 0 0.00 M M 3.5 12 360 M M 0 14 10
3 43 -2 21 -6 44 0 0.00 M M 3.7 10 10 M M 0 14 350
4 42 5 24 -3 41 0 0.00 M M 3.9 10 60 M M 0 11 60
5 45 6 26 -1 39 0 0.00 M M 4.4 8 30 M M 0 13 10
6 39 14 27 0 38 0 T M M 6.7 20 260 M M 1 24 270
7 38 3 21 -7 44 0 0.00 M M 4.8 15 260 M M 0 19 250
8 37 0 19 -9 46 0 0.00 M M 6.3 23 270 M M 0 28 270
9 35 8 22 -6 43 0 0.00 M M 7.3 26 330 M M 0 39 330
10 34 -8 13 -15 52 0 0.00 M M 4.4 9 70 M M 0 12 80
11 45 -1 22 -7 43 0 0.00 M M 4.2 10 60 M M 2 15 250
12 46 12 29 0 36 0 0.00 M M 3.5 10 10 M M 0 12 10
13 48 17 33 4 32 0 0.28 M M 4.6 23 200 M M 7 13 32 200
14 32 27 30 0 35 0 0.04 M M 16.6 31 280 M M 7 12 41 280
15 27 -3 12 -18 53 0 0.16 M M 5.6 20 260 M M 8 12 25 220
16 23 -2 11 -19 54 0 T M M 3.9 12 210 M M 4 1 13 210
17 33 -12 11 -19 54 0 0.00 M M 2.3 7 20 M M 0 12 320
18 37 0 19 -12 46 0 0.00 M M 2.8 10 10 M M 1 12 90
19 43 14 29 -2 36 0 0.00 M M 6.3 18 290 M M 3 24 250
20 45 10 28 -3 37 0 0.00 M M 6.3 21 260 M M 0 27 250
21 45 14 30 -2 35 0 0.04 M M 5.6 16 220 M M 4 1 25 190
22 36 17 27 -5 38 0 0.09 M M 16.5 43 210 M M 10 129 68 250
23 26 5 16 -16 49 0 0.06 M M 5.1 10 130 M M 8 12 15 130
24 38 16 27 -5 38 0 T M M 6.1 21 260 M M 4 1 29 260
25 46 14 30 -3 35 0 0.00 M M 2.8 13 40 M M 1 13 40
26 41 20 31 -2 34 0 T M M 11.7 36 260 M M 3 49 260
27 35 7 21 -12 44 0 0.00 M M 3.4 12 70 M M 1 14 70
28 35 16 26 -8 39 0 T M M 8.2 22 250 M M 9 1 29 290
================================================================================
SM 1064 186 1185 0 0.67 M 163.1 M 73
================================================================================
AV 38.0 6.6 5.8 FASTST M M 3 MAX(MPH)
MISC ----> 43 210 68 250
================================================================================
NOTES:
# LAST OF SEVERAL OCCURRENCES
COLUMN 17 PEAK WIND IN M.P.H.
PRELIMINARY LOCAL CLIMATOLOGICAL DATA (WS FORM: F-6) , PAGE 2
STATION: DURANGO AIRPORT CO
MONTH: FEBRUARY
YEAR: 2023
LATITUDE: 37 9 N
LONGITUDE: 107 45 W
[TEMPERATURE DATA] [PRECIPITATION DATA] SYMBOLS USED IN COLUMN 16
AVERAGE MONTHLY: 22.3 TOTAL FOR MONTH: 0.67 1 = FOG OR MIST
DPTR FM NORMAL: -7.4 DPTR FM NORMAL: -0.44 2 = FOG REDUCING VISIBILITY
HIGHEST: 48 ON 13 GRTST 24HR 0.28 ON 13-14 TO 1/4 MILE OR LESS
LOWEST: -12 ON 17 3 = THUNDER
SNOW, ICE PELLETS, HAIL 4 = ICE PELLETS
TOTAL MONTH: M 5 = HAIL
GRTST 24HR M ON M 6 = FREEZING RAIN OR DRIZZLE
GRTST DEPTH: M ON M 7 = DUSTSTORM OR SANDSTORM:
VSBY 1/2 MILE OR LESS
8 = SMOKE OR HAZE
[NO. OF DAYS WITH] [WEATHER - DAYS WITH] 9 = BLOWING SNOW
X = TORNADO
MAX 32 OR BELOW: 4 0.01 INCH OR MORE: 6
MAX 90 OR ABOVE: 0 0.10 INCH OR MORE: 2
MIN 32 OR BELOW: 28 0.50 INCH OR MORE: 0
MIN 0 OR BELOW: 10 1.00 INCH OR MORE: 0
[HDD (BASE 65) ]
TOTAL THIS MO. 1185 CLEAR (SCALE 0-3) 19
DPTR FM NORMAL 197 PTCLDY (SCALE 4-7) 7
TOTAL FM JUL 1 5266 CLOUDY (SCALE 8-10) 2
DPTR FM NORMAL 167
[CDD (BASE 65) ]
TOTAL THIS MO. 0
DPTR FM NORMAL 0 [PRESSURE DATA]
TOTAL FM JAN 1 0 HIGHEST SLP 30.79 ON 3
DPTR FM NORMAL 0 LOWEST SLP 29.18 ON 22
[REMARKS]
#FINAL-02-23#