000
CXUS54 KEWX 021355
CF6DRT
PRELIMINARY LOCAL CLIMATOLOGICAL DATA (WS FORM: F-6)
STATION: DEL RIO
MONTH: JUNE
YEAR: 2020
LATITUDE: 29 22 N
LONGITUDE: 100 55 W
TEMPERATURE IN F: :PCPN: SNOW: WIND :SUNSHINE: SKY :PK WND
================================================================================
1 2 3 4 5 6A 6B 7 8 9 10 11 12 13 14 15 16 17 18
12Z AVG MX 2MIN
DY MAX MIN AVG DEP HDD CDD WTR SNW DPTH SPD SPD DIR MIN PSBL S-S WX SPD DR
================================================================================
1 89 72 81 -1 0 16 0.37 0.0 0 8.5 21 90 M M 7 1 31 110
2 93 73 83 1 0 18 T 0.0 0 10.8 18 150 M M 7 25 110
3 96 75 86 4 0 21 0.00 0.0 0 10.2 17 120 M M 5 25 130
4 99 76 88 5 0 23 0.00 0.0 0 10.4 18 160 M M 2 25 160
5 100 76 88 5 0 23 0.00 0.0 0 11.3 18 100 M M 1 27 110
6 100 76 88 5 0 23 0.00 0.0 0 9.9 20 160 M M 0 37 120
7 102 75 89 6 0 24 0.00 0.0 0 8.7 17 140 M M 0 25 150
8 107 79 93 10 0 28 0.00 0.0 0 9.0 17 160 M M 0 26 140
9 105 73 89 5 0 24 0.00 0.0 0 8.7 22 340 M M 0 35 340
10 98 70 84 0 0 19 0.00 0.0 0 8.2 20 150 M M 3 8 27 120
11 100 72 86 2 0 21 0.00 0.0 0 9.4 20 140 M M 1 28 160
12 99 70 85 1 0 20 0.00 0.0 0 8.3 16 110 M M 0 23 110
13 99 67 83 -1 0 18 0.00 0.0 0 8.0 17 130 M M 0 28 150
14 96 70 83 -1 0 18 0.00 0.0 0 7.7 17 130 M M 0 28 130
15 97 71 84 0 0 19 0.00 0.0 0 11.0 24 100 M M 1 36 100
16 99 77 88 4 0 23 0.00 0.0 0 14.1 22 120 M M 4 34 120
17 98 76 87 3 0 22 0.03 0.0 0 12.9 37 280 M M 5 3 47 290
18 95 74 85 1 0 20 T 0.0 0 11.4 22 160 M M 3 30 130
19 98 77 88 3 0 23 T 0.0 0 13.9 29 140 M M 4 8 42 140
20 97 79 88 3 0 23 0.00 0.0 0 12.0 20 150 M M 5 30 140
21 104 79 92 7 0 27 0.00 0.0 0 11.6 24 100 M M 1 34 90
22 105 79 92 7 0 27 0.00 0.0 0 12.7 23 150 M M 0 30 160
23 99 74 87 2 0 22 T 0.0 0 10.0 26 150 M M 2 18 31 150
24 104 76 90 5 0 25 0.00 0.0 0 6.4 20 100 M M 1 30 100
25 102 76 89 4 0 24 0.00 0.0 0 9.7 23 130 M M 1 36 110
26 96 76 86 1 0 21 0.00 0.0 0 13.4 22 110 M M 4 32 100
27 98 79 89 4 0 24 T 0.0 0 12.9 21 140 M M 7 8 30 140
28 98 79 89 4 0 24 0.04 0.0 0 11.2 20 150 M M 3 13 25 150
29 97 81 89 4 0 24 0.00 0.0 0 11.2 18 130 M M 2 27 140
30 97 82 90 5 0 25 0.00 0.0 0 9.9 18 150 M M 1 25 140
================================================================================
SM 2967 2259 0 669 0.44 0.0 313.4 M 70
================================================================================
AV 98.9 75.3 10.4 FASTST M M 2 MAX(MPH)
MISC ----> # 37 280 # 47 290
================================================================================
NOTES:
# LAST OF SEVERAL OCCURRENCES
COLUMN 17 PEAK WIND IN M.P.H.
PRELIMINARY LOCAL CLIMATOLOGICAL DATA (WS FORM: F-6) , PAGE 2
STATION: DEL RIO
MONTH: JUNE
YEAR: 2020
LATITUDE: 29 22 N
LONGITUDE: 100 55 W
[TEMPERATURE DATA] [PRECIPITATION DATA] SYMBOLS USED IN COLUMN 16
AVERAGE MONTHLY: 87.1 TOTAL FOR MONTH: 0.44 1 = FOG OR MIST
DPTR FM NORMAL: 3.1 DPTR FM NORMAL: -1.91 2 = FOG REDUCING VISIBILITY
HIGHEST: 107 ON 8 GRTST 24HR 0.37 ON 1- 1 TO 1/4 MILE OR LESS
LOWEST: 67 ON 13 3 = THUNDER
SNOW, ICE PELLETS, HAIL 4 = ICE PELLETS
TOTAL MONTH: 0.0 INCH 5 = HAIL
GRTST 24HR 0.0 6 = FREEZING RAIN OR DRIZZLE
GRTST DEPTH: 0 7 = DUSTSTORM OR SANDSTORM:
VSBY 1/2 MILE OR LESS
8 = SMOKE OR HAZE
[NO. OF DAYS WITH] [WEATHER - DAYS WITH] 9 = BLOWING SNOW
X = TORNADO
MAX 32 OR BELOW: 0 0.01 INCH OR MORE: 3
MAX 90 OR ABOVE: 29 0.10 INCH OR MORE: 1
MIN 32 OR BELOW: 0 0.50 INCH OR MORE: 0
MIN 0 OR BELOW: 0 1.00 INCH OR MORE: 0
[HDD (BASE 65) ]
TOTAL THIS MO. 0 CLEAR (SCALE 0-3) 20
DPTR FM NORMAL 0 PTCLDY (SCALE 4-7) 10
TOTAL FM JUL 1 964 CLOUDY (SCALE 8-10) 0
DPTR FM NORMAL -412
[CDD (BASE 65) ]
TOTAL THIS MO. 669
DPTR FM NORMAL 98 [PRESSURE DATA]
TOTAL FM JAN 1 1732 HIGHEST SLP 30.21 ON 12
DPTR FM NORMAL 402 LOWEST SLP 29.48 ON 8
[REMARKS]
#FINAL-06-20#