000
CXUS53 KDMX 010810
CF6DSM
PRELIMINARY LOCAL CLIMATOLOGICAL DATA (WS FORM: F-6)
STATION: DES MOINES IA
MONTH: APRIL
YEAR: 2021
LATITUDE: 41 31 N
LONGITUDE: 93 39 W
TEMPERATURE IN F: :PCPN: SNOW: WIND :SUNSHINE: SKY :PK WND
================================================================================
1 2 3 4 5 6A 6B 7 8 9 10 11 12 13 14 15 16 17 18
12Z AVG MX 2MIN
DY MAX MIN AVG DEP HDD CDD WTR SNW DPTH SPD SPD DIR MIN PSBL S-S WX SPD DR
================================================================================
1 47 20 34 -12 31 0 0.00 0.0 0 5.5 14 140 M M 1 17 150
2 64 31 48 2 17 0 0.00 0.0 0 16.9 30 160 M M 2 40 170
3 75 47 61 14 4 0 0.00 0.0 0 8.3 20 200 M M 2 25 200
4 83 44 64 17 1 0 0.00 0.0 0 11.8 25 190 M M 4 34 190
5 81 62 72 24 0 7 0.00 0.0 0 15.6 28 180 M M 6 37 180
6 80 59 70 22 0 5 0.00 0.0 0 13.2 26 170 M M 8 36 160
7 75 54 65 17 0 0 1.02 0.0 0 10.8 31 210 M M 9 135 44 210
8 54 47 51 2 14 0 0.07 0.0 0 10.3 16 250 M M 10 1 19 250
9 57 46 52 3 13 0 0.06 0.0 0 12.5 21 310 M M 10 1 30 300
10 55 43 49 -1 16 0 0.03 0.0 0 13.3 24 330 M M 8 1 36 320
11 64 39 52 2 13 0 0.00 0.0 0 12.2 21 310 M M 4 29 310
12 59 42 51 1 14 0 0.00 0.0 0 17.7 32 300 M M 2 41 300
13 55 35 45 -6 20 0 0.00 0.0 0 13.9 25 280 M M 4 37 260
14 50 33 42 -9 23 0 0.00 0.0 0 12.4 20 310 M M 4 30 300
15 53 34 44 -8 21 0 0.00 0.0 0 7.5 17 310 M M 7 22 320
16 53 41 47 -5 18 0 T 0.0 0 5.1 12 40 M M 10 14 50
17 64 42 53 1 12 0 T 0.0 0 9.1 18 290 M M 8 23 320
18 63 45 54 1 11 0 0.00 0.0 0 8.3 20 260 M M 6 25 260
19 50 30 40 -13 25 0 0.07 0.8 0 11.5 22 310 M M 10 1 28 300
20 45 32 39 -15 26 0 0.00 0.0 0 10.3 21 300 M M 7 26 290
21 47 29 38 -16 27 0 T T 0 9.9 23 290 M M 4 31 280
22 60 29 45 -9 20 0 0.00 0.0 0 9.7 20 190 M M 3 26 200
23 56 44 50 -5 15 0 0.00 0.0 0 9.1 18 190 M M 8 25 170
24 61 40 51 -4 14 0 0.00 0.0 0 10.8 20 320 M M 5 18 31 330
25 65 38 52 -3 13 0 0.00 0.0 0 13.7 26 140 M M 6 35 140
26 85 52 69 13 0 4 0.00 0.0 0 15.6 29 180 M M 5 40 170
27 84 58 71 15 0 6 0.00 0.0 0 11.2 23 220 M M 9 30 210
28 69 51 60 4 5 0 0.03 0.0 0 8.8 21 270 M M 8 1 26 260
29 75 47 61 4 4 0 0.00 0.0 0 10.3 26 320 M M 3 8 39 10
30 76 48 62 5 3 0 0.00 0.0 0 6.9 15 130 M M 4 20 140
================================================================================
SM 1905 1262 380 22 1.28 0.8 332.2 M 177
================================================================================
AV 63.5 42.1 11.1 FASTST M M 6 MAX(MPH)
MISC ----> 32 300 44 210
================================================================================
NOTES:
# LAST OF SEVERAL OCCURRENCES
COLUMN 17 PEAK WIND IN M.P.H.
PRELIMINARY LOCAL CLIMATOLOGICAL DATA (WS FORM: F-6) , PAGE 2
STATION: DES MOINES IA
MONTH: APRIL
YEAR: 2021
LATITUDE: 41 31 N
LONGITUDE: 93 39 W
[TEMPERATURE DATA] [PRECIPITATION DATA] SYMBOLS USED IN COLUMN 16
AVERAGE MONTHLY: 52.8 TOTAL FOR MONTH: 1.28 1 = FOG OR MIST
DPTR FM NORMAL: 1.1 DPTR FM NORMAL: -2.58 2 = FOG REDUCING VISIBILITY
HIGHEST: 85 ON 26 GRTST 24HR 1.02 ON 7- 7 TO 1/4 MILE OR LESS
LOWEST: 20 ON 1 3 = THUNDER
SNOW, ICE PELLETS, HAIL 4 = ICE PELLETS
TOTAL MONTH: 0.8 INCH 5 = HAIL
GRTST 24HR 0.8 ON 19-19 6 = FREEZING RAIN OR DRIZZLE
GRTST DEPTH: 0 7 = DUSTSTORM OR SANDSTORM:
VSBY 1/2 MILE OR LESS
8 = SMOKE OR HAZE
[NO. OF DAYS WITH] [WEATHER - DAYS WITH] 9 = BLOWING SNOW
X = TORNADO
MAX 32 OR BELOW: 0 0.01 INCH OR MORE: 6
MAX 90 OR ABOVE: 0 0.10 INCH OR MORE: 1
MIN 32 OR BELOW: 6 0.50 INCH OR MORE: 1
MIN 0 OR BELOW: 0 1.00 INCH OR MORE: 1
[HDD (BASE 65) ]
TOTAL THIS MO. 380 CLEAR (SCALE 0-3) 5
DPTR FM NORMAL -32 PTCLDY (SCALE 4-7) 16
TOTAL FM JUL 1 5916 CLOUDY (SCALE 8-10) 9
DPTR FM NORMAL -123
[CDD (BASE 65) ]
TOTAL THIS MO. 22
DPTR FM NORMAL 9 [PRESSURE DATA]
TOTAL FM JAN 1 22 HIGHEST SLP M ON M
DPTR FM NORMAL 8 LOWEST SLP 29.42 ON 8
[REMARKS]
#FINAL-04-21#