000
CXUS54 KFWD 072153
CF6DTO
PRELIMINARY LOCAL CLIMATOLOGICAL DATA (WS FORM: F-6)
STATION: DENTON
MONTH: AUGUST
YEAR: 2022
LATITUDE: 33 12 N
LONGITUDE: 97 12 W
TEMPERATURE IN F: :PCPN: SNOW: WIND :SUNSHINE: SKY :PK WND
================================================================================
1 2 3 4 5 6A 6B 7 8 9 10 11 12 13 14 15 16 17 18
12Z AVG MX 2MIN
DY MAX MIN AVG DEP HDD CDD WTR SNW DPTH SPD SPD DIR MIN PSBL S-S WX SPD DR
================================================================================
1 101 84 93 7 0 28 0.00 M M 10.0 21 180 M M 0 30 190
2 105 83 94 8 0 29 0.00 M M 10.6 20 170 M M 0 27 160
3 104 82 93 7 0 28 0.00 M M 12.0 21 160 M M 0 36 170
4 102 81 92 6 0 27 0.00 M M 10.0 16 140 M M 0 23 140
5 105 81 93 7 0 28 0.00 M M 9.7 21 150 M M 0 28 150
6 99 79 89 3 0 24 0.00 M M 10.7 18 150 M M 0 26 150
7 100 80 90 4 0 25 0.00 M M 11.0 20 180 M M 1 32 180
8 102 80 91 6 0 26 0.00 M M 9.0 16 170 M M 1 22 170
9 100 77 89 4 0 24 0.02 M M 5.8 22 350 M M 1 3 35 360
10 101 72 87 2 0 22 0.22 M M 4.9 32 40 M M 2 3 56 40
11 99 71 85 0 0 20 0.00 M M 5.0 15 60 M M 1 1 22 70
12 97 78 88 3 0 23 0.00 M M 6.9 14 100 M M 3 19 100
13 99 80 90 5 0 25 0.00 M M 6.4 13 140 M M 1 19 130
14 99 71 85 0 0 20 0.00 M M 6.1 15 160 M M 1 23 160
15 100 77 89 4 0 24 0.00 M M 7.5 16 160 M M 0 25 180
16 100 75 88 4 0 23 0.00 M M 5.7 15 160 M M 0 23 230
17 102 74 88 4 0 23 T M M 6.5 22 130 M M 1 32 30
18 85 72 79 -5 0 14 0.41 M M 5.2 12 360 M M 4 13 16 360
19 92 73 83 -1 0 18 0.00 M M 3.9 14 60 M M 4 1 19 110
20 95 74 85 1 0 20 0.00 M M 9.4 21 200 M M 1 30 200
21 87 75 81 -3 0 16 0.03 M M 8.4 15 30 M M 5 20 360
22 81 73 77 -6 0 12 2.25 M M 7.8 14 20 M M 9 13 22 60
23 86 72 79 -4 0 14 0.18 M M 7.8 16 30 M M 10 1 21 20
24 90 73 82 -1 0 17 T M M 5.0 13 30 M M 7 18 20
25 93 69 81 -2 0 16 0.00 M M 4.6 14 30 M M 1 23 40
26 94 71 83 1 0 18 0.00 M M 4.7 13 90 M M 2 20 100
27 96 73 85 3 0 20 0.00 M M 6.0 16 120 M M 1 22 120
28 97 77 87 5 0 22 0.00 M M 11.7 21 160 M M 1 27 170
29 94 73 84 2 0 19 T M M 9.7 26 360 M M 2 3 35 350
30 90 73 82 1 0 17 0.31 M M 4.6 15 20 M M 5 13 20 20
31 90 74 82 1 0 17 T M M 5.1 15 200 M M 4 3 19 190
================================================================================
SM 2985 2347 0 659 3.42 M 231.7 M 68
================================================================================
AV 96.3 75.7 7.5 FASTST M M 2 MAX(MPH)
MISC ----> 32 40 56 40
================================================================================
NOTES:
# LAST OF SEVERAL OCCURRENCES
COLUMN 17 PEAK WIND IN M.P.H.
PRELIMINARY LOCAL CLIMATOLOGICAL DATA (WS FORM: F-6) , PAGE 2
STATION: DENTON
MONTH: AUGUST
YEAR: 2022
LATITUDE: 33 12 N
LONGITUDE: 97 12 W
[TEMPERATURE DATA] [PRECIPITATION DATA] SYMBOLS USED IN COLUMN 16
AVERAGE MONTHLY: 86.0 TOTAL FOR MONTH: 3.42 1 = FOG OR MIST
DPTR FM NORMAL: 1.9 DPTR FM NORMAL: 1.03 2 = FOG REDUCING VISIBILITY
HIGHEST: 105 ON 5, 2 GRTST 24HR 2.28 ON 21-22 TO 1/4 MILE OR LESS
LOWEST: 69 ON 25 3 = THUNDER
SNOW, ICE PELLETS, HAIL 4 = ICE PELLETS
TOTAL MONTH: M 5 = HAIL
GRTST 24HR M ON M 6 = FREEZING RAIN OR DRIZZLE
GRTST DEPTH: M ON M 7 = DUSTSTORM OR SANDSTORM:
VSBY 1/2 MILE OR LESS
8 = SMOKE OR HAZE
[NO. OF DAYS WITH] [WEATHER - DAYS WITH] 9 = BLOWING SNOW
X = TORNADO
MAX 32 OR BELOW: 0 0.01 INCH OR MORE: 7
MAX 90 OR ABOVE: 27 0.10 INCH OR MORE: 5
MIN 32 OR BELOW: 0 0.50 INCH OR MORE: 1
MIN 0 OR BELOW: 0 1.00 INCH OR MORE: 1
[HDD (BASE 65) ]
TOTAL THIS MO. 0 CLEAR (SCALE 0-3) 23
DPTR FM NORMAL 0 PTCLDY (SCALE 4-7) 6
TOTAL FM JUL 1 0 CLOUDY (SCALE 8-10) 2
DPTR FM NORMAL 0
[CDD (BASE 65) ]
TOTAL THIS MO. 659
DPTR FM NORMAL 69 [PRESSURE DATA]
TOTAL FM JAN 1 2555 HIGHEST SLP 30.08 ON 7
DPTR FM NORMAL 557 LOWEST SLP 29.72 ON 28
[REMARKS]
#FINAL-08-22#