000
CXUS55 KTWC 021933
CLMDUG
CLIMATE REPORT
NATIONAL WEATHER SERVICE TUCSON AZ
1233 PM MST MON OCT 02 2023
...................................
...THE DOUGLAS AZ CLIMATE SUMMARY FOR THE MONTH OF SEPTEMBER 2023...
CLIMATE NORMAL PERIOD 1991 TO 2020
CLIMATE RECORD PERIOD 1948 TO 2023
WEATHER OBSERVED NORMAL DEPART LAST YEAR`S
VALUE DATE(S) VALUE FROM VALUE
NORMAL
..............................................................
TEMPERATURE (F)
RECORD
HIGH 103 09/09/2023
LOW 36 09/30/1965
HIGHEST 103R 09/09 95 8
LOWEST 52 09/25 50 2
AVG. MAXIMUM 93.3 88.8 4.5
AVG. MINIMUM 60.2 58.4 1.8
MEAN 76.7 73.6 3.1
DAYS MAX >= 90 24 17.1 6.9
DAYS MAX >= 100 5
DAYS MIN <= 32 0 0.0 0.0
DAYS MIN >= 80 0
PRECIPITATION (INCHES)
RECORD
MAXIMUM 6.94 1983
MINIMUM 0.00 2022
TOTALS 2.08 1.27 0.81 0.00
DAILY AVG. 0.07 0.04 0.03 0.00
DAYS >= .01 5 5.6 -0.6 0
DAYS >= .10 3 2.9 0.1 0
DAYS >= .50 1 0.9 0.1 0
DAYS >= 1.00 1 0.3 0.7 0
GREATEST
24 HR. TOTAL 1.75 09/12 TO 09/12 MM
DEGREE DAYS
HEATING TOTAL 0 2 -2 MM
SINCE 7/1 0 0 0 MM
COOLING TOTAL 361 260 101 MM
SINCE 1/1 1953 1651 302 MM
..............................................................
WIND (MPH)
AVERAGE WIND SPEED 7.1
HIGHEST WIND SPEED/DIRECTION 31/300 DATE 09/11
31/040 09/13
HIGHEST GUST SPEED/DIRECTION 48/230 DATE 09/12
AVERAGE RH (PERCENT) 42
- INDICATES NEGATIVE NUMBERS.
R INDICATES RECORD WAS SET OR TIED.
MM INDICATES DATA IS MISSING.
T INDICATES TRACE AMOUNT.
$$