000
CXUS51 KPBZ 011434
CF6DUJ
PRELIMINARY LOCAL CLIMATOLOGICAL DATA (WS FORM: F-6)
STATION: DUBOIS PA
MONTH: OCTOBER
YEAR: 2023
LATITUDE: 41 10 N
LONGITUDE: 78 54 W
TEMPERATURE IN F: :PCPN: SNOW: WIND :SUNSHINE: SKY :PK WND
================================================================================
1 2 3 4 5 6A 6B 7 8 9 10 11 12 13 14 15 16 17 18
12Z AVG MX 2MIN
DY MAX MIN AVG DEP HDD CDD WTR SNW DPTH SPD SPD DIR MIN PSBL S-S WX SPD DR
================================================================================
1 78 52 65 10 0 0 0.00 M M 4.8 12 360 M M 1 1 16 360
2 79 54 67 12 0 2 0.00 M M 1.7 8 30 M M 2 12 10 20
3 83 57 70 15 0 5 0.00 M M 0.6 9 80 M M 0 128 13 110
4 80 58 69 15 0 4 0.00 M M 4.1 12 140 M M 1 1 18 200
5 79 58 69 15 0 4 0.00 M M 6.8 15 130 M M 0 22 140
6 66 60 63 9 2 0 0.23 M M 5.5 18 220 M M 9 1 27 210
7 60 45 53 0 12 0 0.07 M M 10.7 18 250 M M 8 1 26 260
8 51 41 46 -7 19 0 0.07 M M 13.3 24 250 M M 9 1 35 220
9 51 40 46 -6 19 0 0.00 M M 8.2 17 250 M M 9 22 200
10 58 40 49 -3 16 0 0.00 M M 7.6 21 230 M M 8 31 230
11 63 43 53 1 12 0 0.00 M M 6.2 20 230 M M 6 29 260
12 58 41 50 -1 15 0 0.00 M M 3.4 8 30 M M 7 11 30
13 63 41 52 1 13 0 0.00 M M 4.2 10 100 M M 1 15 100
14 50 44 47 -4 18 0 1.33 M M 11.5 20 30 M M 10 1 28 40
15 53 43 48 -2 17 0 0.01 M M 7.7 21 320 M M 9 18 30 330
16 56 43 50 0 15 0 T M M 7.5 16 320 M M 10 18 24 320
17 52 46 49 -1 16 0 T M M 4.7 10 250 M M 10 1 14 270
18 53 44 49 0 16 0 0.00 M M 2.4 9 230 M M 10 14 230
19 63 40 52 3 13 0 0.00 M M 6.4 10 130 M M 2 19 150
20 57 51 54 5 11 0 0.58 M M 5.2 12 240 M M 10 1 23 120
21 51 40 46 -2 19 0 0.08 M M 11.2 23 280 M M 9 18 34 290
22 52 39 46 -2 19 0 0.01 M M 11.3 23 320 M M 7 1 38 320
23 57 32 45 -3 20 0 0.00 M M 4.3 9 260 M M 1 1 17 290
24 73 39 56 9 9 0 0.00 M M 5.8 16 250 M M 1 24 250
25 73 52 63 16 2 0 0.00 M M 6.0 20 250 M M 0 27 250
26 74 57 66 19 0 1 0.00 M M 5.4 18 220 M M 2 28 250
27 73 59 66 20 0 1 0.03 M M 8.9 18 220 M M 6 1 29 220
28 66 50 58 12 7 0 0.12 M M 8.3 15 240 M M 9 1 21 250
29 51 48 50 4 15 0 0.99 M M 6.7 13 100 M M 10 1 19 100
30 54 36 45 0 20 0 0.47 M M 8.1 17 300 M M 10 124 27 300
31 42 31 37 -8 28 0 T M M 2.9 10 210 M M 9 1 16 220
================================================================================
SM 1919 1424 353 17 3.99 M 201.4 M 186
================================================================================
AV 61.9 45.9 6.5 FASTST M M 6 MAX(MPH)
MISC ----> 24 250 38 320
================================================================================
NOTES:
# LAST OF SEVERAL OCCURRENCES
COLUMN 17 PEAK WIND IN M.P.H.
PRELIMINARY LOCAL CLIMATOLOGICAL DATA (WS FORM: F-6) , PAGE 2
STATION: DUBOIS PA
MONTH: OCTOBER
YEAR: 2023
LATITUDE: 41 10 N
LONGITUDE: 78 54 W
[TEMPERATURE DATA] [PRECIPITATION DATA] SYMBOLS USED IN COLUMN 16
AVERAGE MONTHLY: 53.9 TOTAL FOR MONTH: 3.99 1 = FOG OR MIST
DPTR FM NORMAL: 3.8 DPTR FM NORMAL: 0.59 2 = FOG REDUCING VISIBILITY
HIGHEST: 83 ON 3 GRTST 24HR 1.33 ON 14-14 TO 1/4 MILE OR LESS
LOWEST: 31 ON 31 3 = THUNDER
SNOW, ICE PELLETS, HAIL 4 = ICE PELLETS
TOTAL MONTH: M 5 = HAIL
GRTST 24HR M ON M 6 = FREEZING RAIN OR DRIZZLE
GRTST DEPTH: M ON M 7 = DUSTSTORM OR SANDSTORM:
VSBY 1/2 MILE OR LESS
8 = SMOKE OR HAZE
[NO. OF DAYS WITH] [WEATHER - DAYS WITH] 9 = BLOWING SNOW
X = TORNADO
MAX 32 OR BELOW: 0 0.01 INCH OR MORE: 12
MAX 90 OR ABOVE: 0 0.10 INCH OR MORE: 6
MIN 32 OR BELOW: 2 0.50 INCH OR MORE: 3
MIN 0 OR BELOW: 0 1.00 INCH OR MORE: 1
[HDD (BASE 65) ]
TOTAL THIS MO. 353 CLEAR (SCALE 0-3) 11
DPTR FM NORMAL -115 PTCLDY (SCALE 4-7) 6
TOTAL FM JUL 1 461 CLOUDY (SCALE 8-10) 14
DPTR FM NORMAL -217
[CDD (BASE 65) ]
TOTAL THIS MO. 17
DPTR FM NORMAL 13 [PRESSURE DATA]
TOTAL FM JAN 1 559 HIGHEST SLP 30.33 ON 1
DPTR FM NORMAL 145 LOWEST SLP 29.46 ON 21
[REMARKS]
#FINAL-10-23#