000
CXUS53 KFGF 010815
CF6DVL
PRELIMINARY LOCAL CLIMATOLOGICAL DATA (WS FORM: F-6)
STATION: DEVILS LAKE ND
MONTH: MAY
YEAR: 2021
LATITUDE: 48 7 N
LONGITUDE: 98 54 W
TEMPERATURE IN F: :PCPN: SNOW: WIND :SUNSHINE: SKY :PK WND
================================================================================
1 2 3 4 5 6A 6B 7 8 9 10 11 12 13 14 15 16 17 18
12Z AVG MX 2MIN
DY MAX MIN AVG DEP HDD CDD WTR SNW DPTH SPD SPD DIR MIN PSBL S-S WX SPD DR
================================================================================
1 79 42 61 15 4 0 0.00 M M 10.2 22 40 M M 1 31 40
2 62 42 52 5 13 0 0.05 M M 15.0 24 60 M M 6 30 60
3 48 30 39 -8 26 0 M M M 16.4 22 350 M M 7 28 350
4 51 21 36 -12 29 0 M M M 7.1 14 100 M M 0 17 340
5 54 35 45 -3 20 0 T M M 8.4 28 300 M M 5 37 310
6 64 32 48 -1 17 0 M M M 15.3 29 340 M M 1 40 340
7 55 20 38 -11 27 0 M M M 6.8 13 210 M M 0 16 20
8 56 37 47 -3 18 0 M M M 11.7 18 90 M M 0 M M
9 55 29 42 -8 23 0 M M M 13.2 20 60 M M 0 30 20
10 54 23 39 -12 26 0 M M M 5.8 13 40 M M 1 M M
11 64 31 48 -3 17 0 M M M 4.6 10 210 M M 0 M M
12 70 42 56 4 9 0 M M M 7.9 13 220 M M 0 20 210
13 71 41 56 4 9 0 T M M 7.5 23 200 M M 1 31 200
14 69 36 53 0 12 0 T M M 5.3 20 360 M M 3 3 28 360
15 76 34 55 2 10 0 T M M 4.8 10 170 M M 2 12 M M
16 82 56 69 15 0 4 M M M 14.1 22 250 M M 2 31 250
17 82 56 69 15 0 4 M M M 13.6 20 180 M M 0 30 190
18 77 54 66 11 0 1 M M M 16.8 25 160 M M 4 35 160
19 80 58 69 14 0 4 T M M 10.5 18 170 M M 6 1 31 160
20 67 47 57 1 8 0 T M M 15.1 23 50 M M 9 30 40
21 70 45 58 2 7 0 0.07 M M 15.1 22 20 M M 10 1 28 10
22 49 40 45 -11 20 0 0.02 M M 13.0 18 360 M M 10 25 360
23 59 44 52 -5 13 0 T M M 11.9 21 90 M M 10 1 29 90
24 77 56 67 10 0 2 M M M 15.3 24 240 M M 2 31 240
25 64 44 54 -4 11 0 0.02 M M 22.2 36 250 M M 6 48 260
26 53 36 45 -13 20 0 M M M 11.6 16 10 M M 4 16 40
27 55 36 46 -13 19 0 M M M 10.5 15 90 M M 0 22 90
28 65 34 50 -9 15 0 M M M 14.3 24 170 M M 0 32 150
29 67 49 58 -1 7 0 0.03 M M 15.0 21 180 M M 4 3 31 190
30 74 48 61 1 4 0 M M M 14.0 23 300 M M 2 35 300
31 74 36 55 -5 10 0 M M M 5.6 14 240 M M 0 17 240
================================================================================
SM 2023 1234 394 15 0.19 M 358.4 M 96
================================================================================
AV 65.3 39.8 11.6 FASTST M M 3 MAX(MPH)
MISC ----> 36 250 48 260
================================================================================
NOTES:
# LAST OF SEVERAL OCCURRENCES
COLUMN 17 PEAK WIND IN M.P.H.
PRELIMINARY LOCAL CLIMATOLOGICAL DATA (WS FORM: F-6) , PAGE 2
STATION: DEVILS LAKE ND
MONTH: MAY
YEAR: 2021
LATITUDE: 48 7 N
LONGITUDE: 98 54 W
[TEMPERATURE DATA] [PRECIPITATION DATA] SYMBOLS USED IN COLUMN 16
AVERAGE MONTHLY: 52.5 TOTAL FOR MONTH: 0.19 1 = FOG OR MIST
DPTR FM NORMAL: -1.0 DPTR FM NORMAL: M 2 = FOG REDUCING VISIBILITY
HIGHEST: 82 ON 17,16 GRTST 24HR 0.07 ON 21-21 TO 1/4 MILE OR LESS
LOWEST: 20 ON 7 3 = THUNDER
SNOW, ICE PELLETS, HAIL 4 = ICE PELLETS
TOTAL MONTH: M 5 = HAIL
GRTST 24HR M ON M 6 = FREEZING RAIN OR DRIZZLE
GRTST DEPTH: M ON M 7 = DUSTSTORM OR SANDSTORM:
VSBY 1/2 MILE OR LESS
8 = SMOKE OR HAZE
[NO. OF DAYS WITH] [WEATHER - DAYS WITH] 9 = BLOWING SNOW
X = TORNADO
MAX 32 OR BELOW: 0 0.01 INCH OR MORE: 5
MAX 90 OR ABOVE: 0 0.10 INCH OR MORE: 0
MIN 32 OR BELOW: 7 0.50 INCH OR MORE: 0
MIN 0 OR BELOW: 0 1.00 INCH OR MORE: 0
[HDD (BASE 65) ]
TOTAL THIS MO. 394 CLEAR (SCALE 0-3) 19
DPTR FM NORMAL 33 PTCLDY (SCALE 4-7) 8
TOTAL FM JUL 1 8752 CLOUDY (SCALE 8-10) 4
DPTR FM NORMAL -763
[CDD (BASE 65) ]
TOTAL THIS MO. 15
DPTR FM NORMAL 11 [PRESSURE DATA]
TOTAL FM JAN 1 15 HIGHEST SLP M ON M
DPTR FM NORMAL 11 LOWEST SLP M ON M
[REMARKS]
#FINAL-05-21#