000
CXUS55 KDVN 011100
CF6DVN
PRELIMINARY LOCAL CLIMATOLOGICAL DATA (WS FORM: F-6)
STATION: DAVENPORT IA
MONTH: NOVEMBER
YEAR: 2020
LATITUDE: 41 37 N
LONGITUDE: 90 35 W
TEMPERATURE IN F: :PCPN: SNOW: WIND :SUNSHINE: SKY :PK WND
================================================================================
1 2 3 4 5 6A 6B 7 8 9 10 11 12 13 14 15 16 17 18
12Z AVG MX 2MIN
DY MAX MIN AVG DEP HDD CDD WTR SNW DPTH SPD SPD DIR MIN PSBL S-S WX SPD DR
================================================================================
1 47 24 36 -10 29 0 0.00 0.0 0 18.9 33 300 M M 0 47 300
2 57 19 38 -7 27 0 0.00 0.0 0 9.8 21 230 M M 0 28 230
3 71 33 52 7 13 0 0.00 0.0 0 9.2 18 200 M M 0 28 200
4 72 51 62 18 3 0 0.00 0.0 0 10.8 20 200 M M 0 27 190
5 71 47 59 15 6 0 0.00 0.0 0 6.9 15 240 M M 0 19 240
6 74 43 59 15 6 0 0.00 0.0 0 9.2 17 200 M M 0 24 210
7 72 52 62 19 3 0 0.00 0.0 0 11.6 20 180 M M 0 27 190
8 75 53 64 21 1 0 0.00 0.0 0 14.3 23 160 M M 0 30 160
9 75 62 69 27 0 4 0.00 0.0 0 15.9 26 200 M M 5 35 210
10 69 33 51 9 14 0 0.24 0.0 0 17.7 35 180 M M 8 13 46 180
11 47 31 39 -2 26 0 0.00 0.0 0 9.8 23 270 M M 4 29 260
12 55 31 43 2 22 0 T 0.0 0 9.2 24 310 M M 4 8 31 300
13 38 22 30 -10 35 0 0.00 0.0 0 9.2 25 310 M M 0 33 300
14 53 28 41 1 24 0 0.25 T 0 17.5 28 180 M M 7 135 39 170
15 53 31 42 3 23 0 0.04 T 0 21.4 38 280 M M 7 52 280
16 53 29 41 2 24 0 0.00 0.0 0 12.3 31 320 M M 1 39 330
17 43 26 35 -3 30 0 0.00 0.0 0 6.8 15 310 M M 2 21 320
18 55 30 43 5 22 0 0.00 0.0 0 19.9 31 170 M M 0 44 170
19 70 49 60 23 5 0 0.00 0.0 0 16.3 29 210 M M 0 38 220
20 58 37 48 12 17 0 0.00 0.0 0 9.9 17 360 M M 0 1 22 340
21 43 31 37 1 28 0 0.00 0.0 0 6.7 10 30 M M 1 16 50
22 48 31 40 5 25 0 0.00 0.0 0 7.6 17 240 M M 5 18 25 230
23 41 22 32 -3 33 0 0.01 0.1 0 5.0 13 170 M M 3 18 16 180
24 45 33 39 5 26 0 0.47 0.8 T 13.4 23 140 M M 10 1 31 140
25 45 40 43 9 22 0 0.44 0.0 0 8.4 18 40 M M 10 1 24 40
26 49 32 41 8 24 0 0.00 0.0 0 8.2 16 190 M M 6 1 23 210
27 44 29 37 4 28 0 0.00 0.0 0 9.1 18 280 M M 4 12 25 280
28 54 25 40 8 25 0 0.00 0.0 0 9.7 17 210 M M 0 23 210
29 45 30 38 6 27 0 0.00 0.0 0 14.6 26 330 M M 4 35 350
30 31 20 26 -5 39 0 T T 0 13.1 25 340 M M 7 33 340
================================================================================
SM 1653 1024 607 4 1.45 0.9 352.4 M 88
================================================================================
AV 55.1 34.1 11.7 FASTST M M 3 MAX(MPH)
MISC ----> 38 280 52 280
================================================================================
NOTES:
# LAST OF SEVERAL OCCURRENCES
COLUMN 17 PEAK WIND IN M.P.H.
PRELIMINARY LOCAL CLIMATOLOGICAL DATA (WS FORM: F-6) , PAGE 2
STATION: DAVENPORT IA
MONTH: NOVEMBER
YEAR: 2020
LATITUDE: 41 37 N
LONGITUDE: 90 35 W
[TEMPERATURE DATA] [PRECIPITATION DATA] SYMBOLS USED IN COLUMN 16
AVERAGE MONTHLY: 44.6 TOTAL FOR MONTH: 1.45 1 = FOG OR MIST
DPTR FM NORMAL: 5.8 DPTR FM NORMAL: -1.00 2 = FOG REDUCING VISIBILITY
HIGHEST: 75 ON 9, 8 GRTST 24HR 0.63 ON 24-25 TO 1/4 MILE OR LESS
LOWEST: 19 ON 2 3 = THUNDER
SNOW, ICE PELLETS, HAIL 4 = ICE PELLETS
TOTAL MONTH: 0.9 INCH 5 = HAIL
GRTST 24HR 0.8 ON 24-24 6 = FREEZING RAIN OR DRIZZLE
GRTST DEPTH: T 7 = DUSTSTORM OR SANDSTORM:
VSBY 1/2 MILE OR LESS
8 = SMOKE OR HAZE
[NO. OF DAYS WITH] [WEATHER - DAYS WITH] 9 = BLOWING SNOW
X = TORNADO
MAX 32 OR BELOW: 1 0.01 INCH OR MORE: 6
MAX 90 OR ABOVE: 0 0.10 INCH OR MORE: 4
MIN 32 OR BELOW: 18 0.50 INCH OR MORE: 0
MIN 0 OR BELOW: 0 1.00 INCH OR MORE: 0
[HDD (BASE 65) ]
TOTAL THIS MO. 607 CLEAR (SCALE 0-3) 17
DPTR FM NORMAL -181 PTCLDY (SCALE 4-7) 11
TOTAL FM JUL 1 1207 CLOUDY (SCALE 8-10) 2
DPTR FM NORMAL -140
[CDD (BASE 65) ]
TOTAL THIS MO. 4
DPTR FM NORMAL 4 [PRESSURE DATA]
TOTAL FM JAN 1 960 HIGHEST SLP 30.60 ON 17
DPTR FM NORMAL 174 LOWEST SLP 29.35 ON 15
[REMARKS]
#FINAL-11-20#