000
CXUS55 KDVN 011000
CF6DVN
PRELIMINARY LOCAL CLIMATOLOGICAL DATA (WS FORM: F-6)
STATION: DAVENPORT IA
MONTH: JUNE
YEAR: 2020
LATITUDE: 41 37 N
LONGITUDE: 90 35 W
TEMPERATURE IN F: :PCPN: SNOW: WIND :SUNSHINE: SKY :PK WND
================================================================================
1 2 3 4 5 6A 6B 7 8 9 10 11 12 13 14 15 16 17 18
12Z AVG MX 2MIN
DY MAX MIN AVG DEP HDD CDD WTR SNW DPTH SPD SPD DIR MIN PSBL S-S WX SPD DR
================================================================================
1 83 65 74 8 0 9 0.01 0.0 0 13.7 28 200 M M 4 38 210
2 94 69 82 15 0 17 0.00 0.0 0 14.7 25 30 M M 0 35 40
3 84 67 76 9 0 11 0.77 0.0 0 7.3 24 290 M M 5 138 36 290
4 89 64 77 10 0 12 1.14 0.0 0 5.9 48 320 M M 2 13 61 330
5 87 65 76 8 0 11 T 0.0 0 6.8 15 330 M M 0 21 210
6 85 66 76 8 0 11 T 0.0 0 8.9 22 100 M M 1 28 100
7 89 61 75 7 0 10 0.00 0.0 0 11.3 20 110 M M 0 26 110
8 93 66 80 11 0 15 0.00 0.0 0 12.0 21 140 M M 0 8 28 120
9 79 70 75 6 0 10 0.66 0.0 0 14.5 31 230 M M 5 1 45 240
10 75 61 68 -1 0 3 0.57 0.0 0 12.8 31 300 M M 5 123 42 310
11 82 57 70 1 0 5 0.00 0.0 0 12.2 24 270 M M 0 38 250
12 87 54 71 1 0 6 0.00 0.0 0 4.1 20 70 M M 0 27 70
13 74 56 65 -5 0 0 T 0.0 0 12.7 18 80 M M 3 27 70
14 77 53 65 -5 0 0 T 0.0 0 11.6 18 130 M M 3 27 140
15 81 56 69 -1 0 4 0.00 0.0 0 10.4 18 130 M M 1 23 130
16 84 54 69 -2 0 4 0.00 0.0 0 8.1 15 160 M M 0 28 120
17 86 61 74 3 0 9 0.00 0.0 0 7.3 17 180 M M 1 25 150
18 88 61 75 4 0 10 0.00 0.0 0 5.9 15 180 M M 0 21 140
19 82 67 75 4 0 10 0.16 0.0 0 4.0 28 190 M M 3 13 41 170
20 84 68 76 4 0 11 0.01 0.0 0 7.6 20 240 M M 5 13 26 240
21 86 64 75 3 0 10 0.06 0.0 0 4.7 21 340 M M 2 13 29 350
22 77 57 67 -5 0 2 0.83 0.0 0 6.8 28 300 M M 6 13 43 300
23 77 57 67 -5 0 2 0.00 0.0 0 9.5 20 300 M M M 25 300
24 80 56 68 -4 0 3 0.00 0.0 0 7.0 17 360 M M 2 23 330
25 85 58 72 0 0 7 0.00 0.0 0 6.2 15 260 M M 2 28 260
26 86 70 78 6 0 13 0.02 0.0 0 8.8 20 250 M M 4 3 28 220
27 86 68 77 4 0 12 0.00 0.0 0 4.7 13 170 M M 3 1 17 230
28 87 66 77 4 0 12 0.00 0.0 0 7.9 22 90 M M 1 1 29 100
29 90 74 82 9 0 17 0.00 0.0 0 8.8 18 160 M M 1 25 160
30 83 69 76 3 0 11 T 0.0 0 7.7 17 120 M M 2 22 120
================================================================================
SM 2520 1880 0 257 4.23 0.0 263.9 M 61
================================================================================
AV 84.0 62.7 8.8 FASTST M M 2 MAX(MPH)
MISC ----> 48 320 61 330
================================================================================
NOTES:
# LAST OF SEVERAL OCCURRENCES
COLUMN 17 PEAK WIND IN M.P.H.
PRELIMINARY LOCAL CLIMATOLOGICAL DATA (WS FORM: F-6) , PAGE 2
STATION: DAVENPORT IA
MONTH: JUNE
YEAR: 2020
LATITUDE: 41 37 N
LONGITUDE: 90 35 W
[TEMPERATURE DATA] [PRECIPITATION DATA] SYMBOLS USED IN COLUMN 16
AVERAGE MONTHLY: 73.3 TOTAL FOR MONTH: 4.23 1 = FOG OR MIST
DPTR FM NORMAL: 3.1 DPTR FM NORMAL: 0.04 2 = FOG REDUCING VISIBILITY
HIGHEST: 94 ON 2 GRTST 24HR 1.14 ON 4- 4 TO 1/4 MILE OR LESS
LOWEST: 53 ON 14 3 = THUNDER
SNOW, ICE PELLETS, HAIL 4 = ICE PELLETS
TOTAL MONTH: 0.0 INCH 5 = HAIL
GRTST 24HR 0.0 6 = FREEZING RAIN OR DRIZZLE
GRTST DEPTH: 0 7 = DUSTSTORM OR SANDSTORM:
VSBY 1/2 MILE OR LESS
8 = SMOKE OR HAZE
[NO. OF DAYS WITH] [WEATHER - DAYS WITH] 9 = BLOWING SNOW
X = TORNADO
MAX 32 OR BELOW: 0 0.01 INCH OR MORE: 10
MAX 90 OR ABOVE: 3 0.10 INCH OR MORE: 6
MIN 32 OR BELOW: 0 0.50 INCH OR MORE: 5
MIN 0 OR BELOW: 0 1.00 INCH OR MORE: 1
[HDD (BASE 65) ]
TOTAL THIS MO. 0 CLEAR (SCALE 0-3) 20
DPTR FM NORMAL -24 PTCLDY (SCALE 4-7) 9
TOTAL FM JUL 1 6071 CLOUDY (SCALE 8-10) 1
DPTR FM NORMAL -438
[CDD (BASE 65) ]
TOTAL THIS MO. 257
DPTR FM NORMAL 75 [PRESSURE DATA]
TOTAL FM JAN 1 311 HIGHEST SLP 30.36 ON 15
DPTR FM NORMAL 68 LOWEST SLP 29.24 ON 9
[REMARKS]
#FINAL-06-20#