000
CXUS54 KHGX 021411
CF6DWH
PRELIMINARY LOCAL CLIMATOLOGICAL DATA (WS FORM: F-6)
STATION: HOUSTON/D.W._HOOKS
MONTH: MARCH
YEAR: 2022
LATITUDE: 30 4 N
LONGITUDE: 95 33 W
TEMPERATURE IN F: :PCPN: SNOW: WIND :SUNSHINE: SKY :PK WND
================================================================================
1 2 3 4 5 6A 6B 7 8 9 10 11 12 13 14 15 16 17 18
12Z AVG MX 2MIN
DY MAX MIN AVG DEP HDD CDD WTR SNW DPTH SPD SPD DIR MIN PSBL S-S WX SPD DR
================================================================================
1 72 35 54 -6 11 0 0.00 0.0 0 1.5 8 240 M M 0 12 130
2 75 39 57 -3 8 0 0.00 0.0 0 3.5 12 120 M M 0 17 140
3 79 51 65 4 0 0 0.00 0.0 0 3.2 13 130 M M 1 18 18 120
4 77 52 65 4 0 0 T 0.0 0 6.3 17 150 M M 9 128 26 130
5 83 67 75 14 0 10 0.00 0.0 0 11.1 22 170 M M 8 37 150
6 85 69 77 16 0 12 T 0.0 0 9.0 18 150 M M 9 33 150
7 76 50 63 1 2 0 0.01 0.0 0 11.1 21 330 M M 10 1 31 330
8 50 43 47 -15 18 0 0.42 0.0 0 7.9 15 360 M M 10 13 23 20
9 61 41 51 -11 14 0 T 0.0 0 6.5 14 20 M M 4 21 20
10 75 38 57 -5 8 0 0.00 0.0 0 4.2 12 150 M M 1 1 20 150
11 64 38 51 -11 14 0 0.01 0.0 0 10.4 26 360 M M 9 45 360
12 58 33 46 -17 19 0 0.00 0.0 0 7.0 23 10 M M 0 40 10
13 66 31 49 -14 16 0 0.00 0.0 0 6.9 17 130 M M 3 1 25 150
14 80 53 67 4 0 2 0.55 0.0 0 9.0 20 150 M M 7 13 30 310
15 74 51 63 0 2 0 T 0.0 0 7.1 18 320 M M 0 1 29 310
16 80 45 63 -1 2 0 0.00 0.0 0 2.6 13 170 M M 0 1 20 160
17 79 51 65 1 0 0 0.05 0.0 0 7.5 18 140 M M 6 1 31 150
18 72 49 61 -3 4 0 T 0.0 0 10.8 21 310 M M 2 8 33 300
19 77 41 59 -5 6 0 0.00 0.0 0 2.9 13 10 M M 0 22 30
20 77 42 60 -4 5 0 0.00 0.0 0 7.3 22 140 M M 0 35 100
21 76 62 69 5 0 4 0.33 0.0 0 13.3 23 160 M M 10 18 41 170
22 73 49 61 -4 4 0 1.21 0.0 0 10.0 25 20 M M 7 13 36 30
23 69 45 57 -8 8 0 0.00 0.0 0 8.3 18 310 M M 0 31 300
24 69 46 58 -7 7 0 0.00 0.0 0 6.1 20 300 M M 0 27 290
25 84 41 63 -2 2 0 0.00 0.0 0 1.8 9 350 M M 0 14 350
26 86 48 67 1 0 2 0.00 0.0 0 5.5 15 220 M M 0 1 22 240
27 86 61 74 8 0 9 0.00 0.0 0 9.3 16 190 M M 0 25 230
28 84 56 70 4 0 5 0.00 0.0 0 9.8 21 190 M M 4 1 29 160
29 84 70 77 11 0 12 T 0.0 0 12.4 21 150 M M 9 37 160
30 83 59 71 5 0 6 0.46 0.0 0 11.5 25 320 M M 5 13 45 170
31 78 47 63 -3 2 0 0.00 0.0 0 4.6 12 330 M M 0 18 310
================================================================================
SM 2332 1503 152 62 3.04 0.0 228.4 M 114
================================================================================
AV 75.2 48.5 7.4 FASTST M M 4 MAX(MPH)
MISC ----> 26 360 # 45 360
================================================================================
NOTES:
# LAST OF SEVERAL OCCURRENCES
COLUMN 17 PEAK WIND IN M.P.H.
PRELIMINARY LOCAL CLIMATOLOGICAL DATA (WS FORM: F-6) , PAGE 2
STATION: HOUSTON/D.W._HOOKS
MONTH: MARCH
YEAR: 2022
LATITUDE: 30 4 N
LONGITUDE: 95 33 W
[TEMPERATURE DATA] [PRECIPITATION DATA] SYMBOLS USED IN COLUMN 16
AVERAGE MONTHLY: 61.9 TOTAL FOR MONTH: 3.04 1 = FOG OR MIST
DPTR FM NORMAL: -1.5 DPTR FM NORMAL: -0.32 2 = FOG REDUCING VISIBILITY
HIGHEST: 86 ON 27,26 GRTST 24HR 1.48 ON 21-22 TO 1/4 MILE OR LESS
LOWEST: 31 ON 13 3 = THUNDER
SNOW, ICE PELLETS, HAIL 4 = ICE PELLETS
TOTAL MONTH: 0.0 INCH 5 = HAIL
GRTST 24HR 0.0 6 = FREEZING RAIN OR DRIZZLE
GRTST DEPTH: 0 7 = DUSTSTORM OR SANDSTORM:
VSBY 1/2 MILE OR LESS
8 = SMOKE OR HAZE
[NO. OF DAYS WITH] [WEATHER - DAYS WITH] 9 = BLOWING SNOW
X = TORNADO
MAX 32 OR BELOW: 0 0.01 INCH OR MORE: 8
MAX 90 OR ABOVE: 0 0.10 INCH OR MORE: 5
MIN 32 OR BELOW: 1 0.50 INCH OR MORE: 2
MIN 0 OR BELOW: 0 1.00 INCH OR MORE: 1
[HDD (BASE 65) ]
TOTAL THIS MO. 152 CLEAR (SCALE 0-3) 17
DPTR FM NORMAL 20 PTCLDY (SCALE 4-7) 7
TOTAL FM JUL 1 1210 CLOUDY (SCALE 8-10) 7
DPTR FM NORMAL -119
[CDD (BASE 65) ]
TOTAL THIS MO. 62
DPTR FM NORMAL -20 [PRESSURE DATA]
TOTAL FM JAN 1 88 HIGHEST SLP 30.52 ON 12
DPTR FM NORMAL -42 LOWEST SLP 29.54 ON 30
[REMARKS]
#FINAL-03-22#