000
CXUS54 KEWX 011010
CF6DZB
PRELIMINARY LOCAL CLIMATOLOGICAL DATA (WS FORM: F-6)
STATION: HORSESHOE BAY
MONTH: MAY
YEAR: 2021
LATITUDE: 30 31 N
LONGITUDE: 98 22 W
TEMPERATURE IN F: :PCPN: SNOW: WIND :SUNSHINE: SKY :PK WND
================================================================================
1 2 3 4 5 6A 6B 7 8 9 10 11 12 13 14 15 16 17 18
12Z AVG MX 2MIN
DY MAX MIN AVG DEP HDD CDD WTR SNW DPTH SPD SPD DIR MIN PSBL S-S WX SPD DR
================================================================================
1 69 61 65 M 0 0 1.77 M M 3.8 9 50 M M 9 13 26 10
2 89 57 73 M 0 8 0.00 M M 6.7 16 200 M M 1 23 200
3 96 69 83 M 0 18 0.16 M M 7.1 17 170 M M 2 1 28 170
4 79 63 71 M 0 6 0.01 M M 8.8 16 340 M M 3 25 340
5 82 52 67 M 0 2 0.00 M M 3.0 9 30 M M 0 M M
6 86 51 69 M 0 4 0.00 M M 3.2 7 90 M M 0 M M
7 86 59 73 M 0 8 0.00 M M 6.3 12 160 M M 0 22 160
8 90 65 78 M 0 13 0.00 M M 11.5 20 180 M M 5 29 170
9 90 72 81 M 0 16 0.06 M M 6.0 12 200 M M 6 24 180
10 75 59 67 M 0 2 0.03 M M 3.9 7 350 M M 10 1 M M
11 66 59 63 M 2 0 0.10 M M 2.9 13 360 M M 10 12 23 0
12 67 58 63 M 2 0 0.00 M M 7.7 12 360 M M 10 17 10
13 75 58 67 M 0 2 0.00 M M 2.6 7 90 M M 8 M M
14 83 54 69 M 0 4 0.00 M M 4.3 9 150 M M 4 17 150
15 80 67 74 M 0 9 0.00 M M 9.4 14 150 M M 7 22 150
16 85 69 77 M 0 12 0.00 M M 7.4 15 150 M M 7 25 150
17 83 63 73 M 0 8 0.45 M M 6.0 23 50 M M 7 3 32 50
18 73 65 69 M 0 4 0.13 M M 4.6 10 140 M M 7 3 18 140
19 74 61 68 M 0 3 0.00 M M 2.7 12 180 M M 4 3 23 180
20 85 57 71 M 0 6 0.00 M M 2.7 7 110 M M 2 12 M M
21 86 61 74 M 0 9 0.00 M M 4.4 12 110 M M 4 2 20 120
22 74 70 72 M 0 7 0.65 M M 6.3 18 150 M M 9 29 150
23 78 68 73 M 0 8 0.02 M M 6.1 10 140 M M 10 20 110
24 86 68 77 M 0 12 0.14 M M 5.8 10 160 M M 7 22 150
25 90 72 81 M 0 16 0.03 M M 7.7 14 150 M M 6 21 140
26 90 66 78 M 0 13 0.13 M M 8.7 16 200 M M 4 29 200
27 89 73 81 M 0 16 0.00 M M 7.5 12 180 M M 6 22 170
28 88 65 77 M 0 12 0.83 M M 6.3 18 70 M M 7 3 28 0
29 87 64 76 M 0 11 0.00 M M 3.8 8 120 M M 3 17 150
30 87 66 77 M 0 12 0.00 M M 5.5 13 180 M M 6 1 21 180
31 86 67 77 M 0 12 1.01 M M 7.1 15 340 M M 8 3 28 340
================================================================================
SM 2554 1959 4 253 5.52 M 179.9 M 172
================================================================================
AV 82.4 63.2 5.8 FASTST M M 6 MAX(MPH)
MISC ----> 23 50 32 50
================================================================================
NOTES:
# LAST OF SEVERAL OCCURRENCES
COLUMN 17 PEAK WIND IN M.P.H.
PRELIMINARY LOCAL CLIMATOLOGICAL DATA (WS FORM: F-6) , PAGE 2
STATION: HORSESHOE BAY
MONTH: MAY
YEAR: 2021
LATITUDE: 30 31 N
LONGITUDE: 98 22 W
[TEMPERATURE DATA] [PRECIPITATION DATA] SYMBOLS USED IN COLUMN 16
AVERAGE MONTHLY: 72.8 TOTAL FOR MONTH: 5.52 1 = FOG OR MIST
DPTR FM NORMAL: 0.0 DPTR FM NORMAL: M 2 = FOG REDUCING VISIBILITY
HIGHEST: 96 ON 3 GRTST 24HR 1.77 ON 1- 1 TO 1/4 MILE OR LESS
LOWEST: 51 ON 6 3 = THUNDER
SNOW, ICE PELLETS, HAIL 4 = ICE PELLETS
TOTAL MONTH: M 5 = HAIL
GRTST 24HR M ON M 6 = FREEZING RAIN OR DRIZZLE
GRTST DEPTH: M ON M 7 = DUSTSTORM OR SANDSTORM:
VSBY 1/2 MILE OR LESS
8 = SMOKE OR HAZE
[NO. OF DAYS WITH] [WEATHER - DAYS WITH] 9 = BLOWING SNOW
X = TORNADO
MAX 32 OR BELOW: 0 0.01 INCH OR MORE: 15
MAX 90 OR ABOVE: 5 0.10 INCH OR MORE: 10
MIN 32 OR BELOW: 0 0.50 INCH OR MORE: 4
MIN 0 OR BELOW: 0 1.00 INCH OR MORE: 2
[HDD (BASE 65) ]
TOTAL THIS MO. 4 CLEAR (SCALE 0-3) 7
DPTR FM NORMAL M PTCLDY (SCALE 4-7) 17
TOTAL FM JUL 1 1896 CLOUDY (SCALE 8-10) 7
DPTR FM NORMAL M
[CDD (BASE 65) ]
TOTAL THIS MO. 253
DPTR FM NORMAL M [PRESSURE DATA]
TOTAL FM JAN 1 445 HIGHEST SLP M ON M
DPTR FM NORMAL M LOWEST SLP M ON M
[REMARKS]
#FINAL-05-21#