176
CXUS54 KMAF 011210
CF6E38
PRELIMINARY LOCAL CLIMATOLOGICAL DATA (WS FORM: F-6)
STATION: ALPINE-CASPARIS MUNICIPAL
MONTH: OCTOBER
YEAR: 2020
LATITUDE: 30 23 N
LONGITUDE: 103 41 W
TEMPERATURE IN F: :PCPN: SNOW: WIND :SUNSHINE: SKY :PK WND
================================================================================
1 2 3 4 5 6A 6B 7 8 9 10 11 12 13 14 15 16 17 18
12Z AVG MX 2MIN
DY MAX MIN AVG DEP HDD CDD WTR SNW DPTH SPD SPD DIR MIN PSBL S-S WX SPD DR
================================================================================
1 82 48 65 M 0 0 M M M 7.1 14 80 M M 0 20 110
2 83 49 66 M 0 1 M M M 6.1 14 200 M M 0 18 170
3 88 59 74 M 0 9 M M M 8.2 16 240 M M 0 21 230
4 80 51 66 M 0 1 M M M 5.2 12 50 M M 0 16 70
5 89 58 74 M 0 9 M M M 8.2 16 230 M M 0 20 220
6 91 62 77 M 0 12 M M M 7.5 12 60 M M 0 18 60
7 87 54 71 M 0 6 M M M 5.2 10 150 M M 0 M M
8 89 58 74 M 0 9 M M M 7.0 10 180 M M 0 20 100
9 92 60 76 M 0 11 M M M 7.0 10 110 M M 0 20 30
10 93 56 75 M 0 10 M M M 7.8 15 260 M M 0 20 230
11 91 55 73 M 0 8 M M M 6.7 15 270 M M 0 23 220
12 76 56 66 M 0 1 M M M 6.0 14 60 M M 1 21 70
13 90 56 73 M 0 8 M M M 6.0 10 220 M M 0 18 80
14 92 62 77 M 0 12 M M M 9.8 16 250 M M 0 22 250
15 74 53 64 M 1 0 M M M 9.8 22 10 M M 1 26 360
16 72 42 57 M 8 0 M M M 5.3 12 220 M M 0 21 80
17 89 56 73 M 0 8 M M M 13.0 21 220 M M 0 26 220
18 91 61 76 M 0 11 M M M 11.1 15 260 M M 0 23 250
19 90 55 73 M 0 8 M M M 5.5 15 230 M M 0 21 210
20 89 58 74 M 0 9 M M M 6.3 15 230 M M 0 20 230
21 88 61 75 M 0 10 M M M 9.8 16 170 M M 0 24 230
22 89 62 76 M 0 11 M M M 10.3 17 210 M M 0 25 210
23 66 43 55 M 10 0 M M M 9.2 16 70 M M 0 22 70
24 86 39 63 M 2 0 M M M 6.4 16 260 M M 0 22 260
25 89 57 73 M 0 8 M M M 9.8 18 230 M M 0 25 240
26 56 28 42 M 23 0 M M M 10.4 21 80 M M 9 26 80
27 28 25 27 M 38 0 M M M 8.5 13 50 M M 10 17 60
28 56 22 39 M 26 0 M M M 7.4 22 250 M M 2 28 250
29 62 34 48 M 17 0 M M M 5.9 18 10 M M 0 26 30
30 74 34 54 M 11 0 M M M 5.1 10 210 M M 0 16 190
31 84 47 66 M 0 1 M M M 6.7 15 230 M M 0 20 240
================================================================================
SM 2506 1561 136 163 M M 238.5 M 23
================================================================================
AV 80.8 50.4 7.7 FASTST M M 1 MAX(MPH)
MISC ----> # 22 10 28 250
================================================================================
NOTES:
# LAST OF SEVERAL OCCURRENCES
COLUMN 17 PEAK WIND IN M.P.H.
PRELIMINARY LOCAL CLIMATOLOGICAL DATA (WS FORM: F-6) , PAGE 2
STATION: ALPINE-CASPARIS MUNICIPAL
MONTH: OCTOBER
YEAR: 2020
LATITUDE: 30 23 N
LONGITUDE: 103 41 W
[TEMPERATURE DATA] [PRECIPITATION DATA] SYMBOLS USED IN COLUMN 16
AVERAGE MONTHLY: 65.6 TOTAL FOR MONTH: M 1 = FOG OR MIST
DPTR FM NORMAL: 0.0 DPTR FM NORMAL: M 2 = FOG REDUCING VISIBILITY
HIGHEST: 93 ON 10 GRTST 24HR M ON M TO 1/4 MILE OR LESS
LOWEST: 22 ON 28 3 = THUNDER
SNOW, ICE PELLETS, HAIL 4 = ICE PELLETS
TOTAL MONTH: M 5 = HAIL
GRTST 24HR M ON M 6 = FREEZING RAIN OR DRIZZLE
GRTST DEPTH: M ON M 7 = DUSTSTORM OR SANDSTORM:
VSBY 1/2 MILE OR LESS
8 = SMOKE OR HAZE
[NO. OF DAYS WITH] [WEATHER - DAYS WITH] 9 = BLOWING SNOW
X = TORNADO
MAX 32 OR BELOW: 1 0.01 INCH OR MORE: 0
MAX 90 OR ABOVE: 8 0.10 INCH OR MORE: 0
MIN 32 OR BELOW: 3 0.50 INCH OR MORE: 0
MIN 0 OR BELOW: 0 1.00 INCH OR MORE: 0
[HDD (BASE 65) ]
TOTAL THIS MO. 136 CLEAR (SCALE 0-3) 29
DPTR FM NORMAL M PTCLDY (SCALE 4-7) 0
TOTAL FM JUL 1 181 CLOUDY (SCALE 8-10) 2
DPTR FM NORMAL M
[CDD (BASE 65) ]
TOTAL THIS MO. 163
DPTR FM NORMAL M [PRESSURE DATA]
TOTAL FM JAN 1 2247 HIGHEST SLP M ON M
DPTR FM NORMAL M LOWEST SLP M ON M
[REMARKS]
#FINAL-10-20#